{"id":7273,"date":"2024-08-11T12:45:59","date_gmt":"2024-08-11T12:45:59","guid":{"rendered":"https:\/\/pracek.si\/ekrani-za-prenosnike\/?post_type=product&#038;p=7273"},"modified":"2025-09-01T09:33:47","modified_gmt":"2025-09-01T09:33:47","slug":"17-fhd-ips-matiran-lcd-zaslon-30-pin-brez-nosilca-zdruzljiv-z-n173hce-e3a-popolnoma-nov","status":"publish","type":"product","link":"https:\/\/pracek.si\/ekrani-za-prenosnike\/product\/17-fhd-ips-matiran-lcd-zaslon-30-pin-brez-nosilca-zdruzljiv-z-n173hce-e3a-popolnoma-nov\/","title":{"rendered":"17&#8243; FHD IPS matiran LCD zaslon 30-Pin, brez nosilca, zdru\u017eljiv z N173HCE-E3A, popolnoma nov"},"content":{"rendered":"<p><strong>Dejanski model: NV173FHM-N49 v8.0 \/ NV173FHM-N4L \/ N173HCE-E3C<\/strong><\/p>\n<p>Izbolj\u0161ajte zaslon svojega prenosnika z na\u0161im inovativnim 17-pal\u010dnim Full HD IPS matiranim ekranom, izjemno izbiro za uporabnike, ki \u017eelijo nadgraditi svojo vizualno izku\u0161njo. Prilagojen za model N173HCE-E3A, ta LCD zaslon prina\u0161a visoko lo\u010dljivost, izbolj\u0161ano barvno natan\u010dnost in matirano povr\u0161ino brez odsevov za neprekosljivo izku\u0161njo gledanja.<\/p>\n<p><strong>Klju\u010dne zna\u010dilnosti:<\/strong><\/p>\n<p><strong>Full HD lo\u010dljivost:<\/strong> Potopite se v svet \u017eivih barv in kristalno \u010distih slik z lo\u010dljivostjo Full HD (1920&#215;1080), popolno tako za delo kot za zabavo.<br \/>\n<strong>IPS tehnologija:<\/strong> Izkoristite \u0161iroke vidne kote in enotne barve s tehnologijo IPS, ki zagotavlja, da bo va\u0161 LCD zaslon videti odli\u010dno ne glede na kot gledanja.<br \/>\n<strong>Matirana povr\u0161ina:<\/strong> Poslovite se od ble\u0161\u010danja z na\u0161im matiranim zaslonom, zasnovanim za zmanj\u0161anje odsevov in enostavno vidljivost zaslona v vseh svetlobnih pogojih.<br \/>\n<strong>Enostavna povezava:<\/strong> Z 30-pinskim priklju\u010dkom je ta LCD zaslon zasnovan za enostaven postopek namestitve, brez zapletov z nosilci.<br \/>\n<strong>Zasnovan za zdru\u017eljivost:<\/strong> Posebej prilagojen za model N173HCE-E3A, kar zagotavlja brezhibno prileganje in optimalno funkcionalnost.<\/p>\n<p>Ne glede na to, ali ste profesionalec, ki i\u0161\u010de natan\u010dnost in podrobnosti pri delu, ali igralec, ki si \u017eeli ostre in \u017eivahne igre, na\u0161 17-pal\u010dni FHD IPS matiran ekran je nadgradnja, ki jo va\u0161 prenosnik potrebuje. Sprejmite prihodnost zaslonske tehnologije \u017ee danes in preoblikujte svojo izku\u0161njo gledanja z na\u0161im zaslonom brez nosilca, ki ga je enostavno namestiti in ponuja osupljive vizualne u\u010dinke.<\/p>\n","protected":false},"excerpt":{"rendered":"<p>Odkrijte jasnost in vsestranskost na\u0161ega popolnoma novega 17-pal\u010dnega Full HD IPS matiranega zaslona, prilagojenega za popolno zdru\u017eljivost z modelom N173HCE-E3A. Ta vrhunski ekran brez nosilca se pona\u0161a s 30-pinsko povezavo, kar ga naredi idealen za nadgradnjo z izbolj\u0161ano vizualno izku\u0161njo brez odsevov, zasnovan za enostavno integracijo in vrhunski u\u017eitek pri gledanju.<\/p>\n","protected":false},"featured_media":7283,"template":"","meta":[],"product_brand":[],"product_cat":[52],"product_tag":[],"class_list":{"0":"post-7273","1":"product","2":"type-product","3":"status-publish","4":"has-post-thumbnail","6":"product_cat-17-3","8":"first","9":"instock","10":"taxable","11":"shipping-taxable","12":"purchasable","13":"product-type-simple"},"_links":{"self":[{"href":"https:\/\/pracek.si\/ekrani-za-prenosnike\/wp-json\/wp\/v2\/product\/7273","targetHints":{"allow":["GET"]}}],"collection":[{"href":"https:\/\/pracek.si\/ekrani-za-prenosnike\/wp-json\/wp\/v2\/product"}],"about":[{"href":"https:\/\/pracek.si\/ekrani-za-prenosnike\/wp-json\/wp\/v2\/types\/product"}],"wp:featuredmedia":[{"embeddable":true,"href":"https:\/\/pracek.si\/ekrani-za-prenosnike\/wp-json\/wp\/v2\/media\/7283"}],"wp:attachment":[{"href":"https:\/\/pracek.si\/ekrani-za-prenosnike\/wp-json\/wp\/v2\/media?parent=7273"}],"wp:term":[{"taxonomy":"product_brand","embeddable":true,"href":"https:\/\/pracek.si\/ekrani-za-prenosnike\/wp-json\/wp\/v2\/product_brand?post=7273"},{"taxonomy":"product_cat","embeddable":true,"href":"https:\/\/pracek.si\/ekrani-za-prenosnike\/wp-json\/wp\/v2\/product_cat?post=7273"},{"taxonomy":"product_tag","embeddable":true,"href":"https:\/\/pracek.si\/ekrani-za-prenosnike\/wp-json\/wp\/v2\/product_tag?post=7273"}],"curies":[{"name":"wp","href":"https:\/\/api.w.org\/{rel}","templated":true}]}}