{"id":7369,"date":"2024-08-14T10:30:18","date_gmt":"2024-08-14T10:30:18","guid":{"rendered":"https:\/\/pracek.si\/ekrani-za-prenosnike\/?post_type=product&#038;p=7369"},"modified":"2025-08-26T07:35:01","modified_gmt":"2025-08-26T07:35:01","slug":"14-fhd-ips-matiran-lcd-zaslon-lp140wf6-sph1-30-pinski-edp-prikljucek-nov","status":"publish","type":"product","link":"https:\/\/pracek.si\/ekrani-za-prenosnike\/product\/14-fhd-ips-matiran-lcd-zaslon-lp140wf6-sph1-30-pinski-edp-prikljucek-nov\/","title":{"rendered":"14&#8243; FHD IPS matiran LCD zaslon LP140WF6-SPH1, 30-pinski eDP priklju\u010dek, nov"},"content":{"rendered":"<p><strong>Dejanski model ekrana za prenosnik: LP140WF8-SPFA \/ B140HAN01.1 \/ B140HAN04.0 \/ NV140FHM-N46 s pritrdilnimi nosilci \u2013 Popolnoma zdru\u017eljiv z modelom LP140WF6-SPH1<br \/>\n<\/strong><\/p>\n<p>Nadgradite zaslon va\u0161ega prenosnika z LCD zaslonom LP140WF6-SPH1 (SP)(H1) velikosti 14\u2033. Ta visokokakovostni nadomestni ekran ponuja Full HD (1920\u00d71080) lo\u010dljivost, ki zagotavlja ostro in jasno sliko z osupljivimi podrobnostmi. Tehnologija In-Plane Switching (IPS) poskrbi za \u017eivahne barve in \u0161iroke vidne kote, kar je idealno za vse va\u0161e ra\u010dunalni\u0161ke potrebe. Matirana povr\u0161ina zmanj\u0161a ble\u0161\u010danje, kar omogo\u010da udobno uporabo tako v zaprtih prostorih kot na prostem.<\/p>\n<p>LCD zaslon je opremljen s 30-pinskim eDP priklju\u010dkom, zaradi \u010desar je zdru\u017eljiv s \u0161tevilnimi modeli prenosnikov. 14-pal\u010dni ekran je odli\u010dna izbira za tiste, ki potrebujejo ravnote\u017eje med velikostjo zaslona in prenosljivostjo. Ne glede na to, ali ste \u0161tudent, profesionalec ali obi\u010dajen uporabnik, vam bo ta zaslon izbolj\u0161al izku\u0161njo z va\u0161im prenosnikom s svojo vrhunsko zmogljivostjo in trpe\u017enostjo.<\/p>\n<p>Namestitev je enostavna, zaslon pa je zasnovan tako, da se brezhibno prilega va\u0161i obstoje\u010di konfiguraciji. LP140WF6-SPH1 je povsem nov, kar zagotavlja, da boste prejeli izdelek brez kakr\u0161nih koli napak, pripravljen na najbolj\u0161o mo\u017eno vizualno izku\u0161njo.<\/p>\n<p>\u00a0<\/p>\n<p>\u00a0<\/p>\n","protected":false},"excerpt":{"rendered":"<div class=\"flex max-w-full flex-col flex-grow\">\n<div class=\"min-h-[20px] text-message flex w-full flex-col items-end gap-2 whitespace-pre-wrap break-words [.text-message+&amp;]:mt-5 overflow-x-auto\" dir=\"auto\" data-message-author-role=\"assistant\" data-message-id=\"f1a48d23-9410-4f1d-9304-51a343289726\">\n<div class=\"flex w-full flex-col gap-1 empty:hidden first:pt-[3px]\">\n<div class=\"markdown prose w-full break-words dark:prose-invert light\">\n<p>Izbolj\u0161ajte svojo vizualno izku\u0161njo z LCD zaslonom LP140WF6-SPH1 velikosti 14&#8243; FHD IPS. Z 30-pinskim eDP priklju\u010dkom vam nov ekran prina\u0161a \u017eivahne barve in \u0161iroke vidne kote, kar je idealno za nadgradnjo zaslona va\u0161ega prenosnika.<\/p>\n<\/div>\n<\/div>\n<\/div>\n<\/div>\n<div class=\"mt-1 flex gap-3 empty:hidden -ml-2\">\n<div class=\"items-center justify-start rounded-xl p-1 flex\">\n<div class=\"flex items-center\"><\/div>\n<\/div>\n<\/div>\n","protected":false},"featured_media":7354,"template":"","meta":[],"product_brand":[],"product_cat":[51],"product_tag":[],"class_list":{"0":"post-7369","1":"product","2":"type-product","3":"status-publish","4":"has-post-thumbnail","6":"product_cat-51","8":"first","9":"instock","10":"taxable","11":"shipping-taxable","12":"purchasable","13":"product-type-simple"},"_links":{"self":[{"href":"https:\/\/pracek.si\/ekrani-za-prenosnike\/wp-json\/wp\/v2\/product\/7369","targetHints":{"allow":["GET"]}}],"collection":[{"href":"https:\/\/pracek.si\/ekrani-za-prenosnike\/wp-json\/wp\/v2\/product"}],"about":[{"href":"https:\/\/pracek.si\/ekrani-za-prenosnike\/wp-json\/wp\/v2\/types\/product"}],"wp:featuredmedia":[{"embeddable":true,"href":"https:\/\/pracek.si\/ekrani-za-prenosnike\/wp-json\/wp\/v2\/media\/7354"}],"wp:attachment":[{"href":"https:\/\/pracek.si\/ekrani-za-prenosnike\/wp-json\/wp\/v2\/media?parent=7369"}],"wp:term":[{"taxonomy":"product_brand","embeddable":true,"href":"https:\/\/pracek.si\/ekrani-za-prenosnike\/wp-json\/wp\/v2\/product_brand?post=7369"},{"taxonomy":"product_cat","embeddable":true,"href":"https:\/\/pracek.si\/ekrani-za-prenosnike\/wp-json\/wp\/v2\/product_cat?post=7369"},{"taxonomy":"product_tag","embeddable":true,"href":"https:\/\/pracek.si\/ekrani-za-prenosnike\/wp-json\/wp\/v2\/product_tag?post=7369"}],"curies":[{"name":"wp","href":"https:\/\/api.w.org\/{rel}","templated":true}]}}