{"id":7460,"date":"2024-08-22T13:58:05","date_gmt":"2024-08-22T13:58:05","guid":{"rendered":"https:\/\/pracek.si\/ekrani-za-prenosnike\/?post_type=product&#038;p=7460"},"modified":"2025-09-11T09:06:53","modified_gmt":"2025-09-11T09:06:53","slug":"17-3-lcd-zaslon-n173hce-e31-fhd-ips-144hz-40pin-mat-nov","status":"publish","type":"product","link":"https:\/\/pracek.si\/ekrani-za-prenosnike\/product\/17-3-lcd-zaslon-n173hce-e31-fhd-ips-144hz-40pin-mat-nov\/","title":{"rendered":"17.3&#8243; LCD zaslon N173HCE-E31 FHD IPS 144Hz 40pin mat nov"},"content":{"rendered":"<p><strong>Dejanski model ekrana: N173HCE-G33 REV C1 \/ NV173FHM-NY2 v8.1 \u2013 popolnoma zdru\u017eljiv z LCD zasloni N173HCE-E31 E3A E3B E3C E41 G32 G3A G3C GA1 GA2<\/strong><\/p>\n<p>LCD zaslon N173HCE-E31 je vrhunska izbira za izbolj\u0161anje zmogljivosti prikaza na va\u0161em prenosniku. Velik 17,3-pal\u010dni mat ekran ponuja Full HD lo\u010dljivost (1920&#215;1080), ki zagotavlja ostro in \u017eivahno sliko. IPS tehnologija omogo\u010da \u0161iroke kote gledanja in natan\u010dno reprodukcijo barv, kar je idealno za ustvarjalno delo, igranje iger in u\u017eivanje v multimedijskih vsebinah.<\/p>\n<p>Posebnost tega ekrana je njegova impresivna osve\u017eevalna hitrost 144Hz, ki zagotavlja izjemno gladko gibanje, popolno za igranje iger ali kateri koli vsebini z visoko hitrostjo. Zaslon je opremljen s 40-pinskim eDP priklju\u010dkom, ki omogo\u010da enostavno zdru\u017eljivost z razli\u010dnimi prenosniki. Za razliko od drugih zaslonov ta model ne potrebuje zgornjih in spodnjih nosilcev za namestitev, saj so prilo\u017eeni obojestranski lepilni trakovi, ki zagotavljajo varno in preprosto namestitev.<\/p>\n<p>Popolnoma nov in v brezhibnem stanju, je N173HCE-E31 odli\u010den za vse, ki \u017eelijo izbolj\u0161ati prikaz na svojem prenosniku. Ne glede na to, ali ste igralec, oblikovalec ali preprosto nekdo, ki ceni visokokakovostno vizualno izku\u0161njo, ta LCD zaslon ponuja zmogljivost in zanesljivost, ki ju potrebujete.<\/p>\n","protected":false},"excerpt":{"rendered":"<p>Izbolj\u0161ajte prikaz na svojem prenosniku z LCD zaslonom N173HCE-E31. Ta 17,3-pal\u010dni mat ekran ponuja Full HD lo\u010dljivost, IPS tehnologijo in 144Hz osve\u017eevalno hitrost za gladke vizualne prikaze. Zaslon je opremljen s 40-pinskim eDP priklju\u010dkom, v paketu pa so prilo\u017eeni tudi obojestranski lepilni trakovi za varno namestitev. Popolnoma nov zaslon je kot nala\u0161\u010d za visokozmogljive ra\u010dunalnike.<\/p>\n<h3><\/h3>\n","protected":false},"featured_media":7459,"template":"","meta":[],"product_brand":[],"product_cat":[52],"product_tag":[],"class_list":{"0":"post-7460","1":"product","2":"type-product","3":"status-publish","4":"has-post-thumbnail","6":"product_cat-17-3","8":"first","9":"instock","10":"taxable","11":"shipping-taxable","12":"purchasable","13":"product-type-simple"},"_links":{"self":[{"href":"https:\/\/pracek.si\/ekrani-za-prenosnike\/wp-json\/wp\/v2\/product\/7460","targetHints":{"allow":["GET"]}}],"collection":[{"href":"https:\/\/pracek.si\/ekrani-za-prenosnike\/wp-json\/wp\/v2\/product"}],"about":[{"href":"https:\/\/pracek.si\/ekrani-za-prenosnike\/wp-json\/wp\/v2\/types\/product"}],"wp:featuredmedia":[{"embeddable":true,"href":"https:\/\/pracek.si\/ekrani-za-prenosnike\/wp-json\/wp\/v2\/media\/7459"}],"wp:attachment":[{"href":"https:\/\/pracek.si\/ekrani-za-prenosnike\/wp-json\/wp\/v2\/media?parent=7460"}],"wp:term":[{"taxonomy":"product_brand","embeddable":true,"href":"https:\/\/pracek.si\/ekrani-za-prenosnike\/wp-json\/wp\/v2\/product_brand?post=7460"},{"taxonomy":"product_cat","embeddable":true,"href":"https:\/\/pracek.si\/ekrani-za-prenosnike\/wp-json\/wp\/v2\/product_cat?post=7460"},{"taxonomy":"product_tag","embeddable":true,"href":"https:\/\/pracek.si\/ekrani-za-prenosnike\/wp-json\/wp\/v2\/product_tag?post=7460"}],"curies":[{"name":"wp","href":"https:\/\/api.w.org\/{rel}","templated":true}]}}