{"id":7505,"date":"2024-08-28T13:57:36","date_gmt":"2024-08-28T13:57:36","guid":{"rendered":"https:\/\/pracek.si\/ekrani-za-prenosnike\/?post_type=product&#038;p=7505"},"modified":"2025-03-31T12:14:45","modified_gmt":"2025-03-31T12:14:45","slug":"lp140wf7-spc1-lcd-zaslon-14-fhd-ips-edp-30pin-z-lepilom-novi","status":"publish","type":"product","link":"https:\/\/pracek.si\/ekrani-za-prenosnike\/product\/lp140wf7-spc1-lcd-zaslon-14-fhd-ips-edp-30pin-z-lepilom-novi\/","title":{"rendered":"LP140WF7 SPC1 LCD zaslon 14&#8243; FHD IPS eDP 30pin z lepilom Novi"},"content":{"rendered":"<p><strong>Dejanski model ekrana: MB140SC01-4 VER 1.3 ali <span data-sheets-root=\"1\">N140HCA-EAC REV. C4<\/span> \u2013 popolnoma zdru\u017eljiv z LCD zaslonom za prenosnik LP140WF7 SPC1<\/strong><\/p>\n<p>Izbolj\u0161ajte prikaz na svojem prenosniku z LCD zaslonom LP140WF7 SPC1 14\u2033, zasnovanim za izjemno vizualno zmogljivost in vzdr\u017eljivost. Ta zaslon ponuja lo\u010dljivost Full HD (1920\u00d71080), ki zagotavlja ostre in \u017eivahne slike ter izbolj\u0161a va\u0161o izku\u0161njo gledanja. Tehnologija IPS zagotavlja dosledne in natan\u010dne barve ter \u0161iroke kote gledanja, kar ga naredi idealnega tako za delo kot za zabavo.<\/p>\n<p>Mat povr\u0161ina zmanj\u0161uje ble\u0161\u010danje, kar vam omogo\u010da udobno delo v razli\u010dnih svetlobnih pogojih. Povezava eDP 30-pin zagotavlja varno in stabilno povezavo z va\u0161o napravo. Zaslon je enostaven za namestitev z vklju\u010denimi obojestranskimi lepilnimi trakovi, kar omogo\u010da enostavno zamenjavo ali nadgradnjo.<\/p>\n<p>Prosimo, upo\u0161tevajte, da ta zaslon ne vklju\u010duje zgornjih in spodnjih nosilcev. Zaslon je popolnoma nov, kar zagotavlja, da prejmete izdelek v popolnem stanju, pripravljen za takoj\u0161njo namestitev in uporabo.<\/p>\n","protected":false},"excerpt":{"rendered":"<p>Nadgradite svoj prenosnik z LCD zaslonom LP140WF7 SPC1 14&#8243;. Z lo\u010dljivostjo FHD IPS, mat povr\u0161ino in eDP 30-pinsko povezavo zagotavlja osupljive vizualne u\u010dinke. Prilo\u017eeni so obojestranski lepilni trakovi za enostavno namestitev. Stanje: novo.<\/p>\n","protected":false},"featured_media":8110,"template":"","meta":[],"product_brand":[],"product_cat":[51],"product_tag":[],"class_list":{"0":"post-7505","1":"product","2":"type-product","3":"status-publish","4":"has-post-thumbnail","6":"product_cat-51","8":"first","9":"instock","10":"taxable","11":"shipping-taxable","12":"purchasable","13":"product-type-simple"},"_links":{"self":[{"href":"https:\/\/pracek.si\/ekrani-za-prenosnike\/wp-json\/wp\/v2\/product\/7505","targetHints":{"allow":["GET"]}}],"collection":[{"href":"https:\/\/pracek.si\/ekrani-za-prenosnike\/wp-json\/wp\/v2\/product"}],"about":[{"href":"https:\/\/pracek.si\/ekrani-za-prenosnike\/wp-json\/wp\/v2\/types\/product"}],"wp:featuredmedia":[{"embeddable":true,"href":"https:\/\/pracek.si\/ekrani-za-prenosnike\/wp-json\/wp\/v2\/media\/8110"}],"wp:attachment":[{"href":"https:\/\/pracek.si\/ekrani-za-prenosnike\/wp-json\/wp\/v2\/media?parent=7505"}],"wp:term":[{"taxonomy":"product_brand","embeddable":true,"href":"https:\/\/pracek.si\/ekrani-za-prenosnike\/wp-json\/wp\/v2\/product_brand?post=7505"},{"taxonomy":"product_cat","embeddable":true,"href":"https:\/\/pracek.si\/ekrani-za-prenosnike\/wp-json\/wp\/v2\/product_cat?post=7505"},{"taxonomy":"product_tag","embeddable":true,"href":"https:\/\/pracek.si\/ekrani-za-prenosnike\/wp-json\/wp\/v2\/product_tag?post=7505"}],"curies":[{"name":"wp","href":"https:\/\/api.w.org\/{rel}","templated":true}]}}