{"id":7511,"date":"2024-08-28T17:09:30","date_gmt":"2024-08-28T17:09:30","guid":{"rendered":"https:\/\/pracek.si\/ekrani-za-prenosnike\/?post_type=product&#038;p=7511"},"modified":"2026-02-17T11:44:34","modified_gmt":"2026-02-17T11:44:34","slug":"14-lcd-zaslon-lenovo-t14-gen-1-p14s-t14s-mat-fhd-ips-edp-30pin-nov","status":"publish","type":"product","link":"https:\/\/pracek.si\/ekrani-za-prenosnike\/product\/14-lcd-zaslon-lenovo-t14-gen-1-p14s-t14s-mat-fhd-ips-edp-30pin-nov\/","title":{"rendered":"14&#8243; LCD zaslon Lenovo T14 Gen 1 P14s T14s Mat FHD IPS eDP 30pin Nov"},"content":{"rendered":"<p><strong>Dejanski model ekrana: MB140SC01-4 VER 1.3 ali <span data-sheets-root=\"1\">N140HCA-EAC REV. C4<\/span> \u2013 popolnoma zdru\u017eljiv z LCD zaslonom za prenosnik Lenovo ThinkPad T14 Gen 1 P14s Gen 1 T14s<\/strong><\/p>\n<p>Izbolj\u0161ajte svoj Lenovo ThinkPad T14 Gen 1, P14s Gen 1 ali T14s prenosnik s tem visokokakovostnim 14&#8243; LCD zaslonom, zasnovanim za izjemno jasnost in zmogljivost. Z lo\u010dljivostjo Full HD (1920&#215;1080) ta zaslon prina\u0161a ostre in \u017eivahne slike, kar vam bo olaj\u0161alo vsakodnevna opravila in izbolj\u0161alo multimedijsko izku\u0161njo. IPS tehnologija zagotavlja dosledno reprodukcijo barv in \u0161iroke kote gledanja, medtem ko mat zaklju\u010dek zmanj\u0161uje ble\u0161\u010danje, kar omogo\u010da udobno uporabo v razli\u010dnih svetlobnih pogojih.<\/p>\n<p>Zaslon se povezuje prek eDP 30-pinskega vmesnika, ki zagotavlja varno in zanesljivo povezavo z va\u0161o napravo. Poleg tega so prilo\u017eeni obojestranski lepilni trakovi, ki omogo\u010dajo enostavno namestitev brez potrebe po dodatnih orodjih ali pripomo\u010dkih.<\/p>\n<p>Ta LCD zaslon je v popolnoma novem stanju in prihaja brez zgornjih in spodnjih nosilcev. Je popolna re\u0161itev za tiste, ki \u017eelijo obnoviti ali nadgraditi zaslon svojega prenosnika, saj nudi kakovost in vzdr\u017eljivost.<\/p>\n","protected":false},"excerpt":{"rendered":"<p>Nadgradite svoj Lenovo ThinkPad T14 Gen 1, P14s Gen 1 ali T14s z 14&#8243; mat LCD zaslonom. Pona\u0161a se s FHD IPS kakovostjo prikaza, eDP 30-pinsko povezavo, prilo\u017eenimi obojestranskimi lepilnimi trakovi za enostavno namestitev. Stanje: novo.<\/p>\n","protected":false},"featured_media":8110,"template":"","meta":[],"product_brand":[],"product_cat":[51],"product_tag":[60],"class_list":{"0":"post-7511","1":"product","2":"type-product","3":"status-publish","4":"has-post-thumbnail","6":"product_cat-51","7":"product_tag-lenovo","9":"first","10":"instock","11":"taxable","12":"shipping-taxable","13":"purchasable","14":"product-type-simple"},"_links":{"self":[{"href":"https:\/\/pracek.si\/ekrani-za-prenosnike\/wp-json\/wp\/v2\/product\/7511","targetHints":{"allow":["GET"]}}],"collection":[{"href":"https:\/\/pracek.si\/ekrani-za-prenosnike\/wp-json\/wp\/v2\/product"}],"about":[{"href":"https:\/\/pracek.si\/ekrani-za-prenosnike\/wp-json\/wp\/v2\/types\/product"}],"wp:featuredmedia":[{"embeddable":true,"href":"https:\/\/pracek.si\/ekrani-za-prenosnike\/wp-json\/wp\/v2\/media\/8110"}],"wp:attachment":[{"href":"https:\/\/pracek.si\/ekrani-za-prenosnike\/wp-json\/wp\/v2\/media?parent=7511"}],"wp:term":[{"taxonomy":"product_brand","embeddable":true,"href":"https:\/\/pracek.si\/ekrani-za-prenosnike\/wp-json\/wp\/v2\/product_brand?post=7511"},{"taxonomy":"product_cat","embeddable":true,"href":"https:\/\/pracek.si\/ekrani-za-prenosnike\/wp-json\/wp\/v2\/product_cat?post=7511"},{"taxonomy":"product_tag","embeddable":true,"href":"https:\/\/pracek.si\/ekrani-za-prenosnike\/wp-json\/wp\/v2\/product_tag?post=7511"}],"curies":[{"name":"wp","href":"https:\/\/api.w.org\/{rel}","templated":true}]}}