{"id":7518,"date":"2024-08-29T18:30:29","date_gmt":"2024-08-29T18:30:29","guid":{"rendered":"https:\/\/pracek.si\/ekrani-za-prenosnike\/?post_type=product&#038;p=7518"},"modified":"2025-03-31T12:15:01","modified_gmt":"2025-03-31T12:15:01","slug":"hp-14-dq1043cl-14-fhd-ips-mat-lcd-zaslon-edp-30pin-z-lepilom-nov","status":"publish","type":"product","link":"https:\/\/pracek.si\/ekrani-za-prenosnike\/product\/hp-14-dq1043cl-14-fhd-ips-mat-lcd-zaslon-edp-30pin-z-lepilom-nov\/","title":{"rendered":"HP 14-dq1043cl 14&#8243; FHD IPS Mat LCD Zaslon eDP 30pin z lepilom Nov"},"content":{"rendered":"<p><strong>Dejanski model ekrana: MB140SC01-4 VER 1.3 ali <span data-sheets-root=\"1\">N140HCA-EAC REV. C4<\/span> \u2013 popolnoma zdru\u017eljiv z LCD zaslonom za prenosnik HP 14-dq1043cl 14-dq1033cl<\/strong><\/p>\n<p>Izbolj\u0161ajte svoj prenosnik HP 14-dq1043cl ali 14-dq1033cl s tem visokokakovostnim 14&#8243; LCD zaslonom, zasnovanim za tiste, ki cenijo jasne in \u017eivahne prikaze. Zaslon se pona\u0161a z lo\u010dljivostjo Full HD (1920&#215;1080), kar zagotavlja ostre in \u017eivahne slike, ki o\u017eivijo va\u0161o vsebino. S tehnologijo IPS boste u\u017eivali v doslednih barvah in \u0161irokih vidnih kotih, zaradi \u010desar je idealen tako za delo kot zabavo.<\/p>\n<p>Matirana povr\u0161ina zaslona zmanj\u0161uje ble\u0161\u010danje, kar omogo\u010da udobno gledanje v razli\u010dnih svetlobnih pogojih. 30-pinski eDP priklju\u010dek zagotavlja varno in zanesljivo povezavo z va\u0161im prenosnikom, medtem ko prilo\u017eeni obojestranski lepilni trakovi omogo\u010dajo hitro in enostavno namestitev.<\/p>\n<p>Ta zaslon je odli\u010den nadomestek za po\u0161kodovan ali pokvarjen zaslon, saj povrne va\u0161emu prenosniku poln vizualni potencial. Prosimo, upo\u0161tevajte, da ta zaslon prihaja brez zgornjih in spodnjih nosilcev. Je v popolnoma novem stanju, kar zagotavlja sve\u017e in brezhiben sestavni del za va\u0161o napravo.<\/p>\n","protected":false},"excerpt":{"rendered":"<p>Nadgradite svoj prenosnik HP 14-dq1043cl ali 14-dq1033cl z novim 14&#8243; matiranim FHD IPS LCD zaslonom. Vklju\u010duje 30-pinski eDP priklju\u010dek in obojestranske lepilne trakove za enostavno namestitev. Stanje: novo.<\/p>\n","protected":false},"featured_media":8110,"template":"","meta":[],"product_brand":[],"product_cat":[51],"product_tag":[62],"class_list":{"0":"post-7518","1":"product","2":"type-product","3":"status-publish","4":"has-post-thumbnail","6":"product_cat-51","7":"product_tag-hp","9":"first","10":"instock","11":"taxable","12":"shipping-taxable","13":"purchasable","14":"product-type-simple"},"_links":{"self":[{"href":"https:\/\/pracek.si\/ekrani-za-prenosnike\/wp-json\/wp\/v2\/product\/7518","targetHints":{"allow":["GET"]}}],"collection":[{"href":"https:\/\/pracek.si\/ekrani-za-prenosnike\/wp-json\/wp\/v2\/product"}],"about":[{"href":"https:\/\/pracek.si\/ekrani-za-prenosnike\/wp-json\/wp\/v2\/types\/product"}],"wp:featuredmedia":[{"embeddable":true,"href":"https:\/\/pracek.si\/ekrani-za-prenosnike\/wp-json\/wp\/v2\/media\/8110"}],"wp:attachment":[{"href":"https:\/\/pracek.si\/ekrani-za-prenosnike\/wp-json\/wp\/v2\/media?parent=7518"}],"wp:term":[{"taxonomy":"product_brand","embeddable":true,"href":"https:\/\/pracek.si\/ekrani-za-prenosnike\/wp-json\/wp\/v2\/product_brand?post=7518"},{"taxonomy":"product_cat","embeddable":true,"href":"https:\/\/pracek.si\/ekrani-za-prenosnike\/wp-json\/wp\/v2\/product_cat?post=7518"},{"taxonomy":"product_tag","embeddable":true,"href":"https:\/\/pracek.si\/ekrani-za-prenosnike\/wp-json\/wp\/v2\/product_tag?post=7518"}],"curies":[{"name":"wp","href":"https:\/\/api.w.org\/{rel}","templated":true}]}}