{"id":7526,"date":"2024-08-29T20:29:49","date_gmt":"2024-08-29T20:29:49","guid":{"rendered":"https:\/\/pracek.si\/ekrani-za-prenosnike\/?post_type=product&#038;p=7526"},"modified":"2025-03-31T12:15:46","modified_gmt":"2025-03-31T12:15:46","slug":"lenovo-ideapad-5-14alc05-14-matiran-fhd-ips-lcd-edp-30pin-nov-z-lepilom","status":"publish","type":"product","link":"https:\/\/pracek.si\/ekrani-za-prenosnike\/product\/lenovo-ideapad-5-14alc05-14-matiran-fhd-ips-lcd-edp-30pin-nov-z-lepilom\/","title":{"rendered":"Lenovo IdeaPad 5 14ALC05 14&#8243; Matiran FHD IPS LCD eDP 30pin Nov z lepilom"},"content":{"rendered":"<p><strong>Dejanski model ekrana: MB140SC01-4 VER 1.3 ali <span data-sheets-root=\"1\">N140HCA-EAC REV. C4<\/span> \u2013 popolnoma zdru\u017eljiv z LCD zaslonom za prenosnik Lenovo IdeaPad 5 14ALC05 82LM<\/strong><\/p>\n<p>Izbolj\u0161ajte svoj Lenovo IdeaPad 5 14ALC05 82LM z 14&#8243; matiranim LCD zaslonom, zasnovanim za vrhunsko vizualno jasnost in zmogljivost. Full HD (1920&#215;1080) lo\u010dljivost zagotavlja ostre in \u017eive slike, medtem ko tehnologija IPS omogo\u010da enakomerne barve in \u0161iroke kote gledanja, kar je idealno za vsakr\u0161no okolje. Matirana povr\u0161ina zmanj\u0161uje ble\u0161\u010danje, zaradi \u010desar je zaslon primeren za uporabo v razli\u010dnih svetlobnih pogojih.<\/p>\n<p>Ta ekran se varno pove\u017ee z va\u0161im prenosnikom preko eDP 30-pinskega vmesnika, kar zagotavlja stabilno in zanesljivo delovanje. Namestitev je preprosta z prilo\u017eenimi obojestranskimi lepilnimi trakovi, ki omogo\u010dajo hitro in enostavno zamenjavo zaslona. Ne glede na to, ali nadgrajujete ali zamenjujete po\u0161kodovan zaslon, je ta LCD zaslon zanesljiva in kakovostna izbira.<\/p>\n<p>Prosimo, upo\u0161tevajte, da ta zaslon prihaja brez zgornjih in spodnjih nosilcev. Zaslon je popolnoma nov, kar vam zagotavlja brezhiben izdelek, pripravljen za takoj\u0161njo uporabo.<\/p>\n","protected":false},"excerpt":{"rendered":"<p>Nadgradite svoj Lenovo IdeaPad 5 14ALC05 82LM z 14&#8243; matiranim FHD IPS LCD zaslonom. Povezava eDP 30-pin in prilo\u017eeni obojestranski lepilni trakovi za enostavno namestitev. Stanje: novo.<\/p>\n","protected":false},"featured_media":8110,"template":"","meta":[],"product_brand":[],"product_cat":[51],"product_tag":[60],"class_list":{"0":"post-7526","1":"product","2":"type-product","3":"status-publish","4":"has-post-thumbnail","6":"product_cat-51","7":"product_tag-lenovo","9":"first","10":"instock","11":"taxable","12":"shipping-taxable","13":"purchasable","14":"product-type-simple"},"_links":{"self":[{"href":"https:\/\/pracek.si\/ekrani-za-prenosnike\/wp-json\/wp\/v2\/product\/7526","targetHints":{"allow":["GET"]}}],"collection":[{"href":"https:\/\/pracek.si\/ekrani-za-prenosnike\/wp-json\/wp\/v2\/product"}],"about":[{"href":"https:\/\/pracek.si\/ekrani-za-prenosnike\/wp-json\/wp\/v2\/types\/product"}],"wp:featuredmedia":[{"embeddable":true,"href":"https:\/\/pracek.si\/ekrani-za-prenosnike\/wp-json\/wp\/v2\/media\/8110"}],"wp:attachment":[{"href":"https:\/\/pracek.si\/ekrani-za-prenosnike\/wp-json\/wp\/v2\/media?parent=7526"}],"wp:term":[{"taxonomy":"product_brand","embeddable":true,"href":"https:\/\/pracek.si\/ekrani-za-prenosnike\/wp-json\/wp\/v2\/product_brand?post=7526"},{"taxonomy":"product_cat","embeddable":true,"href":"https:\/\/pracek.si\/ekrani-za-prenosnike\/wp-json\/wp\/v2\/product_cat?post=7526"},{"taxonomy":"product_tag","embeddable":true,"href":"https:\/\/pracek.si\/ekrani-za-prenosnike\/wp-json\/wp\/v2\/product_tag?post=7526"}],"curies":[{"name":"wp","href":"https:\/\/api.w.org\/{rel}","templated":true}]}}