{"id":7556,"date":"2024-08-30T18:12:10","date_gmt":"2024-08-30T18:12:10","guid":{"rendered":"https:\/\/pracek.si\/ekrani-za-prenosnike\/?post_type=product&#038;p=7556"},"modified":"2025-09-11T11:11:24","modified_gmt":"2025-09-11T11:11:24","slug":"n156bga-ea2-rev-c1-lcd-zaslon-156-fhd-edp-30-pin-z-nosilci-nov","status":"publish","type":"product","link":"https:\/\/pracek.si\/ekrani-za-prenosnike\/product\/n156bga-ea2-rev-c1-lcd-zaslon-156-fhd-edp-30-pin-z-nosilci-nov\/","title":{"rendered":"N156BGA-EA2 REV. C1 LCD zaslon 15,6&#8243; FHD eDP 30-pin z nosilci Nov"},"content":{"rendered":"<p><strong><p>Trenutno na zalogi zaslon: NT156FHM-N41 \/ B156XW04 v.5 (enake specifikacije \/ popolnoma zdru\u017eljiv!)<\/p>\n<\/strong><\/p>\n<p>Izbolj\u0161ajte zaslon svojega prenosnika z LCD zaslonom N156BGA-EA2 REV. C1 velikosti 15,6&#8243;, zasnovanim za tiste, ki i\u0161\u010dejo kakovost in zanesljivost. Ta zaslon ponuja lo\u010dljivost Full HD (1920&#215;1080), ki zagotavlja ostre in jasne slike za vse va\u0161e potrebe, bodisi za delo, zabavo ali igranje iger. Matirani premaz zmanj\u0161a ble\u0161\u010danje, kar omogo\u010da udobno uporabo v razli\u010dnih svetlobnih pogojih.<\/p>\n<p>Ta zaslon ima 30-pinski eDP konektor, ki zagotavlja stabilno in varno povezavo z va\u0161o napravo. \u010ceprav ne gre za IPS zaslon, ta ne-IPS prikazovalnik nudi odli\u010dno ravnovesje med ceno in zmogljivostjo, zaradi \u010desar je prakti\u010dna izbira za \u0161tevilne uporabnike. Vklju\u010deni zgornji in spodnji nosilci omogo\u010dajo enostavno in varno namestitev.<\/p>\n<p>Ne glede na to, ali zamenjujete po\u0161kodovan zaslon ali nadgrajujete obstoje\u010dega, je N156BGA-EA2 REV. C1 zanesljiva izbira. Zaslon je v popolnoma novem stanju, kar zagotavlja, da bo prispel brezhiben in pripravljen za takoj\u0161njo namestitev.<\/p>\n","protected":false},"excerpt":{"rendered":"<p>Nadgradite svoj prenosnik z LCD zaslonom N156BGA-EA2 REV. C1 velikosti 15,6&#8243;. Z lo\u010dljivostjo FHD, matiranim premazom in eDP 30-pinsko povezavo je ta zaslon idealen za jasne in ostre slike. Vklju\u010duje zgornje in spodnje nosilce za enostavno namestitev. Stanje: novo.<\/p>\n","protected":false},"featured_media":7555,"template":"","meta":[],"product_brand":[],"product_cat":[50],"product_tag":[],"class_list":{"0":"post-7556","1":"product","2":"type-product","3":"status-publish","4":"has-post-thumbnail","6":"product_cat-15-6","8":"first","9":"instock","10":"taxable","11":"shipping-taxable","12":"purchasable","13":"product-type-simple"},"_links":{"self":[{"href":"https:\/\/pracek.si\/ekrani-za-prenosnike\/wp-json\/wp\/v2\/product\/7556","targetHints":{"allow":["GET"]}}],"collection":[{"href":"https:\/\/pracek.si\/ekrani-za-prenosnike\/wp-json\/wp\/v2\/product"}],"about":[{"href":"https:\/\/pracek.si\/ekrani-za-prenosnike\/wp-json\/wp\/v2\/types\/product"}],"wp:featuredmedia":[{"embeddable":true,"href":"https:\/\/pracek.si\/ekrani-za-prenosnike\/wp-json\/wp\/v2\/media\/7555"}],"wp:attachment":[{"href":"https:\/\/pracek.si\/ekrani-za-prenosnike\/wp-json\/wp\/v2\/media?parent=7556"}],"wp:term":[{"taxonomy":"product_brand","embeddable":true,"href":"https:\/\/pracek.si\/ekrani-za-prenosnike\/wp-json\/wp\/v2\/product_brand?post=7556"},{"taxonomy":"product_cat","embeddable":true,"href":"https:\/\/pracek.si\/ekrani-za-prenosnike\/wp-json\/wp\/v2\/product_cat?post=7556"},{"taxonomy":"product_tag","embeddable":true,"href":"https:\/\/pracek.si\/ekrani-za-prenosnike\/wp-json\/wp\/v2\/product_tag?post=7556"}],"curies":[{"name":"wp","href":"https:\/\/api.w.org\/{rel}","templated":true}]}}