{"id":7560,"date":"2024-08-30T19:37:24","date_gmt":"2024-08-30T19:37:24","guid":{"rendered":"https:\/\/pracek.si\/ekrani-za-prenosnike\/?post_type=product&#038;p=7560"},"modified":"2025-09-11T11:12:32","modified_gmt":"2025-09-11T11:12:32","slug":"b156xw04-v-7-lcd-zaslon-156-fhd-mat-edp-30-pin-z-nosilci-nov","status":"publish","type":"product","link":"https:\/\/pracek.si\/ekrani-za-prenosnike\/product\/b156xw04-v-7-lcd-zaslon-156-fhd-mat-edp-30-pin-z-nosilci-nov\/","title":{"rendered":"B156XW04 V.7 LCD zaslon 15,6&#8243; FHD Mat eDP 30-pin z nosilci Nov"},"content":{"rendered":"<p><strong><p>Trenutno na zalogi zaslon: NT156FHM-N41 \/ B156XW04 v.5 (enake specifikacije \/ popolnoma zdru\u017eljiv!)<\/p>\n<\/strong><\/p>\n<p>Izbolj\u0161ajte delovanje svojega prenosnika z LCD zaslonom B156XW04 V.7 velikosti 15,6&#8243;, ki je zasnovan za odli\u010dno vizualno kakovost in vzdr\u017eljivost. Ta zaslon se pona\u0161a z lo\u010dljivostjo Full HD (1920&#215;1080), kar omogo\u010da ostre in podrobne slike za bolj poglobljeno izku\u0161njo gledanja. Matirana povr\u0161ina zmanj\u0161uje ble\u0161\u010danje, zato je zaslon idealen za uporabo v razli\u010dnih svetlobnih pogojih, kar zagotavlja udobno gledanje.<\/p>\n<p>Ta LCD zaslon vklju\u010duje 30-pinsko eDP povezavo, kar zagotavlja varno in stabilno povezavo z va\u0161o napravo. Vklju\u010deni zgornji in spodnji nosilci poenostavijo postopek namestitve, kar omogo\u010da la\u017ejo zamenjavo starega zaslona. \u010ceprav ta zaslon ni IPS, \u0161e vedno ponuja zanesljivo delovanje in je popoln za vsakodnevna opravila.<\/p>\n<p>V popolnoma novem stanju je zaslon B156XW04 V.7 pripravljen izbolj\u0161ati va\u0161 prenosnik in vam zagotoviti kakovosten prikaz, ki ustreza va\u0161im potrebam.<\/p>\n","protected":false},"excerpt":{"rendered":"<p>Nadgradite zaslon svojega prenosnika z LCD zaslonom B156XW04 V.7 velikosti 15,6&#8243;. Zaslon ponuja FHD lo\u010dljivost, matirano povr\u0161ino in eDP 30-pinsko povezavo, kar zagotavlja jasne in \u017eivahne slike. Vklju\u010duje zgornje in spodnje nosilce za enostavno namestitev. Stanje: novo.<\/p>\n","protected":false},"featured_media":7555,"template":"","meta":[],"product_brand":[],"product_cat":[50],"product_tag":[],"class_list":{"0":"post-7560","1":"product","2":"type-product","3":"status-publish","4":"has-post-thumbnail","6":"product_cat-15-6","8":"first","9":"instock","10":"taxable","11":"shipping-taxable","12":"purchasable","13":"product-type-simple"},"_links":{"self":[{"href":"https:\/\/pracek.si\/ekrani-za-prenosnike\/wp-json\/wp\/v2\/product\/7560","targetHints":{"allow":["GET"]}}],"collection":[{"href":"https:\/\/pracek.si\/ekrani-za-prenosnike\/wp-json\/wp\/v2\/product"}],"about":[{"href":"https:\/\/pracek.si\/ekrani-za-prenosnike\/wp-json\/wp\/v2\/types\/product"}],"wp:featuredmedia":[{"embeddable":true,"href":"https:\/\/pracek.si\/ekrani-za-prenosnike\/wp-json\/wp\/v2\/media\/7555"}],"wp:attachment":[{"href":"https:\/\/pracek.si\/ekrani-za-prenosnike\/wp-json\/wp\/v2\/media?parent=7560"}],"wp:term":[{"taxonomy":"product_brand","embeddable":true,"href":"https:\/\/pracek.si\/ekrani-za-prenosnike\/wp-json\/wp\/v2\/product_brand?post=7560"},{"taxonomy":"product_cat","embeddable":true,"href":"https:\/\/pracek.si\/ekrani-za-prenosnike\/wp-json\/wp\/v2\/product_cat?post=7560"},{"taxonomy":"product_tag","embeddable":true,"href":"https:\/\/pracek.si\/ekrani-za-prenosnike\/wp-json\/wp\/v2\/product_tag?post=7560"}],"curies":[{"name":"wp","href":"https:\/\/api.w.org\/{rel}","templated":true}]}}