{"id":7570,"date":"2024-08-31T12:58:20","date_gmt":"2024-08-31T12:58:20","guid":{"rendered":"https:\/\/pracek.si\/ekrani-za-prenosnike\/?post_type=product&#038;p=7570"},"modified":"2025-09-11T11:14:37","modified_gmt":"2025-09-11T11:14:37","slug":"ltn156at37-l02-156-fhd-mat-lcd-zaslon-30pin-z-nosilci-nov","status":"publish","type":"product","link":"https:\/\/pracek.si\/ekrani-za-prenosnike\/product\/ltn156at37-l02-156-fhd-mat-lcd-zaslon-30pin-z-nosilci-nov\/","title":{"rendered":"LTN156AT37-L02 15,6&#8243; FHD mat LCD zaslon 30pin z nosilci Nov"},"content":{"rendered":"<p><strong><p>Trenutno na zalogi zaslon: NT156FHM-N41 \/ B156XW04 v.5 (enake specifikacije \/ popolnoma zdru\u017eljiv!)<\/p>\n<\/strong><\/p>\n<p>Izbolj\u0161ajte prikaz na svojem prenosniku z LCD zaslonom LTN156AT37-L02 velikosti 15,6\u2033, zasnovanim za vrhunsko zmogljivost in vizualno jasnost. Ta zaslon se pona\u0161a z lo\u010dljivostjo Full HD (1920\u00d71080), kar zagotavlja, da je vsak detajl kristalno jasen, kar je idealno tako za delo kot za zabavo. Tehnologija non-IPS ponuja zanesljivo delovanje z natan\u010dnimi barvami, medtem ko matirana povr\u0161ina zmanj\u0161uje ble\u0161\u010danje in omogo\u010da udobno gledanje v razli\u010dnih svetlobnih pogojih.<\/p>\n<p>Povezava z eDP 30-pinskim konektorjem zagotavlja stabilno in varno povezavo s prenosnikom, prilo\u017eeni zgornji in spodnji nosilci pa omogo\u010dajo enostavno in varno namestitev. Ne glede na to, ali zamenjujete po\u0161kodovan zaslon ali nadgrajujete za bolj\u0161o vizualno izku\u0161njo, je ta LCD zaslon idealna izbira.<\/p>\n<p>Zaslon je v popolnoma novem stanju, kar zagotavlja, da prejmete visokokakovosten izdelek, pripravljen za uporabo.<\/p>\n","protected":false},"excerpt":{"rendered":"<p>Nadgradite svoj prenosnik z LCD zaslonom LTN156AT37-L02 velikosti 15,6&#8243;. Z lo\u010dljivostjo Full HD, matiranim premazom in eDP 30-pinsko povezavo zagotavlja jasne in ostre slike. Vklju\u010duje zgornje in spodnje nosilce. Stanje: novo.<\/p>\n","protected":false},"featured_media":7555,"template":"","meta":[],"product_brand":[],"product_cat":[50],"product_tag":[],"class_list":{"0":"post-7570","1":"product","2":"type-product","3":"status-publish","4":"has-post-thumbnail","6":"product_cat-15-6","8":"first","9":"instock","10":"taxable","11":"shipping-taxable","12":"purchasable","13":"product-type-simple"},"_links":{"self":[{"href":"https:\/\/pracek.si\/ekrani-za-prenosnike\/wp-json\/wp\/v2\/product\/7570","targetHints":{"allow":["GET"]}}],"collection":[{"href":"https:\/\/pracek.si\/ekrani-za-prenosnike\/wp-json\/wp\/v2\/product"}],"about":[{"href":"https:\/\/pracek.si\/ekrani-za-prenosnike\/wp-json\/wp\/v2\/types\/product"}],"wp:featuredmedia":[{"embeddable":true,"href":"https:\/\/pracek.si\/ekrani-za-prenosnike\/wp-json\/wp\/v2\/media\/7555"}],"wp:attachment":[{"href":"https:\/\/pracek.si\/ekrani-za-prenosnike\/wp-json\/wp\/v2\/media?parent=7570"}],"wp:term":[{"taxonomy":"product_brand","embeddable":true,"href":"https:\/\/pracek.si\/ekrani-za-prenosnike\/wp-json\/wp\/v2\/product_brand?post=7570"},{"taxonomy":"product_cat","embeddable":true,"href":"https:\/\/pracek.si\/ekrani-za-prenosnike\/wp-json\/wp\/v2\/product_cat?post=7570"},{"taxonomy":"product_tag","embeddable":true,"href":"https:\/\/pracek.si\/ekrani-za-prenosnike\/wp-json\/wp\/v2\/product_tag?post=7570"}],"curies":[{"name":"wp","href":"https:\/\/api.w.org\/{rel}","templated":true}]}}