{"id":7574,"date":"2024-08-31T13:16:02","date_gmt":"2024-08-31T13:16:02","guid":{"rendered":"https:\/\/pracek.si\/ekrani-za-prenosnike\/?post_type=product&#038;p=7574"},"modified":"2025-09-11T11:14:57","modified_gmt":"2025-09-11T11:14:57","slug":"lenovo-5d10q90268-156-lcd-fhd-mat-edp-30pin-z-nosilci-nov","status":"publish","type":"product","link":"https:\/\/pracek.si\/ekrani-za-prenosnike\/product\/lenovo-5d10q90268-156-lcd-fhd-mat-edp-30pin-z-nosilci-nov\/","title":{"rendered":"Lenovo 5D10Q90268 15,6&#8243; LCD FHD Mat eDP 30pin z nosilci Nov"},"content":{"rendered":"<p><strong><p>Trenutno na zalogi zaslon: NT156FHM-N41 \/ B156XW04 v.5 (enake specifikacije \/ popolnoma zdru\u017eljiv!)<\/p>\n<\/strong><\/p>\n<p>Izbolj\u0161ajte prikaz na va\u0161em prenosniku z LCD zaslonom Lenovo 5D10Q90268 15,6\u2033. Ta visokokakovosten zaslon ponuja Full HD (1920\u00d71080) lo\u010dljivost, ki zagotavlja ostre in jasne slike za vse va\u0161e potrebe pri uporabi ra\u010dunalnika. Ne-IPS zaslon nudi zanesljivo in cenovno ugodno mo\u017enost s kristalno \u010disto mat povr\u0161ino, ki zmanj\u0161uje ble\u0161\u010danje, kar omogo\u010da udobno gledanje tudi v svetlej\u0161ih okoljih.<\/p>\n<p>Zaslon je opremljen z eDP 30-pinskim priklju\u010dkom, ki zagotavlja brezhibno zdru\u017eljivost z va\u0161o napravo. Poleg tega so vklju\u010deni zgornji in spodnji nosilci, kar omogo\u010da enostavno in varno namestitev.<\/p>\n<p>Ne glede na to, ali zamenjujete po\u0161kodovan zaslon ali nadgrajujete za bolj\u0161o vizualno izku\u0161njo, je LCD zaslon Lenovo 5D10Q90268 odli\u010dna izbira. Zaslon je popolnoma nov, zato lahko zaupate, da boste prejeli izdelek v brezhibnem stanju, pripravljen za izbolj\u0161anje funkcionalnosti va\u0161ega prenosnika.<\/p>\n","protected":false},"excerpt":{"rendered":"<p>Nadgradite svoj prenosnik z LCD zaslonom Lenovo 5D10Q90268 15,6&#8243;. Z lo\u010dljivostjo FHD, mat povr\u0161ino, eDP 30-pinsko povezavo ter vklju\u010denimi zgornjimi in spodnjimi nosilci za enostavno namestitev. Stanje: novo.<\/p>\n","protected":false},"featured_media":7555,"template":"","meta":[],"product_brand":[],"product_cat":[50],"product_tag":[60],"class_list":{"0":"post-7574","1":"product","2":"type-product","3":"status-publish","4":"has-post-thumbnail","6":"product_cat-15-6","7":"product_tag-lenovo","9":"first","10":"instock","11":"taxable","12":"shipping-taxable","13":"purchasable","14":"product-type-simple"},"_links":{"self":[{"href":"https:\/\/pracek.si\/ekrani-za-prenosnike\/wp-json\/wp\/v2\/product\/7574","targetHints":{"allow":["GET"]}}],"collection":[{"href":"https:\/\/pracek.si\/ekrani-za-prenosnike\/wp-json\/wp\/v2\/product"}],"about":[{"href":"https:\/\/pracek.si\/ekrani-za-prenosnike\/wp-json\/wp\/v2\/types\/product"}],"wp:featuredmedia":[{"embeddable":true,"href":"https:\/\/pracek.si\/ekrani-za-prenosnike\/wp-json\/wp\/v2\/media\/7555"}],"wp:attachment":[{"href":"https:\/\/pracek.si\/ekrani-za-prenosnike\/wp-json\/wp\/v2\/media?parent=7574"}],"wp:term":[{"taxonomy":"product_brand","embeddable":true,"href":"https:\/\/pracek.si\/ekrani-za-prenosnike\/wp-json\/wp\/v2\/product_brand?post=7574"},{"taxonomy":"product_cat","embeddable":true,"href":"https:\/\/pracek.si\/ekrani-za-prenosnike\/wp-json\/wp\/v2\/product_cat?post=7574"},{"taxonomy":"product_tag","embeddable":true,"href":"https:\/\/pracek.si\/ekrani-za-prenosnike\/wp-json\/wp\/v2\/product_tag?post=7574"}],"curies":[{"name":"wp","href":"https:\/\/api.w.org\/{rel}","templated":true}]}}