{"id":7601,"date":"2024-09-02T05:33:45","date_gmt":"2024-09-02T05:33:45","guid":{"rendered":"https:\/\/pracek.si\/ekrani-za-prenosnike\/?post_type=product&#038;p=7601"},"modified":"2025-09-11T11:16:54","modified_gmt":"2025-09-11T11:16:54","slug":"lenovo-fru-5d10k81097-156-fhd-mat-lcd-30pin-z-nosilci-nov","status":"publish","type":"product","link":"https:\/\/pracek.si\/ekrani-za-prenosnike\/product\/lenovo-fru-5d10k81097-156-fhd-mat-lcd-30pin-z-nosilci-nov\/","title":{"rendered":"Lenovo FRU 5D10K81097 15,6&#8243; FHD mat LCD 30pin z nosilci nov"},"content":{"rendered":"<p><strong><p>Trenutno na zalogi zaslon: NT156FHM-N41 \/ B156XW04 v.5 (enake specifikacije \/ popolnoma zdru\u017eljiv!)<\/p>\n<\/strong><\/p>\n<p>Izbolj\u0161ajte zaslon va\u0161ega Lenovo prenosnika z LCD zaslonom FRU 5D10K81097 velikosti 15,6&#8243;. Zasnovan za uporabnike, ki zahtevajo ostre in jasne vizualne prikaze, ta zaslon ponuja Full HD (1920&#215;1080) lo\u010dljivost, kar zagotavlja prikaz vsebine v ostrih podrobnostih. Matirana povr\u0161ina zmanj\u0161uje ble\u0161\u010danje, kar omogo\u010da la\u017eje delo v razli\u010dnih svetlobnih pogojih.<\/p>\n<p>Ta zaslon prihaja z zgornjimi in spodnjimi nosilci, kar omogo\u010da enostavno namestitev, ne glede na to, ali zamenjujete po\u0161kodovan zaslon ali nadgrajujete za bolj\u0161o zmogljivost. 30-pinski eDP priklju\u010dek zagotavlja varno in stabilno povezavo z va\u0161im prenosnikom, medtem ko tehnologija non-IPS zagotavlja zanesljivo gledanje za vsakodnevne naloge.<\/p>\n<p>Zaslon je popolnoma nov, kar zagotavlja, da prejmete brezhiben izdelek, pripravljen za izbolj\u0161anje prikaza va\u0161ega prenosnika.<\/p>\n","protected":false},"excerpt":{"rendered":"<p>Nadgradite svoj Lenovo prenosnik z LCD zaslonom FRU 5D10K81097 velikosti 15,6&#8243;. Zaslon ponuja FHD lo\u010dljivost, matirano povr\u0161ino in 30-pinski eDP priklju\u010dek za jasne vizualne prikaze. Vklju\u010duje zgornje in spodnje nosilce za enostavno namestitev. Stanje: novo.<\/p>\n","protected":false},"featured_media":7555,"template":"","meta":[],"product_brand":[],"product_cat":[50],"product_tag":[60],"class_list":{"0":"post-7601","1":"product","2":"type-product","3":"status-publish","4":"has-post-thumbnail","6":"product_cat-15-6","7":"product_tag-lenovo","9":"first","10":"instock","11":"taxable","12":"shipping-taxable","13":"purchasable","14":"product-type-simple"},"_links":{"self":[{"href":"https:\/\/pracek.si\/ekrani-za-prenosnike\/wp-json\/wp\/v2\/product\/7601","targetHints":{"allow":["GET"]}}],"collection":[{"href":"https:\/\/pracek.si\/ekrani-za-prenosnike\/wp-json\/wp\/v2\/product"}],"about":[{"href":"https:\/\/pracek.si\/ekrani-za-prenosnike\/wp-json\/wp\/v2\/types\/product"}],"wp:featuredmedia":[{"embeddable":true,"href":"https:\/\/pracek.si\/ekrani-za-prenosnike\/wp-json\/wp\/v2\/media\/7555"}],"wp:attachment":[{"href":"https:\/\/pracek.si\/ekrani-za-prenosnike\/wp-json\/wp\/v2\/media?parent=7601"}],"wp:term":[{"taxonomy":"product_brand","embeddable":true,"href":"https:\/\/pracek.si\/ekrani-za-prenosnike\/wp-json\/wp\/v2\/product_brand?post=7601"},{"taxonomy":"product_cat","embeddable":true,"href":"https:\/\/pracek.si\/ekrani-za-prenosnike\/wp-json\/wp\/v2\/product_cat?post=7601"},{"taxonomy":"product_tag","embeddable":true,"href":"https:\/\/pracek.si\/ekrani-za-prenosnike\/wp-json\/wp\/v2\/product_tag?post=7601"}],"curies":[{"name":"wp","href":"https:\/\/api.w.org\/{rel}","templated":true}]}}