{"id":7611,"date":"2024-09-02T12:46:30","date_gmt":"2024-09-02T12:46:30","guid":{"rendered":"https:\/\/pracek.si\/ekrani-za-prenosnike\/?post_type=product&#038;p=7611"},"modified":"2024-09-10T19:36:34","modified_gmt":"2024-09-10T19:36:34","slug":"lp156wh3-tl-a2-lcd-zaslon-156-wxga-led-s-nosilci-nov","status":"publish","type":"product","link":"https:\/\/pracek.si\/ekrani-za-prenosnike\/product\/lp156wh3-tl-a2-lcd-zaslon-156-wxga-led-s-nosilci-nov\/","title":{"rendered":"LP156WH3 TL A2 LCD zaslon 15,6&#8243; WXGA LED s nosilci Nov"},"content":{"rendered":"<p><strong>Dejanski model LCD ekrana: AU Optronics B156xw04 v.5 ali n156bge-l31 rev c.1 \u2013 popolnoma zdru\u017eljiv z LCD ekranom LP156WH3 TP SH TPSH TL S2TLS2 TLA2 TL A2<\/strong><\/p>\n<p>Izbolj\u0161ajte zaslon svojega prenosnika z LCD zaslonom LP156WH3 TPSH TL A2 15,6&#8243;. Ta visokokakovosten zaslon je zasnovan za zagotavljanje odli\u010dne vizualne jasnosti z lo\u010dljivostjo WXGA (1366&#215;768), zaradi \u010desar je popoln za vsakodnevno uporabo, bodisi pri delu, pretakanju ali brskanju. Svetle\u010da povr\u0161ina doda \u017eivahnost barvam, medtem ko LED osvetlitev zagotavlja enakomerno svetlost po celotnem zaslonu, kar zmanj\u0161uje porabo energije brez vpliva na zmogljivost.<\/p>\n<p>Ta LCD zaslon vklju\u010duje zgornje in spodnje nosilce, kar omogo\u010da enostavno in varno namestitev. 40-pinski konektor zagotavlja stabilno in zanesljivo povezavo z va\u0161o napravo, kar zagotavlja dolgotrajno zmogljivost. Ne glede na to, ali zamenjujete po\u0161kodovan zaslon ali nadgrajujete za bolj\u0161o vizualno izku\u0161njo, je ta zaslon zanesljiva izbira.<\/p>\n","protected":false},"excerpt":{"rendered":"<p>Nadgradite zaslon svojega prenosnika z LCD zaslonom LP156WH3 TPSH TL A2 15,6&#8243;. Z lo\u010dljivostjo WXGA, svetle\u010dim premazom in LED osvetlitvijo ta zaslon s 40-pinsko povezavo zagotavlja \u017eivahne slike. Vklju\u010duje zgornje in spodnje nosilce za varno namestitev. Stanje: novo.<\/p>\n","protected":false},"featured_media":7609,"template":"","meta":[],"product_brand":[],"product_cat":[50],"product_tag":[],"class_list":{"0":"post-7611","1":"product","2":"type-product","3":"status-publish","4":"has-post-thumbnail","6":"product_cat-15-6","8":"first","9":"instock","10":"taxable","11":"shipping-taxable","12":"purchasable","13":"product-type-simple"},"_links":{"self":[{"href":"https:\/\/pracek.si\/ekrani-za-prenosnike\/wp-json\/wp\/v2\/product\/7611","targetHints":{"allow":["GET"]}}],"collection":[{"href":"https:\/\/pracek.si\/ekrani-za-prenosnike\/wp-json\/wp\/v2\/product"}],"about":[{"href":"https:\/\/pracek.si\/ekrani-za-prenosnike\/wp-json\/wp\/v2\/types\/product"}],"wp:featuredmedia":[{"embeddable":true,"href":"https:\/\/pracek.si\/ekrani-za-prenosnike\/wp-json\/wp\/v2\/media\/7609"}],"wp:attachment":[{"href":"https:\/\/pracek.si\/ekrani-za-prenosnike\/wp-json\/wp\/v2\/media?parent=7611"}],"wp:term":[{"taxonomy":"product_brand","embeddable":true,"href":"https:\/\/pracek.si\/ekrani-za-prenosnike\/wp-json\/wp\/v2\/product_brand?post=7611"},{"taxonomy":"product_cat","embeddable":true,"href":"https:\/\/pracek.si\/ekrani-za-prenosnike\/wp-json\/wp\/v2\/product_cat?post=7611"},{"taxonomy":"product_tag","embeddable":true,"href":"https:\/\/pracek.si\/ekrani-za-prenosnike\/wp-json\/wp\/v2\/product_tag?post=7611"}],"curies":[{"name":"wp","href":"https:\/\/api.w.org\/{rel}","templated":true}]}}