{"id":7619,"date":"2024-09-02T16:01:15","date_gmt":"2024-09-02T16:01:15","guid":{"rendered":"https:\/\/pracek.si\/ekrani-za-prenosnike\/?post_type=product&#038;p=7619"},"modified":"2025-11-05T18:32:30","modified_gmt":"2025-11-05T18:32:30","slug":"n156bge-l41-lcd-zaslon-156-wxga-sijajni-led-40-pinski-z-nosilci-nov","status":"publish","type":"product","link":"https:\/\/pracek.si\/ekrani-za-prenosnike\/product\/n156bge-l41-lcd-zaslon-156-wxga-sijajni-led-40-pinski-z-nosilci-nov\/","title":{"rendered":"N156BGE-L41 LCD zaslon 15,6&#8243; WXGA sijajni LED 40-pinski z nosilci Nov"},"content":{"rendered":"<p><strong>Dejanski model LCD ekrana: AU Optronics B156xw04 v.5 ali n156bge-l31 rev c.1 \u2013 popolnoma zdru\u017eljiv z LCD ekranom N156BGE-L41<\/strong><\/p>\n<p>Izbolj\u0161ajte prikaz na svojem prenosniku z LCD zaslonom N156BGE-L41 velikosti 15,6&#8243;, ki je zasnovan za svetle in jasne slike z WXGA lo\u010dljivostjo. Sijajna povr\u0161ina omogo\u010da \u017eivahne barve in ostre slike, ki va\u0161emu zaslonu vdihnejo \u017eivljenje. Z LED osvetlitvijo ozadja ta zaslon zagotavlja energijsko u\u010dinkovito delovanje brez kompromisov pri svetlosti.<\/p>\n<p>Zaslon je opremljen s 40-pinskim konektorjem, ki zagotavlja varno in stabilno povezavo z va\u0161im prenosnikom. Vklju\u010deni zgornji in spodnji nosilci poenostavijo postopek namestitve, kar olaj\u0161a zamenjavo starega zaslona s tem visokokakovostnim nadomestnim ekranom.<\/p>\n<p>Ne glede na to, ali nadgrajujete zaslon svojega prenosnika ali zamenjujete po\u0161kodovan zaslon, N156BGE-L41 ponuja zanesljivo re\u0161itev, ki bo izbolj\u0161ala va\u0161o uporabni\u0161ko izku\u0161njo. Zaslon je popolnoma nov, kar zagotavlja, da prejmete izdelek brez napak, pripravljen za namestitev.<\/p>\n","protected":false},"excerpt":{"rendered":"<p>Nadgradite svoj prenosnik z LCD zaslonom N156BGE-L41 velikosti 15,6&#8243;. Ta WXGA zaslon s sijajno povr\u0161ino in LED osvetlitvijo ter 40-pinskim konektorjem ponuja svetle in jasne slike. Vklju\u010duje zgornje in spodnje nosilce za enostavno namestitev. Stanje: novo.<\/p>\n","protected":false},"featured_media":7609,"template":"","meta":[],"product_brand":[],"product_cat":[50],"product_tag":[],"class_list":{"0":"post-7619","1":"product","2":"type-product","3":"status-publish","4":"has-post-thumbnail","6":"product_cat-15-6","8":"first","9":"instock","10":"taxable","11":"shipping-taxable","12":"purchasable","13":"product-type-simple"},"_links":{"self":[{"href":"https:\/\/pracek.si\/ekrani-za-prenosnike\/wp-json\/wp\/v2\/product\/7619","targetHints":{"allow":["GET"]}}],"collection":[{"href":"https:\/\/pracek.si\/ekrani-za-prenosnike\/wp-json\/wp\/v2\/product"}],"about":[{"href":"https:\/\/pracek.si\/ekrani-za-prenosnike\/wp-json\/wp\/v2\/types\/product"}],"wp:featuredmedia":[{"embeddable":true,"href":"https:\/\/pracek.si\/ekrani-za-prenosnike\/wp-json\/wp\/v2\/media\/7609"}],"wp:attachment":[{"href":"https:\/\/pracek.si\/ekrani-za-prenosnike\/wp-json\/wp\/v2\/media?parent=7619"}],"wp:term":[{"taxonomy":"product_brand","embeddable":true,"href":"https:\/\/pracek.si\/ekrani-za-prenosnike\/wp-json\/wp\/v2\/product_brand?post=7619"},{"taxonomy":"product_cat","embeddable":true,"href":"https:\/\/pracek.si\/ekrani-za-prenosnike\/wp-json\/wp\/v2\/product_cat?post=7619"},{"taxonomy":"product_tag","embeddable":true,"href":"https:\/\/pracek.si\/ekrani-za-prenosnike\/wp-json\/wp\/v2\/product_tag?post=7619"}],"curies":[{"name":"wp","href":"https:\/\/api.w.org\/{rel}","templated":true}]}}