{"id":7621,"date":"2024-09-02T16:58:42","date_gmt":"2024-09-02T16:58:42","guid":{"rendered":"https:\/\/pracek.si\/ekrani-za-prenosnike\/?post_type=product&#038;p=7621"},"modified":"2024-12-12T08:32:59","modified_gmt":"2024-12-12T08:32:59","slug":"dell-0m4tk3-n3kmp-156-wxga-sijajen-led-lcd-zaslon-z-nosilci-nov","status":"publish","type":"product","link":"https:\/\/pracek.si\/ekrani-za-prenosnike\/product\/dell-0m4tk3-n3kmp-156-wxga-sijajen-led-lcd-zaslon-z-nosilci-nov\/","title":{"rendered":"Dell 0M4TK3 N3KMP 15,6&#8243; WXGA Sijajen LED LCD zaslon z nosilci Nov"},"content":{"rendered":"<p><strong>Dejanski model LCD ekrana: AU Optronics B156xw04 v.5 ali n156bge-l31 rev c.1 \u2013 popolnoma zdru\u017eljiv z LCD zaslonom za prenosnik Dell 0M4TK3 N3KMP 0N3KMP<\/strong><\/p>\n<p>Izbolj\u0161ajte kakovost zaslona va\u0161ega prenosnika z Dell 0M4TK3 N3KMP 0N3KMP 15,6&#8243; LCD zaslonom. Ta visokokakovostni zaslon ponuja WXGA lo\u010dljivost, kar zagotavlja jasne in ostre vizualne slike, ki poudarijo va\u0161o vsebino. Sijajna povr\u0161ina doda eleganten videz in izbolj\u0161a \u017eivahnost barv, zaradi \u010desar je idealna za medijsko uporabo in splo\u0161no rabo.<\/p>\n<p>Zaslon ima LED osvetlitev ozadja, kar ne le izbolj\u0161a svetlost, ampak tudi prispeva k energetski u\u010dinkovitosti, s \u010dimer podalj\u0161a \u017eivljenjsko dobo baterije va\u0161e naprave. S 40-pinskim priklju\u010dkom je ta zaslon zdru\u017eljiv z razli\u010dnimi Dell prenosniki, kar zagotavlja varno in stabilno povezavo.<\/p>\n<p>Ta zaslon je opremljen z zgornjimi in spodnjimi nosilci, kar poenostavi postopek namestitve in zagotovi popolno prileganje v va\u0161 prenosnik. Ne glede na to, ali zamenjujete po\u0161kodovan zaslon ali nadgrajujete svoj trenutni zaslon, je Dell 0M4TK3 N3KMP 0N3KMP zaslon zanesljiva in visokozmogljiva izbira.<\/p>\n<p>Zaslon je popolnoma nov, zato ste lahko prepri\u010dani, da boste prejeli izdelek brez napak, pripravljen za zagotavljanje izjemne vizualne izku\u0161nje.<\/p>\n","protected":false},"excerpt":{"rendered":"<p>Nadgradite svoj prenosnik z Dell 0M4TK3 N3KMP 0N3KMP 15,6&#8243; LCD zaslonom. Ta sijo\u010d WXGA zaslon ima LED osvetlitev ozadja in 40-pinski priklju\u010dek. Vklju\u010deni so zgornji in spodnji nosilci za enostavno namestitev. Stanje: novo.<\/p>\n","protected":false},"featured_media":7609,"template":"","meta":[],"product_brand":[],"product_cat":[50],"product_tag":[64],"class_list":{"0":"post-7621","1":"product","2":"type-product","3":"status-publish","4":"has-post-thumbnail","6":"product_cat-15-6","7":"product_tag-dell","9":"first","10":"instock","11":"taxable","12":"shipping-taxable","13":"purchasable","14":"product-type-simple"},"_links":{"self":[{"href":"https:\/\/pracek.si\/ekrani-za-prenosnike\/wp-json\/wp\/v2\/product\/7621","targetHints":{"allow":["GET"]}}],"collection":[{"href":"https:\/\/pracek.si\/ekrani-za-prenosnike\/wp-json\/wp\/v2\/product"}],"about":[{"href":"https:\/\/pracek.si\/ekrani-za-prenosnike\/wp-json\/wp\/v2\/types\/product"}],"wp:featuredmedia":[{"embeddable":true,"href":"https:\/\/pracek.si\/ekrani-za-prenosnike\/wp-json\/wp\/v2\/media\/7609"}],"wp:attachment":[{"href":"https:\/\/pracek.si\/ekrani-za-prenosnike\/wp-json\/wp\/v2\/media?parent=7621"}],"wp:term":[{"taxonomy":"product_brand","embeddable":true,"href":"https:\/\/pracek.si\/ekrani-za-prenosnike\/wp-json\/wp\/v2\/product_brand?post=7621"},{"taxonomy":"product_cat","embeddable":true,"href":"https:\/\/pracek.si\/ekrani-za-prenosnike\/wp-json\/wp\/v2\/product_cat?post=7621"},{"taxonomy":"product_tag","embeddable":true,"href":"https:\/\/pracek.si\/ekrani-za-prenosnike\/wp-json\/wp\/v2\/product_tag?post=7621"}],"curies":[{"name":"wp","href":"https:\/\/api.w.org\/{rel}","templated":true}]}}