{"id":7623,"date":"2024-09-02T17:49:15","date_gmt":"2024-09-02T17:49:15","guid":{"rendered":"https:\/\/pracek.si\/ekrani-za-prenosnike\/?post_type=product&#038;p=7623"},"modified":"2024-12-12T08:38:45","modified_gmt":"2024-12-12T08:38:45","slug":"acer-aspire-v5-571-lcd-zaslon-156-wxga-led-svetlec-40-pin-z-nosilci-nov","status":"publish","type":"product","link":"https:\/\/pracek.si\/ekrani-za-prenosnike\/product\/acer-aspire-v5-571-lcd-zaslon-156-wxga-led-svetlec-40-pin-z-nosilci-nov\/","title":{"rendered":"Acer Aspire V5-571 LCD zaslon 15,6&#8243; WXGA LED svetle\u010d 40-pin z nosilci Nov"},"content":{"rendered":"<p><strong>Dejanski model LCD ekrana: AU Optronics B156xw04 v.5 ali n156bge-l31 rev c.1 \u2013 popolnoma zdru\u017eljiv z LCD zaslonom za prenosnik ACER ASPIRE V5-571<\/strong><\/p>\n<p>Osve\u017eite svoj prenosnik Acer Aspire V5-571 z visokokakovostnim 15,6&#8243; WXGA LED zaslonom. Ta zaslon je posebej zasnovan za va\u0161 model in ponuja svetle\u010do povr\u0161ino, ki izbolj\u0161a barve in zagotavlja \u017eivahno vizualno izku\u0161njo. Z lo\u010dljivostjo 1366&#215;768 boste u\u017eivali v ostri in jasni sliki, ki je idealna za vsakodnevno uporabo, od brskanja po spletu do gledanja va\u0161ih najljub\u0161ih oddaj.<\/p>\n<p>LCD zaslon je opremljen z \u017ee name\u0161\u010denimi zgornjimi in spodnjimi nosilci, kar omogo\u010da enostavno in brezskrbno namestitev. 40-pinski konektor zagotavlja zdru\u017eljivost in varno povezavo z va\u0161o napravo, kar zagotavlja dolgo \u017eivljenjsko dobo in zmogljivost. Ne glede na to, ali zamenjujete pokvarjen zaslon ali ga nadgrajujete, je ta zaslon idealna izbira.<\/p>\n<p>Stanje: popolnoma nov, kar zagotavlja, da prejmete brezhiben izdelek, pripravljen za namestitev.<\/p>\n","protected":false},"excerpt":{"rendered":"<p>Nadgradite svoj Acer Aspire V5-571 z novim 15,6&#8243; svetle\u010dim WXGA LED zaslonom. Vklju\u010duje zgornje in spodnje nosilce ter 40-pinski konektor za \u017eivahen prikaz. Stanje: novo.<\/p>\n","protected":false},"featured_media":7609,"template":"","meta":[],"product_brand":[],"product_cat":[50],"product_tag":[59],"class_list":{"0":"post-7623","1":"product","2":"type-product","3":"status-publish","4":"has-post-thumbnail","6":"product_cat-15-6","7":"product_tag-acer","9":"first","10":"instock","11":"taxable","12":"shipping-taxable","13":"purchasable","14":"product-type-simple"},"_links":{"self":[{"href":"https:\/\/pracek.si\/ekrani-za-prenosnike\/wp-json\/wp\/v2\/product\/7623","targetHints":{"allow":["GET"]}}],"collection":[{"href":"https:\/\/pracek.si\/ekrani-za-prenosnike\/wp-json\/wp\/v2\/product"}],"about":[{"href":"https:\/\/pracek.si\/ekrani-za-prenosnike\/wp-json\/wp\/v2\/types\/product"}],"wp:featuredmedia":[{"embeddable":true,"href":"https:\/\/pracek.si\/ekrani-za-prenosnike\/wp-json\/wp\/v2\/media\/7609"}],"wp:attachment":[{"href":"https:\/\/pracek.si\/ekrani-za-prenosnike\/wp-json\/wp\/v2\/media?parent=7623"}],"wp:term":[{"taxonomy":"product_brand","embeddable":true,"href":"https:\/\/pracek.si\/ekrani-za-prenosnike\/wp-json\/wp\/v2\/product_brand?post=7623"},{"taxonomy":"product_cat","embeddable":true,"href":"https:\/\/pracek.si\/ekrani-za-prenosnike\/wp-json\/wp\/v2\/product_cat?post=7623"},{"taxonomy":"product_tag","embeddable":true,"href":"https:\/\/pracek.si\/ekrani-za-prenosnike\/wp-json\/wp\/v2\/product_tag?post=7623"}],"curies":[{"name":"wp","href":"https:\/\/api.w.org\/{rel}","templated":true}]}}