{"id":7624,"date":"2024-09-02T17:55:45","date_gmt":"2024-09-02T17:55:45","guid":{"rendered":"https:\/\/pracek.si\/ekrani-za-prenosnike\/?post_type=product&#038;p=7624"},"modified":"2024-12-12T08:39:17","modified_gmt":"2024-12-12T08:39:17","slug":"asus-156-lcd-zaslon-wxga-sijajni-40-pin-f55l-x55ld-x550c-z-nosilci-nov","status":"publish","type":"product","link":"https:\/\/pracek.si\/ekrani-za-prenosnike\/product\/asus-156-lcd-zaslon-wxga-sijajni-40-pin-f55l-x55ld-x550c-z-nosilci-nov\/","title":{"rendered":"Asus 15,6&#8243; LCD zaslon WXGA sijajni 40-pin F55L X55LD X550C z nosilci Nov"},"content":{"rendered":"<p><strong>Dejanski model LCD ekrana: AU Optronics B156xw04 v.5 ali n156bge-l31 rev c.1 \u2013 popolnoma zdru\u017eljiv z LCD zaslonom za prenosnik Asus F55L X55LD X550C S56CA X555L X502C<\/strong><\/p>\n<p>Izbolj\u0161ajte svojo izku\u0161njo gledanja z novim 15,6&#8243; WXGA sijajnim LCD zaslonom, zasnovanim za razli\u010dne Asus prenosnike, vklju\u010dno z modeli F55L, X55LD, X550C, S56CA, X555L in X502C. Z lo\u010dljivostjo 1366&#215;768 ta ekran ponuja jasne in \u017eivahne vizualne u\u010dinke, ki so popolni tako za delo kot zabavo.<\/p>\n<p>Sijajna povr\u0161ina zagotavlja svetel in \u017eivahen prikaz, ki o\u017eivi va\u0161o vsebino z izbolj\u0161animi barvami in ostrino. LED osvetlitev ozadja zagotavlja energetsko u\u010dinkovitost in dalj\u0161o \u017eivljenjsko dobo, kar naredi ta zaslon zanesljivo izbiro za vsakodnevno uporabo.<\/p>\n<p>Ta LCD zaslon vklju\u010duje zgornje in spodnje nosilce za enostavno namestitev, 40-pinski priklju\u010dek pa zagotavlja varno pritrditev na va\u0161o napravo. Ne glede na to, ali zamenjujete po\u0161kodovan zaslon ali nadgrajujete svoj prikaz, ta izdelek zagotavlja kakovost in vzdr\u017eljivost.<\/p>\n<p>Prosimo, upo\u0161tevajte, da je zaslon v novem stanju, kar vam zagotavlja brezhiben izdelek, pripravljen za namestitev.<\/p>\n","protected":false},"excerpt":{"rendered":"<p>Nadgradite svoj Asus prenosnik z 15,6&#8243; WXGA sijajnim LCD zaslonom, zdru\u017eljivim z modeli F55L, X55LD, X550C, S56CA, X555L in X502C. Vklju\u010duje LED osvetlitev ozadja, 40-pinski priklju\u010dek in zgornje ter spodnje nosilce. Stanje: novo.<\/p>\n","protected":false},"featured_media":7609,"template":"","meta":[],"product_brand":[],"product_cat":[50],"product_tag":[58],"class_list":{"0":"post-7624","1":"product","2":"type-product","3":"status-publish","4":"has-post-thumbnail","6":"product_cat-15-6","7":"product_tag-asus","9":"first","10":"instock","11":"taxable","12":"shipping-taxable","13":"purchasable","14":"product-type-simple"},"_links":{"self":[{"href":"https:\/\/pracek.si\/ekrani-za-prenosnike\/wp-json\/wp\/v2\/product\/7624","targetHints":{"allow":["GET"]}}],"collection":[{"href":"https:\/\/pracek.si\/ekrani-za-prenosnike\/wp-json\/wp\/v2\/product"}],"about":[{"href":"https:\/\/pracek.si\/ekrani-za-prenosnike\/wp-json\/wp\/v2\/types\/product"}],"wp:featuredmedia":[{"embeddable":true,"href":"https:\/\/pracek.si\/ekrani-za-prenosnike\/wp-json\/wp\/v2\/media\/7609"}],"wp:attachment":[{"href":"https:\/\/pracek.si\/ekrani-za-prenosnike\/wp-json\/wp\/v2\/media?parent=7624"}],"wp:term":[{"taxonomy":"product_brand","embeddable":true,"href":"https:\/\/pracek.si\/ekrani-za-prenosnike\/wp-json\/wp\/v2\/product_brand?post=7624"},{"taxonomy":"product_cat","embeddable":true,"href":"https:\/\/pracek.si\/ekrani-za-prenosnike\/wp-json\/wp\/v2\/product_cat?post=7624"},{"taxonomy":"product_tag","embeddable":true,"href":"https:\/\/pracek.si\/ekrani-za-prenosnike\/wp-json\/wp\/v2\/product_tag?post=7624"}],"curies":[{"name":"wp","href":"https:\/\/api.w.org\/{rel}","templated":true}]}}