{"id":7638,"date":"2024-09-02T20:34:19","date_gmt":"2024-09-02T20:34:19","guid":{"rendered":"https:\/\/pracek.si\/ekrani-za-prenosnike\/?post_type=product&#038;p=7638"},"modified":"2024-09-25T13:24:45","modified_gmt":"2024-09-25T13:24:45","slug":"hp-n44827-001-lcd-zaslon-161-fhd-144hz-mat-40-pin-z-lepilom-nov","status":"publish","type":"product","link":"https:\/\/pracek.si\/ekrani-za-prenosnike\/product\/hp-n44827-001-lcd-zaslon-161-fhd-144hz-mat-40-pin-z-lepilom-nov\/","title":{"rendered":"HP N44827-001 LCD zaslon 16,1&#8243; FHD 144Hz mat 40-pin z lepilom Nov"},"content":{"rendered":"<p><strong>Dejanski model LCD ekrana: N161hma-gak REV. C3 ali n161hca-ga1 REV C.1 \u2013 popolnoma zdru\u017eljiv z LCD ekranom HP N44827-001<\/strong><\/p>\n<p>Izbolj\u0161ajte prikaz na svojem prenosniku z LCD zaslonom HP N44827-001 velikosti 16,1&#8243;, zasnovanim za vrhunsko vizualno zmogljivost. Ta zaslon ponuja Full HD (1920&#215;1080) lo\u010dljivost, ki zagotavlja ostre in \u017eive slike, medtem ko frekvenca osve\u017eevanja 144Hz omogo\u010da gladko in teko\u010de gibanje, idealno za igranje iger in predvajanje visokolo\u010dljivostnih videoposnetkov.<\/p>\n<p>Matirana povr\u0161ina zmanj\u0161uje ble\u0161\u010danje, kar je idealno za uporabo v razli\u010dnih svetlobnih pogojih, in svetlost 250 nitov zagotavlja jasno vidljivost tudi v svetlej\u0161ih okoljih. 40-pinski konektor zagotavlja varno povezavo z va\u0161o napravo, prilo\u017eeni obojestranski samolepilni trakovi pa poenostavijo postopek namestitve.<\/p>\n<p>Prosimo, upo\u0161tevajte, da ta LCD zaslon prihaja brez zgornjih in spodnjih nosilcev. Zaslon je popolnoma nov, kar vam zagotavlja brezhiben izdelek, pripravljen za izbolj\u0161anje prikaza va\u0161ega prenosnika.<\/p>\n","protected":false},"excerpt":{"rendered":"<p>Nadgradite svoj prenosnik z LCD zaslonom HP N44827-001 velikosti 16,1&#8243;. Z lo\u010dljivostjo FHD, frekvenco osve\u017eevanja 144Hz, 40-pinsko povezavo in matirano povr\u0161ino zagotavlja jasne in gladke vizualne u\u010dinke. Vklju\u010deni so obojestranski samolepilni trakovi za enostavno namestitev. Stanje: novo.<\/p>\n","protected":false},"featured_media":7632,"template":"","meta":[],"product_brand":[],"product_cat":[66],"product_tag":[62],"class_list":{"0":"post-7638","1":"product","2":"type-product","3":"status-publish","4":"has-post-thumbnail","6":"product_cat-16-1","7":"product_tag-hp","9":"first","10":"instock","11":"taxable","12":"shipping-taxable","13":"purchasable","14":"product-type-simple"},"_links":{"self":[{"href":"https:\/\/pracek.si\/ekrani-za-prenosnike\/wp-json\/wp\/v2\/product\/7638","targetHints":{"allow":["GET"]}}],"collection":[{"href":"https:\/\/pracek.si\/ekrani-za-prenosnike\/wp-json\/wp\/v2\/product"}],"about":[{"href":"https:\/\/pracek.si\/ekrani-za-prenosnike\/wp-json\/wp\/v2\/types\/product"}],"wp:featuredmedia":[{"embeddable":true,"href":"https:\/\/pracek.si\/ekrani-za-prenosnike\/wp-json\/wp\/v2\/media\/7632"}],"wp:attachment":[{"href":"https:\/\/pracek.si\/ekrani-za-prenosnike\/wp-json\/wp\/v2\/media?parent=7638"}],"wp:term":[{"taxonomy":"product_brand","embeddable":true,"href":"https:\/\/pracek.si\/ekrani-za-prenosnike\/wp-json\/wp\/v2\/product_brand?post=7638"},{"taxonomy":"product_cat","embeddable":true,"href":"https:\/\/pracek.si\/ekrani-za-prenosnike\/wp-json\/wp\/v2\/product_cat?post=7638"},{"taxonomy":"product_tag","embeddable":true,"href":"https:\/\/pracek.si\/ekrani-za-prenosnike\/wp-json\/wp\/v2\/product_tag?post=7638"}],"curies":[{"name":"wp","href":"https:\/\/api.w.org\/{rel}","templated":true}]}}