{"id":7646,"date":"2024-09-03T13:13:12","date_gmt":"2024-09-03T13:13:12","guid":{"rendered":"https:\/\/pracek.si\/ekrani-za-prenosnike\/?post_type=product&#038;p=7646"},"modified":"2024-11-24T08:45:34","modified_gmt":"2024-11-24T08:45:34","slug":"lcd-zaslon-za-hp-omen-16-wf-serijo-16-1-fhd-144hz-mat-40-pin-nov","status":"publish","type":"product","link":"https:\/\/pracek.si\/ekrani-za-prenosnike\/product\/lcd-zaslon-za-hp-omen-16-wf-serijo-16-1-fhd-144hz-mat-40-pin-nov\/","title":{"rendered":"LCD zaslon za HP OMEN 16 WF serijo, 16.1&#8243; FHD 144Hz mat, 40 pin, nov"},"content":{"rendered":"<p><strong>Dejanski model LCD ekrana: N161hma-gak REV. C3 ali n161hca-ga1 REV C.1 \u2013 popolnoma zdru\u017eljiv z LCD ekranom za prenmosnik HP OMEN 16 wf \/ wf0000 \/ wfxxxx series<br \/>\n<\/strong><\/p>\n<p>Nadgradite svoj prenosnik HP OMEN serije 16 WF z vrhunskim LCD zaslonom, zasnovanim za popolno prileganje in izjemno zmogljivost. Ta 16,1-pal\u010dni ekran ponuja Full HD (FHD) lo\u010dljivost, ki zagotavlja \u017eive in ostre slike za izbolj\u0161ano izku\u0161njo igranja, dela in zabave. S 144Hz hitrostjo osve\u017eevanja boste u\u017eivali v teko\u010di sliki brez zamegljenosti, kar je klju\u010dno pri hitrih igrah.<\/p>\n<p>Glavne lastnosti:<\/p>\n<ul>\n<li><strong>Zdru\u017eljivost<\/strong>: Primeren za prenosnike HP OMEN serije 16 WF (npr. 16-WF0000CI, 16-WF0000NE, 16-WF0000TX ipd.).<\/li>\n<li><strong>Lo\u010dljivost<\/strong>: Full HD (1920&#215;1080) za jasne in podrobne slike.<\/li>\n<li><strong>Hitrost osve\u017eevanja<\/strong>: 144Hz za izjemno gladko delovanje.<\/li>\n<li><strong>Svetilnost<\/strong>: 250 nitov za odli\u010dno vidljivost v razli\u010dnih svetlobnih pogojih.<\/li>\n<li><strong>Povr\u0161ina<\/strong>: Mat zaklju\u010dek za zmanj\u0161anje ble\u0161\u010danja.<\/li>\n<li><strong>Priklju\u010dek<\/strong>: 40-pinski konektor za zanesljivo in enostavno namestitev.<\/li>\n<li><strong>Stanje<\/strong>: Popolnoma nov za dolgo \u017eivljenjsko dobo in vrhunsko zmogljivost.<\/li>\n<li><strong>Dodatno<\/strong>: Prilo\u017een obojestranski lepilni trak za enostavno pritrditev.<\/li>\n<\/ul>\n<p>Ta ekran je popoln za modele brez na dotik ob\u010dutljivega zaslona in ne vklju\u010duje zgornjih ter spodnjih nosilcev. Zasnovan je za enostavno namestitev, ne glede na to, ali ste profesionalec ali se lotevate popravila sami. Povrnite zaslon svojega prenosnika v prvotno stanje ali izbolj\u0161ajte kakovost prikaza s tem kakovostnim nadomestnim LCD zaslonom.<\/p>\n<p>Naro\u010dite \u0161e danes in u\u017eivajte v brezpla\u010dni dostavi, hitri dostavi in strokovni podpori, ki vam pomaga najti pravi ekran za va\u0161 prenosnik!<\/p>\n<p><strong>Seznam nekaterih zdru\u017eljivih prenosnikov:<\/strong><\/p>\n<p>16-WF0000CI, 16-WF0000LA, 16-WF0000NE, 16-WF0000NF, 16-WF0000NH, 16-WF0000NI, 16-WF0000NK, 16-WF0000NL, 16-WF0000NS, 16-WF0000NT, 16-WF0000NV, 16-WF0000NX, 16-WF0000NZ, 16-WF0000SA, 16-WF0000SF, 16-WF0000TX, 16-WF0000UA, 16-WF0001CI, 16-WF0001LA, 16-WF0001NB, 16-WF0001NC, 16-WF0001NE, 16-WF0001NH, 16-WF0001NI, 16-WF0001NJ, 16-WF0001NK, 16-WF0001NL, 16-WF0001NN, 16-WF0001NP, 16-WF0001NS, 16-WF0001NT, 16-WF0001NV, 16-WF0001NZ, 16-WF0001SA, 16-WF0001SF, 16-WF0001TX, 16-WF0001UA, 16-WF0002CI, 16-WF0002LA, 16-WF0002NE, 16-WF0002NI, 16-WF0002NIA, 16-WF0002NK, 16-WF0002NL, 16-WF0002NN, 16-WF0002NS, 16-WF0002NT, 16-WF0002NV, 16-WF0002NX, 16-WF0002UA, 16-WF0003CI, 16-WF0003NA, 16-WF0003NB, 16-WF0003NI, 16-WF0003NIA, 16-WF0003NJ, 16-WF0003NL, 16-WF0003NN, 16-WF0003NS, 16-WF0003NT, 16-WF0003NV, 16-WF0003TX, 16-WF0004CI, 16-WF0004NA, 16-WF0004NB, 16-WF0004NE, 16-WF0004NL, 16-WF0004NN, 16-WF0004NS, 16-WF0004NT, 16-WF0004TX, 16-WF0004UA, 16-WF0005CI, 16-WF0005NA, 16-WF0005NB, 16-WF0005NI, 16-WF0005NL, 16-WF0005NS, 16-WF0005NT, 16-WF0005NW, 16-WF0005UA, 16-WF0006CI, 16-WF0006NA, 16-WF0006NB, 16-WF0006NE, 16-WF0006NI, 16-WF0006NIA, 16-WF0006NN, 16-WF0006NS, 16-WF0006NT, 16-WF0006TX, 16-WF0006UA, 16-WF0007CI, 16-WF0007NL, 16-WF0007NS, 16-WF0007NT, 16-WF0007TX, 16-WF0007UA, 16-WF0008CA, 16-wf0083dx, 16-wf1096tx, 16-wf0111tx, 16-wf0148tx, 16-wf0083dx, 16-wf0203TX, 16-wf0008ne, 16-wf0774ng<\/p>\n<p>&nbsp;<\/p>\n","protected":false},"excerpt":{"rendered":"<p>Nadgradite svoj prenosnik HP OMEN serije 16 WF z 16,1&#8243; FHD 144Hz mat LCD zaslonom. Lastnosti vklju\u010dujejo 40-pinski priklju\u010dek, svetilnost 250 nitov in protiodsevni mat zaklju\u010dek. Primeren za modele brez na dotik ob\u010dutljivega zaslona. Prilo\u017een obojestranski lepilni trak. Stanje: Nov.<\/p>\n","protected":false},"featured_media":7632,"template":"","meta":[],"product_brand":[],"product_cat":[66],"product_tag":[62],"class_list":{"0":"post-7646","1":"product","2":"type-product","3":"status-publish","4":"has-post-thumbnail","6":"product_cat-16-1","7":"product_tag-hp","9":"first","10":"instock","11":"taxable","12":"shipping-taxable","13":"purchasable","14":"product-type-simple"},"_links":{"self":[{"href":"https:\/\/pracek.si\/ekrani-za-prenosnike\/wp-json\/wp\/v2\/product\/7646","targetHints":{"allow":["GET"]}}],"collection":[{"href":"https:\/\/pracek.si\/ekrani-za-prenosnike\/wp-json\/wp\/v2\/product"}],"about":[{"href":"https:\/\/pracek.si\/ekrani-za-prenosnike\/wp-json\/wp\/v2\/types\/product"}],"wp:featuredmedia":[{"embeddable":true,"href":"https:\/\/pracek.si\/ekrani-za-prenosnike\/wp-json\/wp\/v2\/media\/7632"}],"wp:attachment":[{"href":"https:\/\/pracek.si\/ekrani-za-prenosnike\/wp-json\/wp\/v2\/media?parent=7646"}],"wp:term":[{"taxonomy":"product_brand","embeddable":true,"href":"https:\/\/pracek.si\/ekrani-za-prenosnike\/wp-json\/wp\/v2\/product_brand?post=7646"},{"taxonomy":"product_cat","embeddable":true,"href":"https:\/\/pracek.si\/ekrani-za-prenosnike\/wp-json\/wp\/v2\/product_cat?post=7646"},{"taxonomy":"product_tag","embeddable":true,"href":"https:\/\/pracek.si\/ekrani-za-prenosnike\/wp-json\/wp\/v2\/product_tag?post=7646"}],"curies":[{"name":"wp","href":"https:\/\/api.w.org\/{rel}","templated":true}]}}