{"id":7650,"date":"2024-09-03T13:50:48","date_gmt":"2024-09-03T13:50:48","guid":{"rendered":"https:\/\/pracek.si\/ekrani-za-prenosnike\/?post_type=product&#038;p=7650"},"modified":"2024-09-10T19:39:31","modified_gmt":"2024-09-10T19:39:31","slug":"16-1-lcd-zaslon-fhd-144hz-250-nits-za-serijo-16-wf-z-lepilnim-trakom-nov","status":"publish","type":"product","link":"https:\/\/pracek.si\/ekrani-za-prenosnike\/product\/16-1-lcd-zaslon-fhd-144hz-250-nits-za-serijo-16-wf-z-lepilnim-trakom-nov\/","title":{"rendered":"16.1&#8243; LCD zaslon FHD 144Hz 250 Nits za serijo 16-WF z lepilnim trakom Nov"},"content":{"rendered":"<p><strong>Dejanski model LCD ekrana: N161hma-gak REV. C3 ali n161hca-ga1 REV C.1 \u2013 popolnoma zdru\u017eljiv z LCD ekranom za prenmosnik 16-WF0003NS 16-WF0003NT 16-WF0000NX 16-WF0000NZ 16-WF0005NA 16-WF0005NL 16-WF0001NK<\/strong><\/p>\n<p>Izbolj\u0161ajte prikaz na svojem prenosniku z LCD zaslonom velikosti 16,1\u2033, ki je posebej zasnovan za zdru\u017eljivost s \u0161irokim naborom modelov, vklju\u010dno z 16-WF0003NS, 16-WF0003NT, 16-WF0000NX, 16-WF0000NZ, 16-WF0005NA, 16-WF0005NL in 16-WF0001NK. Zaslon ponuja polno HD (1920\u00d71080) lo\u010dljivost in osve\u017eevanje pri 144Hz, kar zagotavlja gladko in \u017eivahno vizualno izku\u0161njo, idealno za igranje iger, grafi\u010dno oblikovanje ali vsakodnevno uporabo.<\/p>\n<p>Mat premaz zmanj\u0161uje ble\u0161\u010danje, kar omogo\u010da jasno vidljivost tudi v svetlih okoljih. S svetlostjo 250 Nits lahko pri\u010dakujete svetel in jasen prikaz, ki ostaja prijazen o\u010dem. Zaslon je opremljen s 40-pinskim priklju\u010dkom, ki zagotavlja varno in stabilno povezavo s prenosnikom.<\/p>\n<p>V paketu je prilo\u017een obojestranski lepilni trak, ki omogo\u010da enostavno in brezskrbno namestitev. Prosimo, upo\u0161tevajte, da zaslon ne vklju\u010duje zgornjih in spodnjih nosilcev. Zaslon je popolnoma nov, kar zagotavlja visoko kakovost izdelka brez napak.<\/p>\n","protected":false},"excerpt":{"rendered":"<p>Nadgradite svoj prenosnik z LCD zaslonom velikosti 16,1&#8243;, zdru\u017eljivim z modeli 16-WF0003NS, 16-WF0003NT, 16-WF0000NX, 16-WF0000NZ, 16-WF0005NA, 16-WF0005NL, 16-WF0001NK. Zaslon ponuja FHD lo\u010dljivost, 144Hz osve\u017eevanje, mat premaz in svetlost 250 Nits. Vklju\u010deni so obojestranski lepilni trakovi za enostavno namestitev. Stanje: novo.<\/p>\n","protected":false},"featured_media":7632,"template":"","meta":[],"product_brand":[],"product_cat":[66],"product_tag":[],"class_list":{"0":"post-7650","1":"product","2":"type-product","3":"status-publish","4":"has-post-thumbnail","6":"product_cat-16-1","8":"first","9":"instock","10":"taxable","11":"shipping-taxable","12":"purchasable","13":"product-type-simple"},"_links":{"self":[{"href":"https:\/\/pracek.si\/ekrani-za-prenosnike\/wp-json\/wp\/v2\/product\/7650","targetHints":{"allow":["GET"]}}],"collection":[{"href":"https:\/\/pracek.si\/ekrani-za-prenosnike\/wp-json\/wp\/v2\/product"}],"about":[{"href":"https:\/\/pracek.si\/ekrani-za-prenosnike\/wp-json\/wp\/v2\/types\/product"}],"wp:featuredmedia":[{"embeddable":true,"href":"https:\/\/pracek.si\/ekrani-za-prenosnike\/wp-json\/wp\/v2\/media\/7632"}],"wp:attachment":[{"href":"https:\/\/pracek.si\/ekrani-za-prenosnike\/wp-json\/wp\/v2\/media?parent=7650"}],"wp:term":[{"taxonomy":"product_brand","embeddable":true,"href":"https:\/\/pracek.si\/ekrani-za-prenosnike\/wp-json\/wp\/v2\/product_brand?post=7650"},{"taxonomy":"product_cat","embeddable":true,"href":"https:\/\/pracek.si\/ekrani-za-prenosnike\/wp-json\/wp\/v2\/product_cat?post=7650"},{"taxonomy":"product_tag","embeddable":true,"href":"https:\/\/pracek.si\/ekrani-za-prenosnike\/wp-json\/wp\/v2\/product_tag?post=7650"}],"curies":[{"name":"wp","href":"https:\/\/api.w.org\/{rel}","templated":true}]}}