{"id":7678,"date":"2024-09-05T05:47:50","date_gmt":"2024-09-05T05:47:50","guid":{"rendered":"https:\/\/pracek.si\/ekrani-za-prenosnike\/?post_type=product&#038;p=7678"},"modified":"2024-12-05T09:48:17","modified_gmt":"2024-12-05T09:48:17","slug":"nv156fhm-nx4-n4u-lcd-zaslon-156-fhd-ips-144hz-40pin-z-lepilnim-trakom-nov","status":"publish","type":"product","link":"https:\/\/pracek.si\/ekrani-za-prenosnike\/product\/nv156fhm-nx4-n4u-lcd-zaslon-156-fhd-ips-144hz-40pin-z-lepilnim-trakom-nov\/","title":{"rendered":"NV156FHM-NX4\/N4U LCD zaslon 15,6&#8243; FHD IPS 144Hz 40pin z lepilnim trakom Nov"},"content":{"rendered":"<p><strong>Dejanski model LCD ekrana: n156hra-ea1 REV C1 \/ N156HRA-GAA Rev.c1 \/ N156HMA-GA1 REV C2 \u2013 popolnoma zdru\u017eljiv z LCD ekranom NV156FHM-NX4 NV156FHM-N4U<\/strong><\/p>\n<p>Izbolj\u0161ajte prikaz va\u0161ega prenosnika z LCD zaslonom NV156FHM-NX4\/N4U velikosti 15,6&#8243;, ki je zasnovan za vrhunsko zmogljivost in vizualno do\u017eivetje. Zaslon ponuja Full HD (1920&#215;1080) lo\u010dljivost v kombinaciji s tehnologijo IPS, ki zagotavlja ostro sliko, \u017eivahne barve in \u0161iroke kote gledanja. S frekvenco osve\u017eevanja 144 Hz omogo\u010da gladko in teko\u010do sliko, kar je idealno za igre, ve\u010dpredstavnostne vsebine in vsakodnevna opravila.<\/p>\n<p>Matirana povr\u0161ina zmanj\u0161uje ble\u0161\u010danje, kar omogo\u010da udobno gledanje v razli\u010dnih svetlobnih pogojih. Povezava eDP s 40 pini zagotavlja varno in zanesljivo povezavo z va\u0161o napravo, prilo\u017eeni obojestranski samolepilni trakovi pa olaj\u0161ajo namestitev.<\/p>\n<p>Upo\u0161tevajte, da zaslon prihaja brez zgornjih in spodnjih nosilcev. Zaslon je popolnoma nov, kar zagotavlja, da prejmete brezhiben izdelek, pripravljen za uporabo.<\/p>\n","protected":false},"excerpt":{"rendered":"<p>Nadgradite svoj prenosnik z LCD zaslonom NV156FHM-NX4\/N4U velikosti 15,6&#8243;. Z lo\u010dljivostjo FHD IPS, frekvenco osve\u017eevanja 144 Hz, matirano povr\u0161ino in 40-pinsko eDP povezavo za gladko sliko. Vklju\u010deni so obojestranski samolepilni trakovi. Stanje: novo.<\/p>\n","protected":false},"featured_media":7673,"template":"","meta":[],"product_brand":[],"product_cat":[50],"product_tag":[],"class_list":{"0":"post-7678","1":"product","2":"type-product","3":"status-publish","4":"has-post-thumbnail","6":"product_cat-15-6","8":"first","9":"instock","10":"taxable","11":"shipping-taxable","12":"purchasable","13":"product-type-simple"},"_links":{"self":[{"href":"https:\/\/pracek.si\/ekrani-za-prenosnike\/wp-json\/wp\/v2\/product\/7678","targetHints":{"allow":["GET"]}}],"collection":[{"href":"https:\/\/pracek.si\/ekrani-za-prenosnike\/wp-json\/wp\/v2\/product"}],"about":[{"href":"https:\/\/pracek.si\/ekrani-za-prenosnike\/wp-json\/wp\/v2\/types\/product"}],"wp:featuredmedia":[{"embeddable":true,"href":"https:\/\/pracek.si\/ekrani-za-prenosnike\/wp-json\/wp\/v2\/media\/7673"}],"wp:attachment":[{"href":"https:\/\/pracek.si\/ekrani-za-prenosnike\/wp-json\/wp\/v2\/media?parent=7678"}],"wp:term":[{"taxonomy":"product_brand","embeddable":true,"href":"https:\/\/pracek.si\/ekrani-za-prenosnike\/wp-json\/wp\/v2\/product_brand?post=7678"},{"taxonomy":"product_cat","embeddable":true,"href":"https:\/\/pracek.si\/ekrani-za-prenosnike\/wp-json\/wp\/v2\/product_cat?post=7678"},{"taxonomy":"product_tag","embeddable":true,"href":"https:\/\/pracek.si\/ekrani-za-prenosnike\/wp-json\/wp\/v2\/product_tag?post=7678"}],"curies":[{"name":"wp","href":"https:\/\/api.w.org\/{rel}","templated":true}]}}