{"id":7679,"date":"2024-09-05T05:51:29","date_gmt":"2024-09-05T05:51:29","guid":{"rendered":"https:\/\/pracek.si\/ekrani-za-prenosnike\/?post_type=product&#038;p=7679"},"modified":"2025-03-16T12:31:43","modified_gmt":"2025-03-16T12:31:43","slug":"lm156lfgl03-156-lcd-144hz-fhd-ips-mat-40pin-edp-z-lepilom-nov","status":"publish","type":"product","link":"https:\/\/pracek.si\/ekrani-za-prenosnike\/product\/lm156lfgl03-156-lcd-144hz-fhd-ips-mat-40pin-edp-z-lepilom-nov\/","title":{"rendered":"LM156LFGL03 15,6&#8243; LCD 144Hz FHD IPS Mat 40pin eDP z lepilom Nov"},"content":{"rendered":"<p><strong>Dejanski model LCD ekrana: n156hra-ea1 REV C1 \/ N156HRA-GAA Rev.c1 \/ N156HMA-GA1 REV C2 \u2013 popolnoma zdru\u017eljiv z LCD ekranom LM156LFGL03<\/strong><\/p>\n<p>Izbolj\u0161ajte zmogljivost svojega prenosnika z LCD zaslonom LM156LFGL03 velikosti 15,6&#8243;. Z lo\u010dljivostjo Full HD (1920&#215;1080), osve\u017eevalno frekvenco 144Hz in IPS tehnologijo ta zaslon zagotavlja kristalno \u010diste slike, gladko gibanje in \u017eivahne barve. Mat povr\u0161ina zmanj\u0161uje ble\u0161\u010danje, kar je idealno za uporabo v razli\u010dnih svetlobnih pogojih.<\/p>\n<p>Zaslon je opremljen s 40-pinsko eDP povezavo, ki omogo\u010da stabilno in zanesljivo povezavo z va\u0161o napravo, kar zagotavlja vrhunske zmogljivosti tako za vsakdanjo uporabo kot za igranje iger. Namestitev je preprosta z vklju\u010denim obojestranskim lepilnim trakom, ki omogo\u010da varno prileganje zaslona brez te\u017eav. Model je brez zgornjih in spodnjih nosilcev, kar omogo\u010da prilagodljivo prileganje razli\u010dnim prenosnikom.<\/p>\n<p>Stanje: popolnoma nov, kar zagotavlja, da prejmete brezhiben in popolnoma funkcionalen izdelek, pripravljen za namestitev.<\/p>\n","protected":false},"excerpt":{"rendered":"<p>Nadgradite svoj prenosnik z LCD zaslonom LM156LFGL03 velikosti 15,6&#8243;. Ta FHD 144Hz mat zaslon s tehnologijo IPS in 40-pinsko eDP povezavo zagotavlja osupljivo sliko. Vklju\u010deni obojestranski lepilni trakovi za enostavno namestitev. Stanje: novo.<\/p>\n","protected":false},"featured_media":7673,"template":"","meta":[],"product_brand":[],"product_cat":[50],"product_tag":[],"class_list":{"0":"post-7679","1":"product","2":"type-product","3":"status-publish","4":"has-post-thumbnail","6":"product_cat-15-6","8":"first","9":"instock","10":"taxable","11":"shipping-taxable","12":"purchasable","13":"product-type-simple"},"_links":{"self":[{"href":"https:\/\/pracek.si\/ekrani-za-prenosnike\/wp-json\/wp\/v2\/product\/7679","targetHints":{"allow":["GET"]}}],"collection":[{"href":"https:\/\/pracek.si\/ekrani-za-prenosnike\/wp-json\/wp\/v2\/product"}],"about":[{"href":"https:\/\/pracek.si\/ekrani-za-prenosnike\/wp-json\/wp\/v2\/types\/product"}],"wp:featuredmedia":[{"embeddable":true,"href":"https:\/\/pracek.si\/ekrani-za-prenosnike\/wp-json\/wp\/v2\/media\/7673"}],"wp:attachment":[{"href":"https:\/\/pracek.si\/ekrani-za-prenosnike\/wp-json\/wp\/v2\/media?parent=7679"}],"wp:term":[{"taxonomy":"product_brand","embeddable":true,"href":"https:\/\/pracek.si\/ekrani-za-prenosnike\/wp-json\/wp\/v2\/product_brand?post=7679"},{"taxonomy":"product_cat","embeddable":true,"href":"https:\/\/pracek.si\/ekrani-za-prenosnike\/wp-json\/wp\/v2\/product_cat?post=7679"},{"taxonomy":"product_tag","embeddable":true,"href":"https:\/\/pracek.si\/ekrani-za-prenosnike\/wp-json\/wp\/v2\/product_tag?post=7679"}],"curies":[{"name":"wp","href":"https:\/\/api.w.org\/{rel}","templated":true}]}}