{"id":7681,"date":"2024-09-05T06:14:56","date_gmt":"2024-09-05T06:14:56","guid":{"rendered":"https:\/\/pracek.si\/ekrani-za-prenosnike\/?post_type=product&#038;p=7681"},"modified":"2024-12-05T09:48:13","modified_gmt":"2024-12-05T09:48:13","slug":"b156han13-0-b156han08-0-lcd-zaslon-15-6-fhd-144hz-ips-mat-z-lepilnim-trakom-nov","status":"publish","type":"product","link":"https:\/\/pracek.si\/ekrani-za-prenosnike\/product\/b156han13-0-b156han08-0-lcd-zaslon-15-6-fhd-144hz-ips-mat-z-lepilnim-trakom-nov\/","title":{"rendered":"B156HAN13.0\/B156HAN08.0 LCD zaslon 15.6&#8243; FHD 144Hz IPS mat z lepilnim trakom nov"},"content":{"rendered":"<p><strong>Dejanski model LCD ekrana: n156hra-ea1 REV C1 \/ N156HRA-GAA Rev.c1 \/ N156HMA-GA1 REV C2 \u2013 popolnoma zdru\u017eljiv z LCD ekranom B156HAN13.0, B156HAN08.0<\/strong><\/p>\n<p>Izbolj\u0161ajte zmogljivost prikaza va\u0161ega prenosnika z LCD zaslonom B156HAN13.0 ali B156HAN08.0 15.6&#8243;. Zasnovan za zagotavljanje osupljive Full HD (1920&#215;1080) lo\u010dljivosti, je ta zaslon popoln za tiste, ki potrebujejo visoko kakovostno sliko in natan\u010dne barve. S hitrostjo osve\u017eevanja 144Hz omogo\u010da gladko in teko\u010de gibanje, kar je idealno za igranje iger ali uporabo multimedije.<\/p>\n<p>Zaslon uporablja IPS tehnologijo, ki zagotavlja \u017eivahne barve in \u0161iroke kote gledanja, medtem ko matirana povr\u0161ina zmanj\u0161uje ble\u0161\u010danje za udobno gledanje v vseh svetlobnih pogojih. Povezava eDP s 40-pinskimi konektorji zagotavlja stabilno in varno povezavo z va\u0161im prenosnikom.<\/p>\n<p>Paket vklju\u010duje obojestranski lepilni trak za enostavno namestitev, vendar zaslon ne vsebuje zgornjih in spodnjih nosilcev. Izdelek je v novem stanju, kar zagotavlja brezhiben zaslon, pripravljen za takoj\u0161njo uporabo.<\/p>\n","protected":false},"excerpt":{"rendered":"<p>Nadgradite svoj prenosnik z LCD zaslonom B156HAN13.0\/B156HAN08.0 15.6&#8243;. Z lo\u010dljivostjo FHD, hitrostjo osve\u017eevanja 144Hz, IPS tehnologijo in matiranim premazom zagotavlja gladko sliko in \u017eive barve. Vklju\u010duje obojestranski lepilni trak za enostavno namestitev. Stanje: novo.<\/p>\n","protected":false},"featured_media":7673,"template":"","meta":[],"product_brand":[],"product_cat":[50],"product_tag":[],"class_list":{"0":"post-7681","1":"product","2":"type-product","3":"status-publish","4":"has-post-thumbnail","6":"product_cat-15-6","8":"first","9":"instock","10":"taxable","11":"shipping-taxable","12":"purchasable","13":"product-type-simple"},"_links":{"self":[{"href":"https:\/\/pracek.si\/ekrani-za-prenosnike\/wp-json\/wp\/v2\/product\/7681","targetHints":{"allow":["GET"]}}],"collection":[{"href":"https:\/\/pracek.si\/ekrani-za-prenosnike\/wp-json\/wp\/v2\/product"}],"about":[{"href":"https:\/\/pracek.si\/ekrani-za-prenosnike\/wp-json\/wp\/v2\/types\/product"}],"wp:featuredmedia":[{"embeddable":true,"href":"https:\/\/pracek.si\/ekrani-za-prenosnike\/wp-json\/wp\/v2\/media\/7673"}],"wp:attachment":[{"href":"https:\/\/pracek.si\/ekrani-za-prenosnike\/wp-json\/wp\/v2\/media?parent=7681"}],"wp:term":[{"taxonomy":"product_brand","embeddable":true,"href":"https:\/\/pracek.si\/ekrani-za-prenosnike\/wp-json\/wp\/v2\/product_brand?post=7681"},{"taxonomy":"product_cat","embeddable":true,"href":"https:\/\/pracek.si\/ekrani-za-prenosnike\/wp-json\/wp\/v2\/product_cat?post=7681"},{"taxonomy":"product_tag","embeddable":true,"href":"https:\/\/pracek.si\/ekrani-za-prenosnike\/wp-json\/wp\/v2\/product_tag?post=7681"}],"curies":[{"name":"wp","href":"https:\/\/api.w.org\/{rel}","templated":true}]}}