{"id":7696,"date":"2024-09-05T18:38:57","date_gmt":"2024-09-05T18:38:57","guid":{"rendered":"https:\/\/pracek.si\/ekrani-za-prenosnike\/?post_type=product&#038;p=7696"},"modified":"2024-12-05T09:49:31","modified_gmt":"2024-12-05T09:49:31","slug":"hp-victus-15-156-fhd-ips-lcd-zaslon-144hz-z-lepilom-nov","status":"publish","type":"product","link":"https:\/\/pracek.si\/ekrani-za-prenosnike\/product\/hp-victus-15-156-fhd-ips-lcd-zaslon-144hz-z-lepilom-nov\/","title":{"rendered":"HP Victus 15 15,6&#8243; FHD IPS LCD zaslon 144Hz z lepilom Nov"},"content":{"rendered":"<p><strong>Dejanski model LCD ekrana: n156hra-ea1 REV C1 \/ N156HRA-GAA Rev.c1 \/ N156HMA-GA1 REV C2 \u2013 popolnoma zdru\u017eljiv z LCD ekranom za prenosnik HP Victus 15-fa0020nr, 15-fa0024nr, 15-fa0027nr<\/strong><\/p>\n<p>Izbolj\u0161ajte zmogljivost svojega prenosnika HP Victus 15 s tem popolnoma novim 15,6&#8243; FHD IPS LCD zaslonom, zasnovanim posebej za modele 15-fa0020nr, 15-fa0024nr in 15-fa0027nr. Zaslon ponuja izjemno jasnost z lo\u010dljivostjo Full HD (1920&#215;1080), kar zagotavlja ostre in \u017eive barve za popolno do\u017eivetje. S frekvenco osve\u017eevanja 144Hz je idealen za igranje iger, urejanje videoposnetkov ali vsakodnevno uporabo.<\/p>\n<p>Matirana povr\u0161ina zmanj\u0161a ble\u0161\u010danje, kar omogo\u010da udobno gledanje v razli\u010dnih svetlobnih pogojih, medtem ko IPS tehnologija zagotavlja \u0161iroke kote gledanja in natan\u010dnost barv. 40-pinski EDP priklju\u010dek zagotavlja varno in zanesljivo povezavo z va\u0161im prenosnikom.<\/p>\n<p>Ta nadomestni zaslon vklju\u010duje obojestranski lepilni trak za enostavno namestitev, kar vam omogo\u010da hitro in enostavno zamenjavo zaslona. Prosimo, upo\u0161tevajte, da zaslon ne vklju\u010duje zgornjih in spodnjih nosilcev. Stanje: nov, pripravljen za namestitev.<\/p>\n","protected":false},"excerpt":{"rendered":"<p>Nadgradite svoj prenosnik HP Victus 15 z novim 15,6&#8243; FHD IPS zaslonom. Zdru\u017eljiv z modeli 15-fa0020nr, 15-fa0024nr in 15-fa0027nr, ta 40-pinski EDP zaslon ponuja frekvenco osve\u017eevanja 144Hz, mat povr\u0161ino in vklju\u010duje obojestranski lepilni trak za enostavno namestitev. Stanje: novo.<\/p>\n","protected":false},"featured_media":7673,"template":"","meta":[],"product_brand":[],"product_cat":[50],"product_tag":[62],"class_list":{"0":"post-7696","1":"product","2":"type-product","3":"status-publish","4":"has-post-thumbnail","6":"product_cat-15-6","7":"product_tag-hp","9":"first","10":"instock","11":"taxable","12":"shipping-taxable","13":"purchasable","14":"product-type-simple"},"_links":{"self":[{"href":"https:\/\/pracek.si\/ekrani-za-prenosnike\/wp-json\/wp\/v2\/product\/7696","targetHints":{"allow":["GET"]}}],"collection":[{"href":"https:\/\/pracek.si\/ekrani-za-prenosnike\/wp-json\/wp\/v2\/product"}],"about":[{"href":"https:\/\/pracek.si\/ekrani-za-prenosnike\/wp-json\/wp\/v2\/types\/product"}],"wp:featuredmedia":[{"embeddable":true,"href":"https:\/\/pracek.si\/ekrani-za-prenosnike\/wp-json\/wp\/v2\/media\/7673"}],"wp:attachment":[{"href":"https:\/\/pracek.si\/ekrani-za-prenosnike\/wp-json\/wp\/v2\/media?parent=7696"}],"wp:term":[{"taxonomy":"product_brand","embeddable":true,"href":"https:\/\/pracek.si\/ekrani-za-prenosnike\/wp-json\/wp\/v2\/product_brand?post=7696"},{"taxonomy":"product_cat","embeddable":true,"href":"https:\/\/pracek.si\/ekrani-za-prenosnike\/wp-json\/wp\/v2\/product_cat?post=7696"},{"taxonomy":"product_tag","embeddable":true,"href":"https:\/\/pracek.si\/ekrani-za-prenosnike\/wp-json\/wp\/v2\/product_tag?post=7696"}],"curies":[{"name":"wp","href":"https:\/\/api.w.org\/{rel}","templated":true}]}}