{"id":7716,"date":"2024-09-06T19:07:12","date_gmt":"2024-09-06T19:07:12","guid":{"rendered":"https:\/\/pracek.si\/ekrani-za-prenosnike\/?post_type=product&#038;p=7716"},"modified":"2024-12-09T06:45:00","modified_gmt":"2024-12-09T06:45:00","slug":"hp-omen-16-16-b0509la-lcd-ekran-161-fhd-mat-ips-edp-30pin-z-lepilnim-trakom-nov","status":"publish","type":"product","link":"https:\/\/pracek.si\/ekrani-za-prenosnike\/product\/hp-omen-16-16-b0509la-lcd-ekran-161-fhd-mat-ips-edp-30pin-z-lepilnim-trakom-nov\/","title":{"rendered":"HP Omen 16-16-b0509la LCD ekran 16,1&#8243; FHD mat IPS eDP 30pin z lepilnim trakom Nov"},"content":{"rendered":"<p><strong>Dejanski model LCD ekrana: N161HCA-EA3 Rev. c2 \u2013 popolnoma zdru\u017eljiv z LCD zaslonom za prenosnik HP Omen 6-16-b0509la<\/strong><\/p>\n<p>Izbolj\u0161ajte prikaz na svojem HP Omen 16-16-b0509la z visokokakovostnim nadomestnim LCD zaslonom. Zaslon velikosti 16,1\u2033 z Full HD lo\u010dljivostjo ima IPS tehnologijo, ki zagotavlja ostre in \u017eive barve ter \u0161iroke kote gledanja. Matirana povr\u0161ina zmanj\u0161uje ble\u0161\u010danje, kar je idealno za razli\u010dne svetlobne pogoje. TFT zaslon zagotavlja jasne slike tudi pri hitrih premikih, kar je popolno za igre in multimedijske vsebine.<\/p>\n<p>LCD zaslon se povezuje prek 30-pinskega eDP priklju\u010dka, kar zagotavlja zanesljivo povezavo z va\u0161im prenosnikom. Vklju\u010den je tudi obojestranski lepilni trak za enostavno namestitev. Prosimo, upo\u0161tevajte, da zaslon ne vsebuje zgornjih in spodnjih nosilcev.<\/p>\n<p>Zasnovan je za brezhibno zdru\u017eljivost s HP Omen modeli, zaslon je popolnoma nov in zagotavlja optimalno zmogljivost pri igrah ali vsakodnevni uporabi.<\/p>\n","protected":false},"excerpt":{"rendered":"<p>Nadgradite svoj HP Omen z novim 16,1&#8243; FHD mat LCD zaslonom, ki vsebuje IPS tehnologijo, 30-pinski eDP priklju\u010dek in TFT zaslon. Vklju\u010duje obojestranski lepilni trak za enostavno namestitev. Stanje: novo, brez zgornjih in spodnjih nosilcev.<\/p>\n","protected":false},"featured_media":7709,"template":"","meta":[],"product_brand":[],"product_cat":[66],"product_tag":[62],"class_list":{"0":"post-7716","1":"product","2":"type-product","3":"status-publish","4":"has-post-thumbnail","6":"product_cat-16-1","7":"product_tag-hp","9":"first","10":"instock","11":"taxable","12":"shipping-taxable","13":"purchasable","14":"product-type-simple"},"_links":{"self":[{"href":"https:\/\/pracek.si\/ekrani-za-prenosnike\/wp-json\/wp\/v2\/product\/7716","targetHints":{"allow":["GET"]}}],"collection":[{"href":"https:\/\/pracek.si\/ekrani-za-prenosnike\/wp-json\/wp\/v2\/product"}],"about":[{"href":"https:\/\/pracek.si\/ekrani-za-prenosnike\/wp-json\/wp\/v2\/types\/product"}],"wp:featuredmedia":[{"embeddable":true,"href":"https:\/\/pracek.si\/ekrani-za-prenosnike\/wp-json\/wp\/v2\/media\/7709"}],"wp:attachment":[{"href":"https:\/\/pracek.si\/ekrani-za-prenosnike\/wp-json\/wp\/v2\/media?parent=7716"}],"wp:term":[{"taxonomy":"product_brand","embeddable":true,"href":"https:\/\/pracek.si\/ekrani-za-prenosnike\/wp-json\/wp\/v2\/product_brand?post=7716"},{"taxonomy":"product_cat","embeddable":true,"href":"https:\/\/pracek.si\/ekrani-za-prenosnike\/wp-json\/wp\/v2\/product_cat?post=7716"},{"taxonomy":"product_tag","embeddable":true,"href":"https:\/\/pracek.si\/ekrani-za-prenosnike\/wp-json\/wp\/v2\/product_tag?post=7716"}],"curies":[{"name":"wp","href":"https:\/\/api.w.org\/{rel}","templated":true}]}}