{"id":7739,"date":"2024-09-07T18:05:13","date_gmt":"2024-09-07T18:05:13","guid":{"rendered":"https:\/\/pracek.si\/ekrani-za-prenosnike\/?post_type=product&#038;p=7739"},"modified":"2026-04-16T09:07:37","modified_gmt":"2026-04-16T09:07:37","slug":"hp-elitebook-850-g8-lcd-zaslon-156-4k-uhd-ips-40-pin-z-lepilnim-trakom-nov","status":"publish","type":"product","link":"https:\/\/pracek.si\/ekrani-za-prenosnike\/product\/hp-elitebook-850-g8-lcd-zaslon-156-4k-uhd-ips-40-pin-z-lepilnim-trakom-nov\/","title":{"rendered":"HP EliteBook 850 G8 LCD zaslon 15,6&#8243; 4K UHD IPS 40 pin z lepilnim trakom Nov"},"content":{"rendered":"<p><strong>Dejanski model LCD ekrana: B156ZAN03.6 \u2013 popolnoma zdru\u017eljiv z LCD ekranom za prenosnik HP EliteBook 850 G8 &#8211; non-touch<\/strong><\/p>\n<p>Izbolj\u0161ajte svojo izku\u0161njo s HP EliteBook 850 G8 z vrhunskim 15,6&#8243; 4K UHD LCD zaslonom, ki je zasnovan za tiste, ki si \u017eelijo vrhunske vizualne jasnosti. Z lo\u010dljivostjo 3840&#215;2160 ta zaslon brez dotika zagotavlja ultra visoko lo\u010dljivost za delo, medije in oblikovalske naloge. IPS tehnologija omogo\u010da \u0161iroke kote gledanja in \u017eivahne, natan\u010dne barve, medtem ko barvni prostor sRGB zajema \u0161irok spekter barv, kar je idealno za ustvarjalce.<\/p>\n<p>Mat povr\u0161ina zmanj\u0161uje ble\u0161\u010danje v svetlih okoljih, zaradi \u010desar je zaslon primeren za dolgotrajno uporabo v razli\u010dnih svetlobnih pogojih. Zaslon vklju\u010duje 40-pinski eDP konektor za zanesljiv in hiter prenos podatkov. Obojestranski lepilni trak je prilo\u017een za enostavno namestitev, kar omogo\u010da preprosto zamenjavo va\u0161ega trenutnega zaslona.<\/p>\n<p>Opozoriti je treba, da ta zaslon ne vklju\u010duje zgornjih in spodnjih nosilcev. Zaslon je v popolnoma novem stanju, kar zagotavlja optimalno zmogljivost.<\/p>\n","protected":false},"excerpt":{"rendered":"<p>Nadgradite svoj HP EliteBook 850 G8 z novim 15,6&#8243; 4K UHD LCD zaslonom. Ta matirani zaslon brez dotika ponuja osupljivo lo\u010dljivost 3840&#215;2160, barvno natan\u010dnost sRGB in IPS tehnologijo. Vklju\u010duje 40-pinski eDP konektor in obojestranski lepilni trak za enostavno namestitev. Stanje: novo.<\/p>\n","protected":false},"featured_media":7731,"template":"","meta":[],"product_brand":[],"product_cat":[50],"product_tag":[72,62],"class_list":{"0":"post-7739","1":"product","2":"type-product","3":"status-publish","4":"has-post-thumbnail","6":"product_cat-15-6","7":"product_tag-elitebook","8":"product_tag-hp","10":"first","11":"outofstock","12":"taxable","13":"shipping-taxable","14":"purchasable","15":"product-type-simple"},"_links":{"self":[{"href":"https:\/\/pracek.si\/ekrani-za-prenosnike\/wp-json\/wp\/v2\/product\/7739","targetHints":{"allow":["GET"]}}],"collection":[{"href":"https:\/\/pracek.si\/ekrani-za-prenosnike\/wp-json\/wp\/v2\/product"}],"about":[{"href":"https:\/\/pracek.si\/ekrani-za-prenosnike\/wp-json\/wp\/v2\/types\/product"}],"wp:featuredmedia":[{"embeddable":true,"href":"https:\/\/pracek.si\/ekrani-za-prenosnike\/wp-json\/wp\/v2\/media\/7731"}],"wp:attachment":[{"href":"https:\/\/pracek.si\/ekrani-za-prenosnike\/wp-json\/wp\/v2\/media?parent=7739"}],"wp:term":[{"taxonomy":"product_brand","embeddable":true,"href":"https:\/\/pracek.si\/ekrani-za-prenosnike\/wp-json\/wp\/v2\/product_brand?post=7739"},{"taxonomy":"product_cat","embeddable":true,"href":"https:\/\/pracek.si\/ekrani-za-prenosnike\/wp-json\/wp\/v2\/product_cat?post=7739"},{"taxonomy":"product_tag","embeddable":true,"href":"https:\/\/pracek.si\/ekrani-za-prenosnike\/wp-json\/wp\/v2\/product_tag?post=7739"}],"curies":[{"name":"wp","href":"https:\/\/api.w.org\/{rel}","templated":true}]}}