{"id":7786,"date":"2024-10-22T08:51:56","date_gmt":"2024-10-22T08:51:56","guid":{"rendered":"https:\/\/pracek.si\/ekrani-za-prenosnike\/?post_type=product&#038;p=7786"},"modified":"2024-12-12T08:37:16","modified_gmt":"2024-12-12T08:37:16","slug":"nov-173-mat-full-hd-ips-lcd-zaslon-805696-002-z-nosilci-edp-30-pin","status":"publish","type":"product","link":"https:\/\/pracek.si\/ekrani-za-prenosnike\/product\/nov-173-mat-full-hd-ips-lcd-zaslon-805696-002-z-nosilci-edp-30-pin\/","title":{"rendered":"Nov 17,3&#8243; mat Full HD IPS LCD zaslon 805696-002 z nosilci EDP 30-pin"},"content":{"rendered":"<p><strong>Dejanski model zaslona: N173HCE-E31 Rev. C2 \/ NV173FHM-N41 v8.0 &#8211; Popolnomma zdru\u017eljiv s model HP 805696-002<br \/>\n<\/strong><\/p>\n<p>Izbolj\u0161ajte svojo vizualno izku\u0161njo s tem vrhunskim 17,3-pal\u010dnim matiranim Full HD (1920&#215;1080) IPS LCD zaslonom. Zasnovan za jasnost in \u017eivahne barve, IPS tehnologija zagotavlja \u0161iroke vidne kote in dosledno kakovost slike. Ta ekran ima 30-pinski EDP priklju\u010dek, kar zagotavlja zdru\u017eljivost s \u0161tevilnimi modeli prenosnikov. Vklju\u010deni zgornji in spodnji nosilci poenostavijo namestitev, zaradi \u010desar je idealna zamenjava ali nadgradnja za va\u0161 trenutni LCD zaslon. Popolnoma nov in v odli\u010dnem stanju, \u0161tevilka dela 805696-002, je popolna re\u0161itev za obnovitev zmogljivosti ekrana va\u0161ega prenosnika.<\/p>\n<p>&nbsp;<\/p>\n","protected":false},"excerpt":{"rendered":"<p>Nadgradite svoj prenosnik z novim 17,3-pal\u010dnim matiranim Full HD IPS LCD zaslonom (\u0161tevilka dela 805696-002). Vklju\u010duje 30-pinski EDP vmesnik in zgornje ter spodnje nosilce za enostavno namestitev.<\/p>\n","protected":false},"featured_media":7341,"template":"","meta":[],"product_brand":[],"product_cat":[52],"product_tag":[62],"class_list":{"0":"post-7786","1":"product","2":"type-product","3":"status-publish","4":"has-post-thumbnail","6":"product_cat-17-3","7":"product_tag-hp","9":"first","10":"instock","11":"taxable","12":"shipping-taxable","13":"purchasable","14":"product-type-simple"},"_links":{"self":[{"href":"https:\/\/pracek.si\/ekrani-za-prenosnike\/wp-json\/wp\/v2\/product\/7786","targetHints":{"allow":["GET"]}}],"collection":[{"href":"https:\/\/pracek.si\/ekrani-za-prenosnike\/wp-json\/wp\/v2\/product"}],"about":[{"href":"https:\/\/pracek.si\/ekrani-za-prenosnike\/wp-json\/wp\/v2\/types\/product"}],"wp:featuredmedia":[{"embeddable":true,"href":"https:\/\/pracek.si\/ekrani-za-prenosnike\/wp-json\/wp\/v2\/media\/7341"}],"wp:attachment":[{"href":"https:\/\/pracek.si\/ekrani-za-prenosnike\/wp-json\/wp\/v2\/media?parent=7786"}],"wp:term":[{"taxonomy":"product_brand","embeddable":true,"href":"https:\/\/pracek.si\/ekrani-za-prenosnike\/wp-json\/wp\/v2\/product_brand?post=7786"},{"taxonomy":"product_cat","embeddable":true,"href":"https:\/\/pracek.si\/ekrani-za-prenosnike\/wp-json\/wp\/v2\/product_cat?post=7786"},{"taxonomy":"product_tag","embeddable":true,"href":"https:\/\/pracek.si\/ekrani-za-prenosnike\/wp-json\/wp\/v2\/product_tag?post=7786"}],"curies":[{"name":"wp","href":"https:\/\/api.w.org\/{rel}","templated":true}]}}