{"id":7822,"date":"2024-11-05T08:28:37","date_gmt":"2024-11-05T08:28:37","guid":{"rendered":"https:\/\/pracek.si\/ekrani-za-prenosnike\/?post_type=product&#038;p=7822"},"modified":"2024-12-12T08:32:59","modified_gmt":"2024-12-12T08:32:59","slug":"lcd-zaslon-za-dell-inspiron-17-3793-17-3-1600x900-hd-30-pin-nov","status":"publish","type":"product","link":"https:\/\/pracek.si\/ekrani-za-prenosnike\/product\/lcd-zaslon-za-dell-inspiron-17-3793-17-3-1600x900-hd-30-pin-nov\/","title":{"rendered":"LCD Zaslon za Dell Inspiron 17 3793 17.3&#8243; 1600&#215;900 HD+ 30-Pin Nov"},"content":{"rendered":"<p><strong>Dejanski model LCD ekrana: NT173WDM-N27 \u2013 popolnoma zdru\u017eljiv z LCD ekranom za prenosnik Dell Inspiron 17 3793 &#8211; non-touch<\/strong><\/p>\n<p>Nadgradite svoj prenosnik Dell Inspiron 17 3793 brez dotika s tem visokokakovostnim LCD zaslonom velikosti 17,3&#8243;. Zaslon je zasnovan posebej za va\u0161o napravo in ima 30-pinsko povezavo ter lo\u010dljivost 1600&#215;900 HD+, kar zagotavlja jasno in \u017eivahno vizualno izku\u0161njo. Mat povr\u0161ina zmanj\u0161uje odseve, kar ga naredi primernega za razli\u010dne svetlobne pogoje.<\/p>\n<p>Ta LED zaslon je zaslon brez IPS tehnologije, ki zagotavlja zanesljivo delovanje za vsakodnevne naloge, kot so brskanje po spletu, delo in gledanje medijev. Zaslon vklju\u010duje zgornje in spodnje nosilce, kar olaj\u0161a namestitev.<\/p>\n<p>Stanje: Novo. Poskrbite, da bo va\u0161 prenosnik videti in delovati kar najbolje s tem vrhunskim nadomestnim zaslonom, zasnovanim za enostavno zdru\u017eljivost in dolgo trajnost.<\/p>\n","protected":false},"excerpt":{"rendered":"<p>Zamenjajte zaslon svojega prenosnika Dell Inspiron 17 3793 z novim LCD zaslonom velikosti 17,3&#8243;. Z 30-pinsko povezavo in lo\u010dljivostjo 1600&#215;900 HD+ ter matirano povr\u0161ino zagotavlja zanesljivo delovanje. Vklju\u010duje zgornje in spodnje nosilce za enostavno namestitev.<\/p>\n","protected":false},"featured_media":7814,"template":"","meta":[],"product_brand":[],"product_cat":[52],"product_tag":[64],"class_list":{"0":"post-7822","1":"product","2":"type-product","3":"status-publish","4":"has-post-thumbnail","6":"product_cat-17-3","7":"product_tag-dell","9":"first","10":"instock","11":"taxable","12":"shipping-taxable","13":"purchasable","14":"product-type-simple"},"_links":{"self":[{"href":"https:\/\/pracek.si\/ekrani-za-prenosnike\/wp-json\/wp\/v2\/product\/7822","targetHints":{"allow":["GET"]}}],"collection":[{"href":"https:\/\/pracek.si\/ekrani-za-prenosnike\/wp-json\/wp\/v2\/product"}],"about":[{"href":"https:\/\/pracek.si\/ekrani-za-prenosnike\/wp-json\/wp\/v2\/types\/product"}],"wp:featuredmedia":[{"embeddable":true,"href":"https:\/\/pracek.si\/ekrani-za-prenosnike\/wp-json\/wp\/v2\/media\/7814"}],"wp:attachment":[{"href":"https:\/\/pracek.si\/ekrani-za-prenosnike\/wp-json\/wp\/v2\/media?parent=7822"}],"wp:term":[{"taxonomy":"product_brand","embeddable":true,"href":"https:\/\/pracek.si\/ekrani-za-prenosnike\/wp-json\/wp\/v2\/product_brand?post=7822"},{"taxonomy":"product_cat","embeddable":true,"href":"https:\/\/pracek.si\/ekrani-za-prenosnike\/wp-json\/wp\/v2\/product_cat?post=7822"},{"taxonomy":"product_tag","embeddable":true,"href":"https:\/\/pracek.si\/ekrani-za-prenosnike\/wp-json\/wp\/v2\/product_tag?post=7822"}],"curies":[{"name":"wp","href":"https:\/\/api.w.org\/{rel}","templated":true}]}}