{"id":7834,"date":"2024-11-05T18:17:32","date_gmt":"2024-11-05T18:17:32","guid":{"rendered":"https:\/\/pracek.si\/ekrani-za-prenosnike\/?post_type=product&#038;p=7834"},"modified":"2024-11-05T18:17:32","modified_gmt":"2024-11-05T18:17:32","slug":"lcd-zaslon-173-842648-3g1-30-pin-mat-hd-led-brez-dotika-nov","status":"publish","type":"product","link":"https:\/\/pracek.si\/ekrani-za-prenosnike\/product\/lcd-zaslon-173-842648-3g1-30-pin-mat-hd-led-brez-dotika-nov\/","title":{"rendered":"LCD Zaslon 17,3&#8243; 842648-3G1 30 Pin Mat HD+ LED Brez Dotika Nov"},"content":{"rendered":"<p><strong>Dejanski model LCD ekrana: NT173WDM-N27 \u2013 popolnoma zdru\u017eljiv z LCD ekranom 842648-3G1<\/strong><\/p>\n<p>O\u017eivite prikaz svojega prenosnika z LCD zaslonom 842648-3G1, visokokakovostno zamenjavo zaslona, zasnovano za brezhibno vizualno izku\u0161njo. Ta LCD zaslon velikosti 17,3&#8243; ima 30-pinsko eDP povezavo in ponuja jasno HD+ lo\u010dljivost 1600&#215;900, kar zagotavlja o\u0161tre in jasne slike.<\/p>\n<p>Mat povr\u0161ina zmanj\u0161uje odseve, kar je idealno za uporabo v razli\u010dnih svetlobnih pogojih, medtem ko LED osvetlitev pove\u010duje svetlost in \u017eivahnost barv. Ta zaslon, ki ni IPS, zagotavlja odli\u010dno delovanje za vsakodnevne ra\u010dunalni\u0161ke naloge, kar ga dela zanesljivo izbiro tako za delo kot za prosti \u010das.<\/p>\n<p>Zaslon vklju\u010duje zgornje in spodnje nosilce, kar poenostavi postopek namestitve in zagotavlja varno prileganje v va\u0161em prenosniku. V popolnoma novem stanju lahko zaupate, da prejmete izdelek, ki ustreza visokim kakovostnim standardom in je pripravljen za obnovitev funkcionalnosti va\u0161e naprave.<\/p>\n","protected":false},"excerpt":{"rendered":"<p>Nadgradite svoj prenosnik z LCD zaslonom 17,3&#8243; (model 842648-3G1) s 30-pinsko povezavo. Ta zaslon brez dotika ponuja HD+ lo\u010dljivost (1600&#215;900) z mat povr\u0161ino za zmanj\u0161anje ble\u0161\u010danja. Vklju\u010duje zgornje in spodnje nosilce za enostavno namestitev. Stanje: novo.<\/p>\n","protected":false},"featured_media":7814,"template":"","meta":[],"product_brand":[],"product_cat":[52],"product_tag":[],"class_list":{"0":"post-7834","1":"product","2":"type-product","3":"status-publish","4":"has-post-thumbnail","6":"product_cat-17-3","8":"first","9":"instock","10":"taxable","11":"shipping-taxable","12":"purchasable","13":"product-type-simple"},"_links":{"self":[{"href":"https:\/\/pracek.si\/ekrani-za-prenosnike\/wp-json\/wp\/v2\/product\/7834","targetHints":{"allow":["GET"]}}],"collection":[{"href":"https:\/\/pracek.si\/ekrani-za-prenosnike\/wp-json\/wp\/v2\/product"}],"about":[{"href":"https:\/\/pracek.si\/ekrani-za-prenosnike\/wp-json\/wp\/v2\/types\/product"}],"wp:featuredmedia":[{"embeddable":true,"href":"https:\/\/pracek.si\/ekrani-za-prenosnike\/wp-json\/wp\/v2\/media\/7814"}],"wp:attachment":[{"href":"https:\/\/pracek.si\/ekrani-za-prenosnike\/wp-json\/wp\/v2\/media?parent=7834"}],"wp:term":[{"taxonomy":"product_brand","embeddable":true,"href":"https:\/\/pracek.si\/ekrani-za-prenosnike\/wp-json\/wp\/v2\/product_brand?post=7834"},{"taxonomy":"product_cat","embeddable":true,"href":"https:\/\/pracek.si\/ekrani-za-prenosnike\/wp-json\/wp\/v2\/product_cat?post=7834"},{"taxonomy":"product_tag","embeddable":true,"href":"https:\/\/pracek.si\/ekrani-za-prenosnike\/wp-json\/wp\/v2\/product_tag?post=7834"}],"curies":[{"name":"wp","href":"https:\/\/api.w.org\/{rel}","templated":true}]}}