{"id":7840,"date":"2024-11-05T19:05:11","date_gmt":"2024-11-05T19:05:11","guid":{"rendered":"https:\/\/pracek.si\/ekrani-za-prenosnike\/?post_type=product&#038;p=7840"},"modified":"2024-12-12T08:38:45","modified_gmt":"2024-12-12T08:38:45","slug":"acer-aspire-e3-111-112-lcd-zaslon-11-6-1366x768-hd-mat-30-pin-nov","status":"publish","type":"product","link":"https:\/\/pracek.si\/ekrani-za-prenosnike\/product\/acer-aspire-e3-111-112-lcd-zaslon-11-6-1366x768-hd-mat-30-pin-nov\/","title":{"rendered":"Acer Aspire E3-111 112 LCD Zaslon 11.6&#8243; 1366&#215;768 HD Mat 30-Pin Nov"},"content":{"rendered":"<p><strong>Dejanski model LCD ekrana: MB116AN01-3 ver 1.1 \u2013 popolnoma zdru\u017eljiv z LCD ekranom za prenosnik Acer Aspire E3-E3-111 112 &#8211; non-touch<\/strong><\/p>\n<p>Nadgradite izku\u0161njo svojega prenosnika s tem visokokakovostnim LCD zaslonom, zasnovanim posebej za model Acer Aspire E3-111 112. Ta 11,6&#8243; zaslon \u0161irokega formata ponuja lo\u010dljivost 1366&#215;768 HD, kar zagotavlja jasne in \u017eivopisne slike za vse va\u0161e ra\u010dunalni\u0161ke potrebe. Mat povr\u0161ina pomaga zmanj\u0161ati odseve, kar je idealno za uporabo v razli\u010dnih svetlobnih pogojih.<\/p>\n<p>Z 30-pinsko povezavo zagotavlja ta zaslon varno in zanesljivo povezavo z va\u0161im napravami. Poleg tega prihaja z zgornjimi in spodnjimi nosilci za enostavno namestitev, kar vam omogo\u010da hitro in u\u010dinkovito zamenjavo starega ali po\u0161kodovanega zaslona. Prosimo, upo\u0161tevajte, da je to zaslon brez dotika in ima LED osvetlitev, kar zagotavlja odli\u010dno svetlost in kontrast barv brez IPS tehnologije.<\/p>\n<p>Zaslon LCD je v povsem novem stanju, pripravljen za izbolj\u0161anje zmogljivosti in kakovosti prikaza va\u0161ega prenosnika.<\/p>\n","protected":false},"excerpt":{"rendered":"<p>Zamenjajte zaslon svojega prenosnika Acer Aspire E3-111 112 s tem 11,6&#8243; LCD zaslonom. Z lo\u010dljivostjo 1366&#215;768 HD, mat povr\u0161ino in 30-pinsko povezavo ta zaslon brez dotika vklju\u010duje zgornje in spodnje nosilce za enostavno namestitev. Stanje: novo.<\/p>\n","protected":false},"featured_media":7837,"template":"","meta":[],"product_brand":[],"product_cat":[78],"product_tag":[59],"class_list":{"0":"post-7840","1":"product","2":"type-product","3":"status-publish","4":"has-post-thumbnail","6":"product_cat-11-6","7":"product_tag-acer","9":"first","10":"instock","11":"taxable","12":"shipping-taxable","13":"purchasable","14":"product-type-simple"},"_links":{"self":[{"href":"https:\/\/pracek.si\/ekrani-za-prenosnike\/wp-json\/wp\/v2\/product\/7840","targetHints":{"allow":["GET"]}}],"collection":[{"href":"https:\/\/pracek.si\/ekrani-za-prenosnike\/wp-json\/wp\/v2\/product"}],"about":[{"href":"https:\/\/pracek.si\/ekrani-za-prenosnike\/wp-json\/wp\/v2\/types\/product"}],"wp:featuredmedia":[{"embeddable":true,"href":"https:\/\/pracek.si\/ekrani-za-prenosnike\/wp-json\/wp\/v2\/media\/7837"}],"wp:attachment":[{"href":"https:\/\/pracek.si\/ekrani-za-prenosnike\/wp-json\/wp\/v2\/media?parent=7840"}],"wp:term":[{"taxonomy":"product_brand","embeddable":true,"href":"https:\/\/pracek.si\/ekrani-za-prenosnike\/wp-json\/wp\/v2\/product_brand?post=7840"},{"taxonomy":"product_cat","embeddable":true,"href":"https:\/\/pracek.si\/ekrani-za-prenosnike\/wp-json\/wp\/v2\/product_cat?post=7840"},{"taxonomy":"product_tag","embeddable":true,"href":"https:\/\/pracek.si\/ekrani-za-prenosnike\/wp-json\/wp\/v2\/product_tag?post=7840"}],"curies":[{"name":"wp","href":"https:\/\/api.w.org\/{rel}","templated":true}]}}