{"id":7844,"date":"2024-11-06T07:33:17","date_gmt":"2024-11-06T07:33:17","guid":{"rendered":"https:\/\/pracek.si\/ekrani-za-prenosnike\/?post_type=product&#038;p=7844"},"modified":"2024-12-12T08:38:45","modified_gmt":"2024-12-12T08:38:45","slug":"lcd-zaslon-za-acer-chromebook-11-cb3-111-116-hd-30-pin-mat-led-nov","status":"publish","type":"product","link":"https:\/\/pracek.si\/ekrani-za-prenosnike\/product\/lcd-zaslon-za-acer-chromebook-11-cb3-111-116-hd-30-pin-mat-led-nov\/","title":{"rendered":"LCD zaslon za Acer Chromebook 11 CB3-111 11,6&#8243; HD 30-Pin mat LED Nov"},"content":{"rendered":"<p><strong>Dejanski model LCD ekrana: MB116AN01-3 ver 1.1 \u2013 popolnoma zdru\u017eljiv z LCD ekranom za prenosnik Acer Chromebook 11 CB3-111 Series &#8211; non-touch<\/strong><\/p>\n<p>Nadgradite svoj Acer Chromebook 11 CB3-111 Series z zanesljivim nadomestnim LCD zaslonom. Ta 11,6-pal\u010dni zaslon v \u0161irokem formatu ponuja jasno HD lo\u010dljivost (1366&#215;768) za \u010diste in jasne slike. Zaslon je brez dotika, z mat povr\u0161ino, kar zmanj\u0161uje ble\u0161\u010danje za udobnej\u0161e gledanje. Ima 30-pinski eDP priklju\u010dek in LED osvetlitev ozadja, ki zagotavlja energetsko u\u010dinkovitost in dolgo \u017eivljenjsko dobo.<\/p>\n<p>Zaslon ima levo in desno nosilno dr\u017ealo, kar poenostavi namestitev in omogo\u010da stabilno pritrditev. Zasnovan je za vzdr\u017eljivost, zato je odli\u010dna izbira za zamenjavo po\u0161kodovanih ali pokvarjenih zaslonov na va\u0161em Chromebooku. Opomba: Ta model ni IPS, kar zagotavlja klasi\u010dno izku\u0161njo prikaza.<\/p>\n<p>Stanje: popolnoma nov, testiran za kakovost in pripravljen za obnovitev delovanja va\u0161ega prenosnika.<\/p>\n","protected":false},"excerpt":{"rendered":"<p>Zamenjajte zaslon svojega prenosnika z novim 11,6&#8243; HD LCD zaslonom za Acer Chromebook 11 CB3-111 Series. Brez dotika, matirana povr\u0161ina, lo\u010dljivost 1366&#215;768, 30-pinski eDP priklju\u010dek, z levim in desnim nosilcem. Stanje: novo.<\/p>\n","protected":false},"featured_media":7837,"template":"","meta":[],"product_brand":[],"product_cat":[78],"product_tag":[59],"class_list":{"0":"post-7844","1":"product","2":"type-product","3":"status-publish","4":"has-post-thumbnail","6":"product_cat-11-6","7":"product_tag-acer","9":"first","10":"instock","11":"taxable","12":"shipping-taxable","13":"purchasable","14":"product-type-simple"},"_links":{"self":[{"href":"https:\/\/pracek.si\/ekrani-za-prenosnike\/wp-json\/wp\/v2\/product\/7844","targetHints":{"allow":["GET"]}}],"collection":[{"href":"https:\/\/pracek.si\/ekrani-za-prenosnike\/wp-json\/wp\/v2\/product"}],"about":[{"href":"https:\/\/pracek.si\/ekrani-za-prenosnike\/wp-json\/wp\/v2\/types\/product"}],"wp:featuredmedia":[{"embeddable":true,"href":"https:\/\/pracek.si\/ekrani-za-prenosnike\/wp-json\/wp\/v2\/media\/7837"}],"wp:attachment":[{"href":"https:\/\/pracek.si\/ekrani-za-prenosnike\/wp-json\/wp\/v2\/media?parent=7844"}],"wp:term":[{"taxonomy":"product_brand","embeddable":true,"href":"https:\/\/pracek.si\/ekrani-za-prenosnike\/wp-json\/wp\/v2\/product_brand?post=7844"},{"taxonomy":"product_cat","embeddable":true,"href":"https:\/\/pracek.si\/ekrani-za-prenosnike\/wp-json\/wp\/v2\/product_cat?post=7844"},{"taxonomy":"product_tag","embeddable":true,"href":"https:\/\/pracek.si\/ekrani-za-prenosnike\/wp-json\/wp\/v2\/product_tag?post=7844"}],"curies":[{"name":"wp","href":"https:\/\/api.w.org\/{rel}","templated":true}]}}