{"id":7846,"date":"2024-11-06T07:43:12","date_gmt":"2024-11-06T07:43:12","guid":{"rendered":"https:\/\/pracek.si\/ekrani-za-prenosnike\/?post_type=product&#038;p=7846"},"modified":"2024-12-12T08:39:16","modified_gmt":"2024-12-12T08:39:16","slug":"lcd-zaslon-za-asus-chromebook-c201p-116-hd-matte-30-pin-brez-na-dotik-novo","status":"publish","type":"product","link":"https:\/\/pracek.si\/ekrani-za-prenosnike\/product\/lcd-zaslon-za-asus-chromebook-c201p-116-hd-matte-30-pin-brez-na-dotik-novo\/","title":{"rendered":"LCD zaslon za ASUS Chromebook C201P 11,6&#8243; HD Matte 30-pin brez na dotik Novo"},"content":{"rendered":"<p><strong>Dejanski model LCD ekrana: MB116AN01-3 ver 1.1 \u2013 popolnoma zdru\u017eljiv z LCD ekranom za prenosnik ASUS CHROMEBOOK C201P, C201PA &#8211; non-touch<\/strong><\/p>\n<p>Nadgradite svoj ASUS Chromebook C201P ali C201PA s tem vrhunskim 11,6&#8243; LCD zaslonom. Ta zaslon brez na dotik ima lo\u010dljivost 1366&#215;768 HD, kar zagotavlja jasne in ostre slike za vsakodnevno uporabo. Mat povr\u0161ina zmanj\u0161a odseve, kar zagotavlja bolj\u0161o vidljivost v razli\u010dnih svetlobnih pogojih.<\/p>\n<p>Zaslon vklju\u010duje 30-pin eDP povezavo, kar omogo\u010da preprosto namestitev, poleg tega pa ima tudi levi in desni nosilec za varno monta\u017eo. Ta zaslon je idealen za zamenjavo po\u0161kodovanega ali okvarjenega zaslona. Opozoriti je treba, da zaslon ni IPS, kar pomeni, da ne ponuja \u0161irokih kotov gledanja kot IPS zasloni, vendar \u0161e vedno zagotavlja dobro kakovost za obi\u010dajno uporabo.<\/p>\n<p>Ne glede na to, ali popravljate svoj Chromebook ali ga nadgrajujete, je ta nov LCD zaslon zanesljiva in cenovno ugodna re\u0161itev.<\/p>\n","protected":false},"excerpt":{"rendered":"<p>Zamenjajte zaslon na svojem ASUS Chromebook C201P\/C201PA z visoko kakovostnim 11,6&#8243; LCD zaslonom. Z lo\u010dljivostjo 1366&#215;768 HD, mat povr\u0161ino in 30-pin eDP povezavo zagotavlja zanesljive zmogljivosti. Stanje: novo.<\/p>\n","protected":false},"featured_media":7837,"template":"","meta":[],"product_brand":[],"product_cat":[78],"product_tag":[58],"class_list":{"0":"post-7846","1":"product","2":"type-product","3":"status-publish","4":"has-post-thumbnail","6":"product_cat-11-6","7":"product_tag-asus","9":"first","10":"instock","11":"taxable","12":"shipping-taxable","13":"purchasable","14":"product-type-simple"},"_links":{"self":[{"href":"https:\/\/pracek.si\/ekrani-za-prenosnike\/wp-json\/wp\/v2\/product\/7846","targetHints":{"allow":["GET"]}}],"collection":[{"href":"https:\/\/pracek.si\/ekrani-za-prenosnike\/wp-json\/wp\/v2\/product"}],"about":[{"href":"https:\/\/pracek.si\/ekrani-za-prenosnike\/wp-json\/wp\/v2\/types\/product"}],"wp:featuredmedia":[{"embeddable":true,"href":"https:\/\/pracek.si\/ekrani-za-prenosnike\/wp-json\/wp\/v2\/media\/7837"}],"wp:attachment":[{"href":"https:\/\/pracek.si\/ekrani-za-prenosnike\/wp-json\/wp\/v2\/media?parent=7846"}],"wp:term":[{"taxonomy":"product_brand","embeddable":true,"href":"https:\/\/pracek.si\/ekrani-za-prenosnike\/wp-json\/wp\/v2\/product_brand?post=7846"},{"taxonomy":"product_cat","embeddable":true,"href":"https:\/\/pracek.si\/ekrani-za-prenosnike\/wp-json\/wp\/v2\/product_cat?post=7846"},{"taxonomy":"product_tag","embeddable":true,"href":"https:\/\/pracek.si\/ekrani-za-prenosnike\/wp-json\/wp\/v2\/product_tag?post=7846"}],"curies":[{"name":"wp","href":"https:\/\/api.w.org\/{rel}","templated":true}]}}