{"id":7863,"date":"2024-11-06T11:45:58","date_gmt":"2024-11-06T11:45:58","guid":{"rendered":"https:\/\/pracek.si\/ekrani-za-prenosnike\/?post_type=product&#038;p=7863"},"modified":"2024-11-23T08:04:13","modified_gmt":"2024-11-23T08:04:13","slug":"b116xtn02-3-b116xtn02-5-lcd-116-1366x768-mat-30-pin-brez-dotika-novo","status":"publish","type":"product","link":"https:\/\/pracek.si\/ekrani-za-prenosnike\/product\/b116xtn02-3-b116xtn02-5-lcd-116-1366x768-mat-30-pin-brez-dotika-novo\/","title":{"rendered":"B116XTN02.3\/B116XTN02.5 LCD 11,6&#8243; 1366&#215;768 Mat 30-pin Brez dotika Novo"},"content":{"rendered":"<p><strong>Dejanski model LCD ekrana: MB116AN01-3 ver 1.1 \u2013 popolnoma zdru\u017eljiv z LCD ekranom B116XTN02.3 B116XTN02.5<\/strong><\/p>\n<p>Izbolj\u0161ajte prikaz na va\u0161em prenosniku z LCD zaslonom B116XTN02.3\/B116XTN02.5 11,6&#8243;, zasnovanim za zanesljive zmogljivosti in kakovostno vizualno izku\u0161njo. Ta zaslon ponuja lo\u010dljivost 1366&#215;768 HD, kar zagotavlja jasne in ostre slike. Mat povr\u0161ina zmanj\u0161uje ble\u0161\u010danje in zagotavlja udobno gledanje tudi v svetlih pogojih. 30-pin eDP priklju\u010dek zagotavlja stabilno povezavo z va\u0161o napravo, zaslon pa ni IPS, kar je primerno za obi\u010dajno ra\u010dunalni\u0161ko rabo.<\/p>\n<p>Ta zaslon brez dotika vklju\u010duje leva in desna nosilca za enostavno namestitev in varen pritrditev. Ne glede na to, ali zamenjujete po\u0161kodovan zaslon ali nadgrajujete svoj zaslon, je ta zaslon odli\u010dna izbira. Stanje: novo, kar zagotavlja, da boste prejeli izdelek brez napak, pripravljen za uporabo.<\/p>\n","protected":false},"excerpt":{"rendered":"<p>Nadgradite svoj prenosnik z LCD zaslonom B116XTN02.3\/B116XTN02.5 11,6&#8243;. Ima lo\u010dljivost 1366&#215;768 HD, mat povr\u0161ino in 30-pin eDP priklju\u010dek, zagotavlja zanesljive zmogljivosti. Vklju\u010dena sta leva in desna nosilca. Stanje: novo.<\/p>\n","protected":false},"featured_media":7837,"template":"","meta":[],"product_brand":[],"product_cat":[78],"product_tag":[],"class_list":{"0":"post-7863","1":"product","2":"type-product","3":"status-publish","4":"has-post-thumbnail","6":"product_cat-11-6","8":"first","9":"instock","10":"taxable","11":"shipping-taxable","12":"purchasable","13":"product-type-simple"},"_links":{"self":[{"href":"https:\/\/pracek.si\/ekrani-za-prenosnike\/wp-json\/wp\/v2\/product\/7863","targetHints":{"allow":["GET"]}}],"collection":[{"href":"https:\/\/pracek.si\/ekrani-za-prenosnike\/wp-json\/wp\/v2\/product"}],"about":[{"href":"https:\/\/pracek.si\/ekrani-za-prenosnike\/wp-json\/wp\/v2\/types\/product"}],"wp:featuredmedia":[{"embeddable":true,"href":"https:\/\/pracek.si\/ekrani-za-prenosnike\/wp-json\/wp\/v2\/media\/7837"}],"wp:attachment":[{"href":"https:\/\/pracek.si\/ekrani-za-prenosnike\/wp-json\/wp\/v2\/media?parent=7863"}],"wp:term":[{"taxonomy":"product_brand","embeddable":true,"href":"https:\/\/pracek.si\/ekrani-za-prenosnike\/wp-json\/wp\/v2\/product_brand?post=7863"},{"taxonomy":"product_cat","embeddable":true,"href":"https:\/\/pracek.si\/ekrani-za-prenosnike\/wp-json\/wp\/v2\/product_cat?post=7863"},{"taxonomy":"product_tag","embeddable":true,"href":"https:\/\/pracek.si\/ekrani-za-prenosnike\/wp-json\/wp\/v2\/product_tag?post=7863"}],"curies":[{"name":"wp","href":"https:\/\/api.w.org\/{rel}","templated":true}]}}