{"id":7872,"date":"2024-11-06T13:31:55","date_gmt":"2024-11-06T13:31:55","guid":{"rendered":"https:\/\/pracek.si\/ekrani-za-prenosnike\/?post_type=product&#038;p=7872"},"modified":"2024-11-23T08:04:37","modified_gmt":"2024-11-23T08:04:37","slug":"0wcdnh-116-lcd-zaslon-1366x768-hd-mat-led-30pin-brez-dotika-z-nosilci","status":"publish","type":"product","link":"https:\/\/pracek.si\/ekrani-za-prenosnike\/product\/0wcdnh-116-lcd-zaslon-1366x768-hd-mat-led-30pin-brez-dotika-z-nosilci\/","title":{"rendered":"0WCDNH 11,6&#8243; LCD Zaslon 1366&#215;768 HD Mat LED 30pin Brez Dotika z Nosilci"},"content":{"rendered":"<p><strong>Dejanski model LCD ekrana: MB116AN01-3 ver 1.1 \u2013 popolnoma zdru\u017eljiv z LCD ekranom 0WCDNH<\/strong><\/p>\n<p>Izbolj\u0161ajte prikaz svojega prenosnika z LCD zaslonom 0WCDNH 11,6&#8243;, zasnovanim za jasen in \u017eivahen prikaz vsebine. Ta zaslon z lo\u010dljivostjo 1366&#215;768 HD ponuja ostra in jasna sliko, kar je idealno za vsakodnevno uporabo. Matirana povr\u0161ina zmanj\u0161a ble\u0161\u010danje, zaradi \u010desar je zaslon primeren za razli\u010dne svetlobne pogoje, medtem ko 30-pinska eDP povezava zagotavlja stabilno in zanesljivo povezavo.<\/p>\n<p>Zaslon vklju\u010duje levi in desni nosilec, kar omogo\u010da enostavno namestitev. Gre za zaslon brez dotika, kar je idealno za standardno uporabo prenosnika. Kljub temu, da ni IPS, LED tehnologija zagotavlja svetel in jasen prikaz. Ne glede na to, ali zamenjujete po\u0161kodovan zaslon ali nadgrajujete svoj zaslon za bolj\u0161o vizualno izku\u0161njo, je LCD zaslon 0WCDNH zanesljiva izbira.<\/p>\n<p>Zaslon je v popolnoma novem stanju, kar zagotavlja, da prejmete izdelek brez napak, pripravljen za namestitev.<\/p>\n","protected":false},"excerpt":{"rendered":"<p>Nadgradite svoj prenosnik z LCD zaslonom 0WCDNH 11,6&#8243;. Ponuja lo\u010dljivost 1366&#215;768 HD, matirano povr\u0161ino in 30-pinsko eDP povezavo za jasen prikaz. Vklju\u010deni so levi in desni nosilci za enostavno namestitev. Stanje: novo.<\/p>\n","protected":false},"featured_media":7837,"template":"","meta":[],"product_brand":[],"product_cat":[78],"product_tag":[],"class_list":{"0":"post-7872","1":"product","2":"type-product","3":"status-publish","4":"has-post-thumbnail","6":"product_cat-11-6","8":"first","9":"instock","10":"taxable","11":"shipping-taxable","12":"purchasable","13":"product-type-simple"},"_links":{"self":[{"href":"https:\/\/pracek.si\/ekrani-za-prenosnike\/wp-json\/wp\/v2\/product\/7872","targetHints":{"allow":["GET"]}}],"collection":[{"href":"https:\/\/pracek.si\/ekrani-za-prenosnike\/wp-json\/wp\/v2\/product"}],"about":[{"href":"https:\/\/pracek.si\/ekrani-za-prenosnike\/wp-json\/wp\/v2\/types\/product"}],"wp:featuredmedia":[{"embeddable":true,"href":"https:\/\/pracek.si\/ekrani-za-prenosnike\/wp-json\/wp\/v2\/media\/7837"}],"wp:attachment":[{"href":"https:\/\/pracek.si\/ekrani-za-prenosnike\/wp-json\/wp\/v2\/media?parent=7872"}],"wp:term":[{"taxonomy":"product_brand","embeddable":true,"href":"https:\/\/pracek.si\/ekrani-za-prenosnike\/wp-json\/wp\/v2\/product_brand?post=7872"},{"taxonomy":"product_cat","embeddable":true,"href":"https:\/\/pracek.si\/ekrani-za-prenosnike\/wp-json\/wp\/v2\/product_cat?post=7872"},{"taxonomy":"product_tag","embeddable":true,"href":"https:\/\/pracek.si\/ekrani-za-prenosnike\/wp-json\/wp\/v2\/product_tag?post=7872"}],"curies":[{"name":"wp","href":"https:\/\/api.w.org\/{rel}","templated":true}]}}