{"id":7910,"date":"2024-11-10T14:46:11","date_gmt":"2024-11-10T14:46:11","guid":{"rendered":"https:\/\/pracek.si\/ekrani-za-prenosnike\/?post_type=product&#038;p=7910"},"modified":"2024-11-10T14:46:11","modified_gmt":"2024-11-10T14:46:11","slug":"125-lcd-zaslon-n125hce-gn1-fhd-ips-30-pin-mat-led-edp-60hz-novo","status":"publish","type":"product","link":"https:\/\/pracek.si\/ekrani-za-prenosnike\/product\/125-lcd-zaslon-n125hce-gn1-fhd-ips-30-pin-mat-led-edp-60hz-novo\/","title":{"rendered":"12,5&#8243; LCD zaslon N125HCE-GN1 FHD IPS 30-pin mat LED eDP 60Hz &#8211; Novo"},"content":{"rendered":"<p><strong>Dejanski model LCD ekrana: B125HAN02.2 V.5 \u2013 popolnoma zdru\u017eljiv z LCD ekranom N125HCE-GN1<\/strong><\/p>\n<p>Nadgradite zaslon svojega prenosnika z novim LCD zaslonom N125HCE-GN1, velikosti 12,5&#8243;, ki zagotavlja izjemno Full HD (1920 x 1080) lo\u010dljivost in \u017eivahne barve. Zaslon z IPS tehnologijo omogo\u010da \u0161iroke kote gledanja brez popa\u010denja barv, kar je idealno za profesionalno in osebno uporabo. Matiran zaklju\u010dek zmanj\u0161a ble\u0161\u010danje, kar je \u0161e posebej priro\u010dno pri delu v razli\u010dnih svetlobnih pogojih. S frekvenco osve\u017eevanja 60Hz ta zaslon ponuja gladke vizualne prikaze, energetsko var\u010dna LED osvetlitev pa poskrbi za manj\u0161o porabo energije. 30-pinski eDP priklju\u010dek omogo\u010da hitro in zanesljivo povezljivost, tanek profil pa je kot nala\u0161\u010d za lahke prenosnike. Ta zaslon vklju\u010duje obojestranski samolepilni trak za enostavno namestitev, vendar ne vsebuje zgornjih in spodnjih nosilcev, kar omogo\u010da zdru\u017eljivost s prenosniki, ki teh monta\u017enih komponent ne potrebujejo.<\/p>\n","protected":false},"excerpt":{"rendered":"<p>N125HCE-GN1 je 12,5&#8243; FHD LCD zaslon z IPS tehnologijo, ki nudi \u017eivahne slike in mat povr\u0161ino za zmanj\u0161anje ble\u0161\u010danja. Novi zaslon s 30-pinskim eDP priklju\u010dkom vklju\u010duje obojestranski lepilni trak za enostavno namestitev, brez zgornjih in spodnjih nosilcev.<\/p>\n","protected":false},"featured_media":7909,"template":"","meta":[],"product_brand":[],"product_cat":[75],"product_tag":[],"class_list":{"0":"post-7910","1":"product","2":"type-product","3":"status-publish","4":"has-post-thumbnail","6":"product_cat-12-5","8":"first","9":"instock","10":"taxable","11":"shipping-taxable","12":"purchasable","13":"product-type-simple"},"_links":{"self":[{"href":"https:\/\/pracek.si\/ekrani-za-prenosnike\/wp-json\/wp\/v2\/product\/7910","targetHints":{"allow":["GET"]}}],"collection":[{"href":"https:\/\/pracek.si\/ekrani-za-prenosnike\/wp-json\/wp\/v2\/product"}],"about":[{"href":"https:\/\/pracek.si\/ekrani-za-prenosnike\/wp-json\/wp\/v2\/types\/product"}],"wp:featuredmedia":[{"embeddable":true,"href":"https:\/\/pracek.si\/ekrani-za-prenosnike\/wp-json\/wp\/v2\/media\/7909"}],"wp:attachment":[{"href":"https:\/\/pracek.si\/ekrani-za-prenosnike\/wp-json\/wp\/v2\/media?parent=7910"}],"wp:term":[{"taxonomy":"product_brand","embeddable":true,"href":"https:\/\/pracek.si\/ekrani-za-prenosnike\/wp-json\/wp\/v2\/product_brand?post=7910"},{"taxonomy":"product_cat","embeddable":true,"href":"https:\/\/pracek.si\/ekrani-za-prenosnike\/wp-json\/wp\/v2\/product_cat?post=7910"},{"taxonomy":"product_tag","embeddable":true,"href":"https:\/\/pracek.si\/ekrani-za-prenosnike\/wp-json\/wp\/v2\/product_tag?post=7910"}],"curies":[{"name":"wp","href":"https:\/\/api.w.org\/{rel}","templated":true}]}}