{"id":7918,"date":"2024-11-10T15:41:59","date_gmt":"2024-11-10T15:41:59","guid":{"rendered":"https:\/\/pracek.si\/ekrani-za-prenosnike\/?post_type=product&#038;p=7918"},"modified":"2024-12-12T08:30:56","modified_gmt":"2024-12-12T08:30:56","slug":"nov-lcd-zaslon-za-lenovo-thinkpad-x230s-125-wxga-1366x768-30-pin-edp","status":"publish","type":"product","link":"https:\/\/pracek.si\/ekrani-za-prenosnike\/product\/nov-lcd-zaslon-za-lenovo-thinkpad-x230s-125-wxga-1366x768-30-pin-edp\/","title":{"rendered":"Nov LCD zaslon za Lenovo ThinkPad X230s, 12,5&#8243; WXGA 1366&#215;768, 30-pin eDP"},"content":{"rendered":"<p><strong>Dejanski model LCD ekrana: NT125WHM-N43 \u2013 popolnoma zdru\u017eljiv z LCD ekranom Lenovo ThinkPad X230s<\/strong><\/p>\n<p>Ta popolnoma nova LCD zaslon je zdru\u017eljiv z Lenovo ThinkPad X230s, zagotavlja zanesljiv nadomestek za po\u0161kodovan ali okvarjen zaslon. Zaslon velikosti 12,5&#8243; z lo\u010dljivostjo 1366&#215;768 WXGA ponuja jasne, ostre slike, ki so primerne tako za delo kot za zabavo. Ima 30-pinski eDP vmesnik, ki omogo\u010da enostavno povezovanje. Zaslon ne vklju\u010duje zgornjega in spodnjega okvirja, vendar je prilo\u017een dvosmerni lepilni trak za la\u017ejo in varnej\u0161o namestitev. Popoln za obnovitev kakovosti zaslona na va\u0161em Lenovo ThinkPad X230s.<\/p>\n","protected":false},"excerpt":{"rendered":"<p>Nov 12,5&#8243; LCD zaslon za Lenovo ThinkPad X230s, 1366&#215;768 WXGA, 30-pin eDP. Mat povr\u0161ina, lepilni trak prilo\u017een. Brez zgornjega\/spodnjega okvirja.<\/p>\n<p>&nbsp;<\/p>\n","protected":false},"featured_media":7916,"template":"","meta":[],"product_brand":[],"product_cat":[75],"product_tag":[60],"class_list":{"0":"post-7918","1":"product","2":"type-product","3":"status-publish","4":"has-post-thumbnail","6":"product_cat-12-5","7":"product_tag-lenovo","9":"first","10":"instock","11":"taxable","12":"shipping-taxable","13":"purchasable","14":"product-type-simple"},"_links":{"self":[{"href":"https:\/\/pracek.si\/ekrani-za-prenosnike\/wp-json\/wp\/v2\/product\/7918","targetHints":{"allow":["GET"]}}],"collection":[{"href":"https:\/\/pracek.si\/ekrani-za-prenosnike\/wp-json\/wp\/v2\/product"}],"about":[{"href":"https:\/\/pracek.si\/ekrani-za-prenosnike\/wp-json\/wp\/v2\/types\/product"}],"wp:featuredmedia":[{"embeddable":true,"href":"https:\/\/pracek.si\/ekrani-za-prenosnike\/wp-json\/wp\/v2\/media\/7916"}],"wp:attachment":[{"href":"https:\/\/pracek.si\/ekrani-za-prenosnike\/wp-json\/wp\/v2\/media?parent=7918"}],"wp:term":[{"taxonomy":"product_brand","embeddable":true,"href":"https:\/\/pracek.si\/ekrani-za-prenosnike\/wp-json\/wp\/v2\/product_brand?post=7918"},{"taxonomy":"product_cat","embeddable":true,"href":"https:\/\/pracek.si\/ekrani-za-prenosnike\/wp-json\/wp\/v2\/product_cat?post=7918"},{"taxonomy":"product_tag","embeddable":true,"href":"https:\/\/pracek.si\/ekrani-za-prenosnike\/wp-json\/wp\/v2\/product_tag?post=7918"}],"curies":[{"name":"wp","href":"https:\/\/api.w.org\/{rel}","templated":true}]}}