{"id":7919,"date":"2024-11-10T16:25:43","date_gmt":"2024-11-10T16:25:43","guid":{"rendered":"https:\/\/pracek.si\/ekrani-za-prenosnike\/?post_type=product&#038;p=7919"},"modified":"2024-12-12T08:30:56","modified_gmt":"2024-12-12T08:30:56","slug":"125-lcd-zaslon-za-lenovo-thinkpad-x240-x240s-1366x768-wxga-mat-nov","status":"publish","type":"product","link":"https:\/\/pracek.si\/ekrani-za-prenosnike\/product\/125-lcd-zaslon-za-lenovo-thinkpad-x240-x240s-1366x768-wxga-mat-nov\/","title":{"rendered":"12,5&#8243; LCD zaslon za Lenovo ThinkPad X240 X240s 1366&#215;768 WXGA mat &#8211; nov"},"content":{"rendered":"<p><strong>Dejanski model LCD ekrana: NT125WHM-N43 \u2013 popolnoma zdru\u017eljiv z LCD ekranom Lenovo ThinkPad X240 X240s<\/strong><\/p>\n<p>Nadgradite svoj Lenovo ThinkPad X240 ali X240s z visoko kakovostnim zamenjavnim LCD zaslonom. Ta 12,5&#8243; WXGA mat zaslon ponuja ostro lo\u010dljivost 1366&#215;768, kar je idealno za obnovo \u017eivopisnih vizualov in izbolj\u0161anje zmogljivosti va\u0161ega prenosnika. Zaslon je opremljen z 30-pinskim eDP priklju\u010dkom in je brez zgornjih in spodnjih nosilcev, kar omogo\u010da eleganten in minimalisti\u010den dizajn. Vklju\u010dena je dvostranska lepilna trak za enostavno monta\u017eo, zaradi \u010desar je zamenjava po\u0161kodovanega zaslona preprosta. Idealno za profesionalno ali osebno uporabo, ta povsem nov LCD zaslon je popolna izbira za va\u0161 ThinkPad in zagotavlja trajnost in jasnost prikaza.<\/p>\n","protected":false},"excerpt":{"rendered":"<p>Zamenjajte zaslon na svojem Lenovo ThinkPad X240\/X240s z 12,5&#8243; WXGA LCD zaslonom (1366&#215;768) mat povr\u0161ine, ki vklju\u010duje 30-pinski eDP priklju\u010dek in dvostranski lepilni trak za enostavno monta\u017eo. Nov, brez zgornjih in spodnjih nosilcev.<\/p>\n","protected":false},"featured_media":7916,"template":"","meta":[],"product_brand":[],"product_cat":[75],"product_tag":[60],"class_list":{"0":"post-7919","1":"product","2":"type-product","3":"status-publish","4":"has-post-thumbnail","6":"product_cat-12-5","7":"product_tag-lenovo","9":"first","10":"instock","11":"taxable","12":"shipping-taxable","13":"purchasable","14":"product-type-simple"},"_links":{"self":[{"href":"https:\/\/pracek.si\/ekrani-za-prenosnike\/wp-json\/wp\/v2\/product\/7919","targetHints":{"allow":["GET"]}}],"collection":[{"href":"https:\/\/pracek.si\/ekrani-za-prenosnike\/wp-json\/wp\/v2\/product"}],"about":[{"href":"https:\/\/pracek.si\/ekrani-za-prenosnike\/wp-json\/wp\/v2\/types\/product"}],"wp:featuredmedia":[{"embeddable":true,"href":"https:\/\/pracek.si\/ekrani-za-prenosnike\/wp-json\/wp\/v2\/media\/7916"}],"wp:attachment":[{"href":"https:\/\/pracek.si\/ekrani-za-prenosnike\/wp-json\/wp\/v2\/media?parent=7919"}],"wp:term":[{"taxonomy":"product_brand","embeddable":true,"href":"https:\/\/pracek.si\/ekrani-za-prenosnike\/wp-json\/wp\/v2\/product_brand?post=7919"},{"taxonomy":"product_cat","embeddable":true,"href":"https:\/\/pracek.si\/ekrani-za-prenosnike\/wp-json\/wp\/v2\/product_cat?post=7919"},{"taxonomy":"product_tag","embeddable":true,"href":"https:\/\/pracek.si\/ekrani-za-prenosnike\/wp-json\/wp\/v2\/product_tag?post=7919"}],"curies":[{"name":"wp","href":"https:\/\/api.w.org\/{rel}","templated":true}]}}