{"id":7947,"date":"2024-11-21T12:38:58","date_gmt":"2024-11-21T12:38:58","guid":{"rendered":"https:\/\/pracek.si\/ekrani-za-prenosnike\/?post_type=product&#038;p=7947"},"modified":"2025-09-11T08:34:56","modified_gmt":"2025-09-11T08:34:56","slug":"lcd-zaslon-14-fhd-ips-mat-za-dell-latitude-5401-5411-7400-7410-novo","status":"publish","type":"product","link":"https:\/\/pracek.si\/ekrani-za-prenosnike\/product\/lcd-zaslon-14-fhd-ips-mat-za-dell-latitude-5401-5411-7400-7410-novo\/","title":{"rendered":"LCD zaslon 14&#8243; FHD IPS mat za Dell Latitude 5401 5411 7400 7410, Novo"},"content":{"rendered":"<p><strong>Dejanski model ekrana: B140HAN04.D \/ B140HA07.1 \/NV140FHM-N4T V8.2 \/ N140HCA-EEK \u2013 Dell Latitude 5401 5411 7400 7410<br \/>\n<\/strong><\/p>\n<p>Nadgradite svoj prenosnik Dell Latitude z visokokakovostnim <strong>LCD zaslonom<\/strong>, ki zagotavlja vrhunsko uporabni\u0161ko izku\u0161njo. Ta 14-pal\u010dni Full HD (FHD) <strong>ekran<\/strong> ponuja izjemno jasnost in \u017eivahne barve zahvaljujo\u010d IPS tehnologiji. Z mat povr\u0161ino zmanj\u0161uje ble\u0161\u010danje in odseve, zato je idealen za uporabo v razli\u010dnih svetlobnih pogojih.<\/p>\n<p><strong>LCD ekran<\/strong> je zdru\u017eljiv z modeli Dell Latitude 5401, 5411, 7400 in 7410, kar zagotavlja popolno prileganje. Z 30-pinskim eDP priklju\u010dkom omogo\u010da zanesljivo povezavo in enostavno namestitev. Prilo\u017eeni so tudi dvostranski lepilni trakovi za hitro monta\u017eo.<\/p>\n<p>Stanje: Novo, pripravljeno za dolgoletno zanesljivo uporabo.<\/p>\n<p>&nbsp;<\/p>\n","protected":false},"excerpt":{"rendered":"<p>14&#8243; FHD IPS mat <strong>LCD zaslon<\/strong> za Dell Latitude 5401, 5411, 7400, 7410. Novo, vklju\u010duje eDP priklju\u010dek in lepilne trakove za hitro monta\u017eo.<\/p>\n","protected":false},"featured_media":7382,"template":"","meta":[],"product_brand":[],"product_cat":[51],"product_tag":[64],"class_list":{"0":"post-7947","1":"product","2":"type-product","3":"status-publish","4":"has-post-thumbnail","6":"product_cat-51","7":"product_tag-dell","9":"first","10":"instock","11":"taxable","12":"shipping-taxable","13":"purchasable","14":"product-type-simple"},"_links":{"self":[{"href":"https:\/\/pracek.si\/ekrani-za-prenosnike\/wp-json\/wp\/v2\/product\/7947","targetHints":{"allow":["GET"]}}],"collection":[{"href":"https:\/\/pracek.si\/ekrani-za-prenosnike\/wp-json\/wp\/v2\/product"}],"about":[{"href":"https:\/\/pracek.si\/ekrani-za-prenosnike\/wp-json\/wp\/v2\/types\/product"}],"wp:featuredmedia":[{"embeddable":true,"href":"https:\/\/pracek.si\/ekrani-za-prenosnike\/wp-json\/wp\/v2\/media\/7382"}],"wp:attachment":[{"href":"https:\/\/pracek.si\/ekrani-za-prenosnike\/wp-json\/wp\/v2\/media?parent=7947"}],"wp:term":[{"taxonomy":"product_brand","embeddable":true,"href":"https:\/\/pracek.si\/ekrani-za-prenosnike\/wp-json\/wp\/v2\/product_brand?post=7947"},{"taxonomy":"product_cat","embeddable":true,"href":"https:\/\/pracek.si\/ekrani-za-prenosnike\/wp-json\/wp\/v2\/product_cat?post=7947"},{"taxonomy":"product_tag","embeddable":true,"href":"https:\/\/pracek.si\/ekrani-za-prenosnike\/wp-json\/wp\/v2\/product_tag?post=7947"}],"curies":[{"name":"wp","href":"https:\/\/api.w.org\/{rel}","templated":true}]}}