{"id":7996,"date":"2024-11-24T15:46:56","date_gmt":"2024-11-24T15:46:56","guid":{"rendered":"https:\/\/pracek.si\/ekrani-za-prenosnike\/?post_type=product&#038;p=7996"},"modified":"2024-11-24T15:46:56","modified_gmt":"2024-11-24T15:46:56","slug":"14-fhd-lcd-zaslon-02dc315-02dc314-ips-mat-brez-dotika-30-pinski-nov","status":"publish","type":"product","link":"https:\/\/pracek.si\/ekrani-za-prenosnike\/product\/14-fhd-lcd-zaslon-02dc315-02dc314-ips-mat-brez-dotika-30-pinski-nov\/","title":{"rendered":"14&#8243; FHD LCD zaslon 02DC315 02DC314 IPS mat brez dotika 30-pinski nov"},"content":{"rendered":"<p><strong>Dejanski model LCD ekrana: N140HCA-ELK REV C.2 \u2013 popolnoma zdru\u017eljiv z LCD ekranom 02DC315 02DC314<\/strong><\/p>\n<p>Izbolj\u0161ajte svojo napravo s to visokokakovostno <strong>14&#8243; LCD zaslonom<\/strong> (model <strong>02DC315 \/ 02DC314<\/strong>), zasnovanim za vrhunsko zmogljivost in jasnost. Ponuja <strong>Full HD lo\u010dljivost (1920 x 1080)<\/strong>, ta zaslon brez dotika zagotavlja \u017eivahne in ostre slike s <strong>IPS panelom<\/strong> in <strong>mat povr\u0161ino<\/strong>, ki zmanj\u0161ata ble\u0161\u010danje in odseve. Idealna izbira za popravila ali zamenjave prenosnih ra\u010dunalnikov, zaslon pa ima <strong>30-pin povezljivost<\/strong> za enostavno namestitev in <strong>dvojno lepljivo lepilno trak<\/strong> za varno pritrditev brez potrebe po zgornjih in spodnjih nosilcih. Popolna izbira za vsakogar, ki potrebuje nov zaslon za prenosni ra\u010dunalnik, v novi, brez napak.<\/p>\n","protected":false},"excerpt":{"rendered":"<p><strong>14&#8243; FHD LCD zaslon<\/strong> (02DC315 \/ 02DC314) z <strong>IPS<\/strong>, mat povr\u0161ino in <strong>30-pinski<\/strong> za jasno, brezble\u0161\u010de\u010do sliko. Vklju\u010duje lepilni trak. Nov izdelek.<\/p>\n","protected":false},"featured_media":7976,"template":"","meta":[],"product_brand":[],"product_cat":[51],"product_tag":[],"class_list":{"0":"post-7996","1":"product","2":"type-product","3":"status-publish","4":"has-post-thumbnail","6":"product_cat-51","8":"first","9":"instock","10":"taxable","11":"shipping-taxable","12":"purchasable","13":"product-type-simple"},"_links":{"self":[{"href":"https:\/\/pracek.si\/ekrani-za-prenosnike\/wp-json\/wp\/v2\/product\/7996","targetHints":{"allow":["GET"]}}],"collection":[{"href":"https:\/\/pracek.si\/ekrani-za-prenosnike\/wp-json\/wp\/v2\/product"}],"about":[{"href":"https:\/\/pracek.si\/ekrani-za-prenosnike\/wp-json\/wp\/v2\/types\/product"}],"wp:featuredmedia":[{"embeddable":true,"href":"https:\/\/pracek.si\/ekrani-za-prenosnike\/wp-json\/wp\/v2\/media\/7976"}],"wp:attachment":[{"href":"https:\/\/pracek.si\/ekrani-za-prenosnike\/wp-json\/wp\/v2\/media?parent=7996"}],"wp:term":[{"taxonomy":"product_brand","embeddable":true,"href":"https:\/\/pracek.si\/ekrani-za-prenosnike\/wp-json\/wp\/v2\/product_brand?post=7996"},{"taxonomy":"product_cat","embeddable":true,"href":"https:\/\/pracek.si\/ekrani-za-prenosnike\/wp-json\/wp\/v2\/product_cat?post=7996"},{"taxonomy":"product_tag","embeddable":true,"href":"https:\/\/pracek.si\/ekrani-za-prenosnike\/wp-json\/wp\/v2\/product_tag?post=7996"}],"curies":[{"name":"wp","href":"https:\/\/api.w.org\/{rel}","templated":true}]}}