{"id":8006,"date":"2024-11-25T10:28:54","date_gmt":"2024-11-25T10:28:54","guid":{"rendered":"https:\/\/pracek.si\/ekrani-za-prenosnike\/?post_type=product&#038;p=8006"},"modified":"2024-12-12T08:36:27","modified_gmt":"2024-12-12T08:36:27","slug":"hp-14-ep-14-fhd-lcd-zaslon-1920x1080-ips-mat-30-pinski-brez-dotika-nov-lepilni-trak","status":"publish","type":"product","link":"https:\/\/pracek.si\/ekrani-za-prenosnike\/product\/hp-14-ep-14-fhd-lcd-zaslon-1920x1080-ips-mat-30-pinski-brez-dotika-nov-lepilni-trak\/","title":{"rendered":"HP 14-ep 14&#8243; FHD LCD zaslon 1920&#215;1080 IPS mat 30-pinski brez dotika nov, lepilni trak"},"content":{"rendered":"<p><strong>Dejanski model LCD ekrana: N140HCA-ELK REV C.2 \u2013 popolnoma zdru\u017eljiv z LCD ekranom HP 14-ep series<\/strong><\/p>\n<p>Posodobite zaslon svojega prenosnika HP 14-ep serije z novim, visokokakovostnim 14-pal\u010dnim LCD zaslonom. Ponuja Full HD (1920 x 1080) lo\u010dljivost in IPS tehnologijo, ki zagotavlja jasne, ostra in \u017eivahna besedila ter \u0161iroke kote gledanja. Mat povr\u0161ina zmanj\u0161a odseve, kar omogo\u010da bolj\u0161i pogled v razli\u010dnih svetlobnih pogojih. Ta zaslon je zasnovan za razli\u010dico brez na dotik in prihaja brez zgornjih in spodnjih nosilcev. Vklju\u010duje 30-pinski priklju\u010dek in dvojno samolepilno lepilno trak za enostavno monta\u017eo. Popolna re\u0161itev za zamenjavo po\u0161kodovanega ali okvarjenega zaslona z novim. Stanje: novo.<\/p>\n","protected":false},"excerpt":{"rendered":"<p>Zamenjajte zaslon na HP 14-ep seriji z 14&#8243; FHD IPS LCD, mat povr\u0161ina, 30-pinski, brez dotika, novo stanje. Vklju\u010den lepilni trak za enostavno monta\u017eo.<\/p>\n<p>&nbsp;<\/p>\n","protected":false},"featured_media":7976,"template":"","meta":[],"product_brand":[],"product_cat":[51],"product_tag":[62],"class_list":{"0":"post-8006","1":"product","2":"type-product","3":"status-publish","4":"has-post-thumbnail","6":"product_cat-51","7":"product_tag-hp","9":"first","10":"instock","11":"taxable","12":"shipping-taxable","13":"purchasable","14":"product-type-simple"},"_links":{"self":[{"href":"https:\/\/pracek.si\/ekrani-za-prenosnike\/wp-json\/wp\/v2\/product\/8006","targetHints":{"allow":["GET"]}}],"collection":[{"href":"https:\/\/pracek.si\/ekrani-za-prenosnike\/wp-json\/wp\/v2\/product"}],"about":[{"href":"https:\/\/pracek.si\/ekrani-za-prenosnike\/wp-json\/wp\/v2\/types\/product"}],"wp:featuredmedia":[{"embeddable":true,"href":"https:\/\/pracek.si\/ekrani-za-prenosnike\/wp-json\/wp\/v2\/media\/7976"}],"wp:attachment":[{"href":"https:\/\/pracek.si\/ekrani-za-prenosnike\/wp-json\/wp\/v2\/media?parent=8006"}],"wp:term":[{"taxonomy":"product_brand","embeddable":true,"href":"https:\/\/pracek.si\/ekrani-za-prenosnike\/wp-json\/wp\/v2\/product_brand?post=8006"},{"taxonomy":"product_cat","embeddable":true,"href":"https:\/\/pracek.si\/ekrani-za-prenosnike\/wp-json\/wp\/v2\/product_cat?post=8006"},{"taxonomy":"product_tag","embeddable":true,"href":"https:\/\/pracek.si\/ekrani-za-prenosnike\/wp-json\/wp\/v2\/product_tag?post=8006"}],"curies":[{"name":"wp","href":"https:\/\/api.w.org\/{rel}","templated":true}]}}