{"id":8028,"date":"2024-12-02T13:42:47","date_gmt":"2024-12-02T13:42:47","guid":{"rendered":"https:\/\/pracek.si\/ekrani-za-prenosnike\/?post_type=product&#038;p=8028"},"modified":"2024-12-12T08:34:06","modified_gmt":"2024-12-12T08:34:06","slug":"ekran-za-hp-victus-16-s-serijo-161-fhd-144hz-mat-nov","status":"publish","type":"product","link":"https:\/\/pracek.si\/ekrani-za-prenosnike\/product\/ekran-za-hp-victus-16-s-serijo-161-fhd-144hz-mat-nov\/","title":{"rendered":"Ekran za HP Victus 16-S serijo, 16,1&#8243; FHD, 144Hz, mat, nov"},"content":{"rendered":"<p><strong>Dejanski model LCD ekrana: N161hma-gak REV. C3 ali n161hca-ga1 REV C.1 \u2013 popolnoma zdru\u017eljiv z LCD ekranom za prenosnike serije HP Victus 16 S0 \/ S00000 \/ S0xxxx \/ 30 pin verzija!<br \/>\n<\/strong><\/p>\n<p>Nadgradite svoj prenosnik HP Victus 16-S serije z visokokakovostnim nadomestnim LCD zaslonom. Ta 16,1-pal\u010dni Full HD (1920&#215;1080) ekran zagotavlja ostro sliko in gladko osve\u017eevanje s frekvenco 144Hz, kar omogo\u010da vrhunsko izku\u0161njo pri igranju iger, gledanju multimedijskih vsebin in vsakodnevnih opravilih. Matirana povr\u0161ina zmanj\u0161a ble\u0161\u010danje, zato je ekran primeren za uporabo v razli\u010dnih svetlobnih pogojih.<\/p>\n<p>Klju\u010dne zna\u010dilnosti vklju\u010dujejo zdru\u017eljivost s \u0161tevilnimi modeli HP Victus 16-S, svetlost 250 nitov za \u017eivahne barve in 40-pinski priklju\u010dek za enostavno namestitev. Ekran je brez zgornjih in spodnjih nosilcev, prilo\u017een pa je dvostranski samolepilni trak za preprosto pritrditev. Ta povsem nov LCD zaslon je trpe\u017een in energijsko u\u010dinkovit, kar ga naredi popolno zamenjavo za va\u0161 prenosnik.<\/p>\n<p><strong>Seznam nekaterih zdru\u017eljivih prenosnikov:<\/strong><\/p>\n<p>16-S0000CA, 16-S0000CI, 16-S0000NK, 16-S0000NM, 16-S0000NS, 16-S0000NW, 16-S0000SA, 16-S0001CI, 16-S0001NH, 16-S0001NK, 16-S0001NM, 16-S0001NR, 16-S0001NS, 16-S0001NT, 16-S0001NW, 16-S0002CI, 16-S0002NM 16-S0002NS, 16-S0002NW, 16-S0003CI, 16-S0003NH, 16-S0003NM, 16-S0003NW, 16-S0003SL, 16-S0004CI, 16-S0004NM, 16-S0004NS, 16-S0004NW, 16-S0004NX, 16-S0005CI, 16-S0005NIA, 16-S0005NJ, 16-S0005NM, 16-S0005NP, 16-S0005NS, 16-S0005NT, 16-S0005NW, 16-S0005NX, 16-S0006CI, 16-S0006NIA, 16-S0006NM, 16-S0006NS, 16-S0006NW, 16-S0006NX, 16-S0007CI, 16-S0007NIA, 16-S0007NM, 16-S0007NS, 16-S0007NT, 16-S0007NW, 16-S0007NX, 16-S0008CA, 16-S0008CI, 16-S0008NIA, 16-S0008NM, 16-S0008NP, 16-S0008NW, 16-S0008NX, 16-S0009CI, 16-S0009NM, 16-S0009NP, 16-S0009NS, 16-S0009NW, 16-S0010CA, 16-S0010CI, 16-S0010NIA, 16-S0010NM, 16-S0010NR, 16-S0010NS, 16-S0011NF, 16-S0011NM, 16-S0011NS, 16-S0011NT, 16-S0011NW, 16-S0011UA, 16-S0012CI, 16-S0012NF, 16-S0012UA, 16-S0013CI, 16-S0013NF, 16-S0013NIA, 16-S0013NS, 16-S0013UA, 16-S0014CI, 16-S0014NF, 16-S0014NIA, 16-0014NK, 16-S0014NS, 16-S0014NT, 16-S0014NW, 16-S0014UA, 16-S0015NF, 16-S0015NM, 16-S0015NP, 16-S0015NR, 16-S0015NS, 16-S0016CI, 16-S0016NF, 16-S0016NM, 16-S0000NU, 16-S0000NX, 16-S0002NH, 16-S0004NT, 16-S0004NX, 16-S0011NT, 16-S0012NT, 16-S0038NT, 16-S0044NT, 16-S0047NT, 16-S0053NT, 16-S0068NT, 16-S0175NG, 16 S0001NT, 16 S0011NS, 16 S0020NT<\/p>\n<p>&nbsp;<\/p>\n","protected":false},"excerpt":{"rendered":"<p>Nadomestni LCD zaslon za prenosnike HP Victus 16-S serije. Ekran velikosti 16,1&#8243;, Full HD, 144Hz, mat povr\u0161ina, 250 nitov svetlosti, 40-pinski priklju\u010dek in dvostranski samolepilni trak za enostavno namestitev. Nov in pripravljen za uporabo.<\/p>\n","protected":false},"featured_media":7709,"template":"","meta":[],"product_brand":[],"product_cat":[66],"product_tag":[62],"class_list":{"0":"post-8028","1":"product","2":"type-product","3":"status-publish","4":"has-post-thumbnail","6":"product_cat-16-1","7":"product_tag-hp","9":"first","10":"instock","11":"taxable","12":"shipping-taxable","13":"purchasable","14":"product-type-simple"},"_links":{"self":[{"href":"https:\/\/pracek.si\/ekrani-za-prenosnike\/wp-json\/wp\/v2\/product\/8028","targetHints":{"allow":["GET"]}}],"collection":[{"href":"https:\/\/pracek.si\/ekrani-za-prenosnike\/wp-json\/wp\/v2\/product"}],"about":[{"href":"https:\/\/pracek.si\/ekrani-za-prenosnike\/wp-json\/wp\/v2\/types\/product"}],"wp:featuredmedia":[{"embeddable":true,"href":"https:\/\/pracek.si\/ekrani-za-prenosnike\/wp-json\/wp\/v2\/media\/7709"}],"wp:attachment":[{"href":"https:\/\/pracek.si\/ekrani-za-prenosnike\/wp-json\/wp\/v2\/media?parent=8028"}],"wp:term":[{"taxonomy":"product_brand","embeddable":true,"href":"https:\/\/pracek.si\/ekrani-za-prenosnike\/wp-json\/wp\/v2\/product_brand?post=8028"},{"taxonomy":"product_cat","embeddable":true,"href":"https:\/\/pracek.si\/ekrani-za-prenosnike\/wp-json\/wp\/v2\/product_cat?post=8028"},{"taxonomy":"product_tag","embeddable":true,"href":"https:\/\/pracek.si\/ekrani-za-prenosnike\/wp-json\/wp\/v2\/product_tag?post=8028"}],"curies":[{"name":"wp","href":"https:\/\/api.w.org\/{rel}","templated":true}]}}