{"id":8052,"date":"2024-12-05T13:15:38","date_gmt":"2024-12-05T13:15:38","guid":{"rendered":"https:\/\/pracek.si\/ekrani-za-prenosnike\/?post_type=product&#038;p=8052"},"modified":"2025-04-15T11:39:03","modified_gmt":"2025-04-15T11:39:03","slug":"nov-173-lcd-zaslon-za-asus-n750j-fhd-1920x1080-30-pinski-spodnji-levi-konektor","status":"publish","type":"product","link":"https:\/\/pracek.si\/ekrani-za-prenosnike\/product\/nov-173-lcd-zaslon-za-asus-n750j-fhd-1920x1080-30-pinski-spodnji-levi-konektor\/","title":{"rendered":"Nov 17,3&#8243; LCD zaslon za ASUS N750J FHD 1920&#215;1080, 40-pinski spodnji levi konektor"},"content":{"rendered":"<p><strong>Dejanski model LCD ekrana: LP173WF1 TLB3 \u2013 popolnoma zdru\u017eljiv z LCD ekranom ASUS N750J series<\/strong><\/p>\n<p>Nadgradite svoj prenosnik ASUS N750J serije z novim 17,3-pal\u010dnim LCD zaslonom. Z lo\u010dljivostjo Full HD (1920 x 1080) ponuja \u017eivahne vizualne u\u010dinke z odli\u010dno jasnostjo. Zaslon z lesketajo\u010do povr\u0161ino izbolj\u0161a globino barv in kontrast, kar zagotavlja vrhunsko izku\u0161njo gledanja. 40-pinski konektor na spodnjem levem delu zagotavlja varen in zanesljiv priklop, kar omogo\u010da enostavno namestitev. Ta LCD zaslon je popolna zamenjava za po\u0161kodovan ali neustrezno delujo\u010d zaslon in povrne va\u0161 prenosnik v prvotno stanje. Stanje: nov, pripravljen za namestitev.<\/p>\n","protected":false},"excerpt":{"rendered":"<p>Nov 17,3&#8243; Full HD LCD zaslon za ASUS N750J serijo. Lesketajo\u010da povr\u0161ina, 40-pinski spodnji levi konektor, lo\u010dljivost 1920 x 1080. Enostavna namestitev.<\/p>\n","protected":false},"featured_media":8035,"template":"","meta":[],"product_brand":[],"product_cat":[52],"product_tag":[58],"class_list":{"0":"post-8052","1":"product","2":"type-product","3":"status-publish","4":"has-post-thumbnail","6":"product_cat-17-3","7":"product_tag-asus","9":"first","10":"instock","11":"taxable","12":"shipping-taxable","13":"purchasable","14":"product-type-simple"},"_links":{"self":[{"href":"https:\/\/pracek.si\/ekrani-za-prenosnike\/wp-json\/wp\/v2\/product\/8052","targetHints":{"allow":["GET"]}}],"collection":[{"href":"https:\/\/pracek.si\/ekrani-za-prenosnike\/wp-json\/wp\/v2\/product"}],"about":[{"href":"https:\/\/pracek.si\/ekrani-za-prenosnike\/wp-json\/wp\/v2\/types\/product"}],"wp:featuredmedia":[{"embeddable":true,"href":"https:\/\/pracek.si\/ekrani-za-prenosnike\/wp-json\/wp\/v2\/media\/8035"}],"wp:attachment":[{"href":"https:\/\/pracek.si\/ekrani-za-prenosnike\/wp-json\/wp\/v2\/media?parent=8052"}],"wp:term":[{"taxonomy":"product_brand","embeddable":true,"href":"https:\/\/pracek.si\/ekrani-za-prenosnike\/wp-json\/wp\/v2\/product_brand?post=8052"},{"taxonomy":"product_cat","embeddable":true,"href":"https:\/\/pracek.si\/ekrani-za-prenosnike\/wp-json\/wp\/v2\/product_cat?post=8052"},{"taxonomy":"product_tag","embeddable":true,"href":"https:\/\/pracek.si\/ekrani-za-prenosnike\/wp-json\/wp\/v2\/product_tag?post=8052"}],"curies":[{"name":"wp","href":"https:\/\/api.w.org\/{rel}","templated":true}]}}