{"id":8096,"date":"2024-12-20T10:52:00","date_gmt":"2024-12-20T10:52:00","guid":{"rendered":"https:\/\/pracek.si\/ekrani-za-prenosnike\/?post_type=product&#038;p=8096"},"modified":"2025-09-22T07:24:38","modified_gmt":"2025-09-22T07:24:38","slug":"hp-m08711-001-14-fhd-ips-mat-lcd-zaslon-30-pin-nov","status":"publish","type":"product","link":"https:\/\/pracek.si\/ekrani-za-prenosnike\/product\/hp-m08711-001-14-fhd-ips-mat-lcd-zaslon-30-pin-nov\/","title":{"rendered":"HP M08711-001 14&#8243; FHD IPS Mat LCD zaslon, 30 pin, nov"},"content":{"rendered":"<p><strong>Dejanski model LCD ekrana: N140HCG-GE1 \u2013 popolnoma zdru\u017eljiv z LCD ekranom M08711-001<\/strong><\/p>\n<p>Izbolj\u0161ajte svoj HP prenosnik z novim HP M08711-001 14\u2033 FHD IPS mat LCD zaslonom. Zaslon z 30-pinskim priklju\u010dkom je popoln za popravilo ali zamenjavo po\u0161kodovanih zaslonov. Prvi pin je lociran 84 mm od desnega kota, kar omogo\u010da zdru\u017eljivost z dolo\u010denimi HP prenosniki. Z Full HD lo\u010dljivostjo in IPS tehnologijo boste u\u017eivali v \u017eivahnih barvah, \u0161irokih kotih gledanja in ostri sliki. Mat povr\u0161ina zmanj\u0161uje odseve svetlobe, kar omogo\u010da jasno vidljivost tudi v zelo svetlih okoljih. Pridobite ta visokokakovosten zaslon za obnovitev zaslona va\u0161ega prenosnika v skoraj novem stanju.<\/p>\n","protected":false},"excerpt":{"rendered":"<p>Ta nov HP M08711-001 LCD zaslon je 14&#8243; FHD IPS mat zaslon z 30-pinskim priklju\u010dkom. Zaslon je zasnovan za uporabo s specifi\u010dnimi HP prenosniki in ima prvo pine, ki je oddaljen 84 mm od desnega kota. Idealno za zamenjavo po\u0161kodovanih ali okvarjenih zaslonov.<\/p>\n","protected":false},"featured_media":8090,"template":"","meta":[],"product_brand":[],"product_cat":[51],"product_tag":[],"class_list":{"0":"post-8096","1":"product","2":"type-product","3":"status-publish","4":"has-post-thumbnail","6":"product_cat-51","8":"first","9":"instock","10":"taxable","11":"shipping-taxable","12":"purchasable","13":"product-type-simple"},"_links":{"self":[{"href":"https:\/\/pracek.si\/ekrani-za-prenosnike\/wp-json\/wp\/v2\/product\/8096","targetHints":{"allow":["GET"]}}],"collection":[{"href":"https:\/\/pracek.si\/ekrani-za-prenosnike\/wp-json\/wp\/v2\/product"}],"about":[{"href":"https:\/\/pracek.si\/ekrani-za-prenosnike\/wp-json\/wp\/v2\/types\/product"}],"wp:featuredmedia":[{"embeddable":true,"href":"https:\/\/pracek.si\/ekrani-za-prenosnike\/wp-json\/wp\/v2\/media\/8090"}],"wp:attachment":[{"href":"https:\/\/pracek.si\/ekrani-za-prenosnike\/wp-json\/wp\/v2\/media?parent=8096"}],"wp:term":[{"taxonomy":"product_brand","embeddable":true,"href":"https:\/\/pracek.si\/ekrani-za-prenosnike\/wp-json\/wp\/v2\/product_brand?post=8096"},{"taxonomy":"product_cat","embeddable":true,"href":"https:\/\/pracek.si\/ekrani-za-prenosnike\/wp-json\/wp\/v2\/product_cat?post=8096"},{"taxonomy":"product_tag","embeddable":true,"href":"https:\/\/pracek.si\/ekrani-za-prenosnike\/wp-json\/wp\/v2\/product_tag?post=8096"}],"curies":[{"name":"wp","href":"https:\/\/api.w.org\/{rel}","templated":true}]}}