{"id":8150,"date":"2025-01-26T10:54:38","date_gmt":"2025-01-26T10:54:38","guid":{"rendered":"https:\/\/pracek.si\/ekrani-za-prenosnike\/?post_type=product&#038;p=8150"},"modified":"2025-08-26T07:51:04","modified_gmt":"2025-08-26T07:51:04","slug":"156-lenovo-lcd-zaslon-sd11j12383-fru-5d11j12384-mat-fhd-ips-30-pin-edp","status":"publish","type":"product","link":"https:\/\/pracek.si\/ekrani-za-prenosnike\/product\/156-lenovo-lcd-zaslon-sd11j12383-fru-5d11j12384-mat-fhd-ips-30-pin-edp\/","title":{"rendered":"15,6&#8243; Lenovo LCD zaslon SD11J12383 FRU 5D11J12384 Mat FHD IPS 30-pin eDP"},"content":{"rendered":"<p><strong>Dejanski model LCD ekrana: N156HCA-EAC C2 \u2013 popolnoma zdru\u017eljiv z LCD ekranom Lenovo PN SD11J12383 FRU 5D11J12384<\/strong><\/p>\n<p>Ta popolnoma nov Lenovo LCD zaslon (PN: SD11J12383, FRU: 5D11J12384) ponuja vrhunski prikaz z mat povr\u0161ino in IPS tehnologijo za \u017eivahne in dosledne barve. Z lo\u010dljivostjo Full HD (FHD) in povezavo eDP zagotavlja ostra, jasna besedila in slike za vse va\u0161e ra\u010dunalni\u0161ke potrebe. Zaslon brez dotika ima 30-pin priklju\u010dek in je opremljen z manj\u0161im PCB-jem (260 mm) za u\u010dinkovito delovanje. Zasnovan je za prenosnike Lenovo in prihaja brez nosilcev, vendar vklju\u010duje obojestranske lepilne trakove za enostavno namestitev. Ne glede na to, ali zamenjujete po\u0161kodovan zaslon ali nadgrajujete svoj zaslon, je ta nov LCD zaslon popolna re\u0161itev za va\u0161o napravo.<\/p>\n","protected":false},"excerpt":{"rendered":"<p>Popolnoma nov 15,6-pal\u010dni Lenovo LCD zaslon (PN: SD11J12383, FRU: 5D11J12384) z mat povr\u0161ino, IPS FHD, 30-pin eDP povezavo in manj\u0161im PCB-jem. Vklju\u010deni lepilni trakovi.<\/p>\n","protected":false},"featured_media":8145,"template":"","meta":[],"product_brand":[],"product_cat":[50],"product_tag":[],"class_list":{"0":"post-8150","1":"product","2":"type-product","3":"status-publish","4":"has-post-thumbnail","6":"product_cat-15-6","8":"first","9":"instock","10":"taxable","11":"shipping-taxable","12":"purchasable","13":"product-type-simple"},"_links":{"self":[{"href":"https:\/\/pracek.si\/ekrani-za-prenosnike\/wp-json\/wp\/v2\/product\/8150","targetHints":{"allow":["GET"]}}],"collection":[{"href":"https:\/\/pracek.si\/ekrani-za-prenosnike\/wp-json\/wp\/v2\/product"}],"about":[{"href":"https:\/\/pracek.si\/ekrani-za-prenosnike\/wp-json\/wp\/v2\/types\/product"}],"wp:featuredmedia":[{"embeddable":true,"href":"https:\/\/pracek.si\/ekrani-za-prenosnike\/wp-json\/wp\/v2\/media\/8145"}],"wp:attachment":[{"href":"https:\/\/pracek.si\/ekrani-za-prenosnike\/wp-json\/wp\/v2\/media?parent=8150"}],"wp:term":[{"taxonomy":"product_brand","embeddable":true,"href":"https:\/\/pracek.si\/ekrani-za-prenosnike\/wp-json\/wp\/v2\/product_brand?post=8150"},{"taxonomy":"product_cat","embeddable":true,"href":"https:\/\/pracek.si\/ekrani-za-prenosnike\/wp-json\/wp\/v2\/product_cat?post=8150"},{"taxonomy":"product_tag","embeddable":true,"href":"https:\/\/pracek.si\/ekrani-za-prenosnike\/wp-json\/wp\/v2\/product_tag?post=8150"}],"curies":[{"name":"wp","href":"https:\/\/api.w.org\/{rel}","templated":true}]}}