{"id":8362,"date":"2025-08-19T11:48:25","date_gmt":"2025-08-19T11:48:25","guid":{"rendered":"https:\/\/pracek.si\/ekrani-za-prenosnike\/?post_type=product&#038;p=8362"},"modified":"2025-08-19T11:57:26","modified_gmt":"2025-08-19T11:57:26","slug":"asus-x1505z-lcd-zaslon-15-6-fhd-oled-sijajni-30-pin-brez-dotika-nov","status":"publish","type":"product","link":"https:\/\/pracek.si\/ekrani-za-prenosnike\/product\/asus-x1505z-lcd-zaslon-15-6-fhd-oled-sijajni-30-pin-brez-dotika-nov\/","title":{"rendered":"Asus X1505Z LCD zaslon 15.6&#8243; FHD OLED sijajni 30 pin brez dotika nov"},"content":{"rendered":"<p data-start=\"493\" data-end=\"805\"><strong>Dejanski model LCD ekrana:ATNA56YX03 \u2013 popolnoma zdru\u017eljiv z LCD ekranom Asus X1505Z \/ 13N1-GJA0311<\/strong><\/p>\n<p data-start=\"481\" data-end=\"597\">Zamenjajte po\u0161kodovan ali okvarjen <strong data-start=\"516\" data-end=\"530\">LCD zaslon<\/strong> na va\u0161em prenosniku <strong data-start=\"551\" data-end=\"566\">Asus X1505Z<\/strong> z novim kakovostnim ekranom.<\/p>\n<p data-start=\"599\" data-end=\"620\">Glavne zna\u010dilnosti:<\/p>\n<ul data-start=\"622\" data-end=\"899\">\n<li data-start=\"622\" data-end=\"645\">\n<p data-start=\"624\" data-end=\"645\">Velikost: <strong data-start=\"634\" data-end=\"643\">15.6&#8243;<\/strong><\/p>\n<\/li>\n<li data-start=\"646\" data-end=\"679\">\n<p data-start=\"648\" data-end=\"679\">Lo\u010dljivost: <strong data-start=\"660\" data-end=\"677\">FHD 1920&#215;1200<\/strong><\/p>\n<\/li>\n<li data-start=\"680\" data-end=\"705\">\n<p data-start=\"682\" data-end=\"705\">Tehnologija: <strong data-start=\"695\" data-end=\"703\">OLED<\/strong><\/p>\n<\/li>\n<li data-start=\"706\" data-end=\"740\">\n<p data-start=\"708\" data-end=\"740\">Povr\u0161ina: <strong data-start=\"718\" data-end=\"738\">sijajna (glossy)<\/strong><\/p>\n<\/li>\n<li data-start=\"741\" data-end=\"768\">\n<p data-start=\"743\" data-end=\"768\">Priklop: <strong data-start=\"752\" data-end=\"766\">30 pin eDP<\/strong><\/p>\n<\/li>\n<li data-start=\"769\" data-end=\"813\">\n<p data-start=\"771\" data-end=\"813\">Tip: <strong data-start=\"776\" data-end=\"811\">brez touch funkcije (non-touch)<\/strong><\/p>\n<\/li>\n<li data-start=\"814\" data-end=\"899\">\n<p data-start=\"816\" data-end=\"899\">Namestitev: brez nosilnih okvirjev, prilo\u017eeni <strong data-start=\"862\" data-end=\"897\">dvostranski samolepilni trakovi<\/strong><\/p>\n<\/li>\n<\/ul>\n<p data-start=\"901\" data-end=\"921\">\u2705 Stanje: <strong data-start=\"911\" data-end=\"919\">Novo<\/strong><\/p>\n<p data-start=\"923\" data-end=\"1139\">Ta <strong data-start=\"926\" data-end=\"948\">ekran za prenosnik<\/strong> poskrbi za \u017eive barve, oster prikaz in popolno zdru\u017eljivost z modelom Asus X1505Z. Primeren je kot zamenjava, \u010de je obstoje\u010di zaslon po\u010dil, ima \u010drte, mrtve pike ali ne deluje ve\u010d pravilno.<\/p>\n<p>&nbsp;<\/p>\n","protected":false},"excerpt":{"rendered":"<p>Novi 15.6&#8243; FHD (1920&#215;1200) OLED ekran za prenosnik Asus X1505Z. Sijajna povr\u0161ina, 30-pin priklop, brez touch funkcije. Vklju\u010deni samolepilni trakovi.<\/p>\n","protected":false},"featured_media":8359,"template":"","meta":[],"product_brand":[],"product_cat":[50],"product_tag":[58],"class_list":{"0":"post-8362","1":"product","2":"type-product","3":"status-publish","4":"has-post-thumbnail","6":"product_cat-15-6","7":"product_tag-asus","9":"first","10":"instock","11":"taxable","12":"shipping-taxable","13":"purchasable","14":"product-type-simple"},"_links":{"self":[{"href":"https:\/\/pracek.si\/ekrani-za-prenosnike\/wp-json\/wp\/v2\/product\/8362","targetHints":{"allow":["GET"]}}],"collection":[{"href":"https:\/\/pracek.si\/ekrani-za-prenosnike\/wp-json\/wp\/v2\/product"}],"about":[{"href":"https:\/\/pracek.si\/ekrani-za-prenosnike\/wp-json\/wp\/v2\/types\/product"}],"wp:featuredmedia":[{"embeddable":true,"href":"https:\/\/pracek.si\/ekrani-za-prenosnike\/wp-json\/wp\/v2\/media\/8359"}],"wp:attachment":[{"href":"https:\/\/pracek.si\/ekrani-za-prenosnike\/wp-json\/wp\/v2\/media?parent=8362"}],"wp:term":[{"taxonomy":"product_brand","embeddable":true,"href":"https:\/\/pracek.si\/ekrani-za-prenosnike\/wp-json\/wp\/v2\/product_brand?post=8362"},{"taxonomy":"product_cat","embeddable":true,"href":"https:\/\/pracek.si\/ekrani-za-prenosnike\/wp-json\/wp\/v2\/product_cat?post=8362"},{"taxonomy":"product_tag","embeddable":true,"href":"https:\/\/pracek.si\/ekrani-za-prenosnike\/wp-json\/wp\/v2\/product_tag?post=8362"}],"curies":[{"name":"wp","href":"https:\/\/api.w.org\/{rel}","templated":true}]}}