{"id":8372,"date":"2025-08-26T10:52:23","date_gmt":"2025-08-26T10:52:23","guid":{"rendered":"https:\/\/pracek.si\/ekrani-za-prenosnike\/?post_type=product&#038;p=8372"},"modified":"2025-08-26T10:56:32","modified_gmt":"2025-08-26T10:56:32","slug":"ekran-n156hga-ea3-156-fhd-ips-mat-30pin-za-lenovo-ideapad-3","status":"publish","type":"product","link":"https:\/\/pracek.si\/ekrani-za-prenosnike\/product\/ekran-n156hga-ea3-156-fhd-ips-mat-30pin-za-lenovo-ideapad-3\/","title":{"rendered":"Ekran N156HGA-EA3 15,6&#8243; FHD IPS Mat 30pin za Lenovo IdeaPad 3"},"content":{"rendered":"<p><strong>Dejanski model LCD ekrana: N156HCA-EAC C2 ali NT156FHM-N43 V8.0 \u2013 popolnoma zdru\u017eljiv z LCD ekranom N156HGA-EA3 REV.C3 \/ SD10W69527 \/ FRU 5D10W69517<\/strong><\/p>\n<p data-start=\"142\" data-end=\"538\">Popolnoma nov <strong data-start=\"202\" data-end=\"235\">nadomestni ekran za prenosnik<\/strong> model <strong data-start=\"242\" data-end=\"296\">N156HGA-EA3 REV.C3 \/ PN SD10W69527, FRU 5D10W69517<\/strong>, zdru\u017eljiv z razli\u010dnimi Lenovo prenosniki, med drugim tudi z <strong data-start=\"358\" data-end=\"385\">Lenovo IdeaPad 3 15ITL6<\/strong>.<br data-start=\"386\" data-end=\"389\" \/>Gre za <strong data-start=\"396\" data-end=\"442\">15,6-pal\u010dni FHD (1920&#215;1080) IPS LCD zaslon<\/strong> z mat premazom proti ble\u0161\u010danju, ki ponuja \u017eivahne barve, ostro sliko in \u0161iroke kote gledanja.<\/p>\n<p data-start=\"540\" data-end=\"767\">Zaslon uporablja <strong data-start=\"557\" data-end=\"580\">30-pin eDP konektor<\/strong>, ima <strong data-start=\"586\" data-end=\"618\">manj\u0161o PCB plo\u0161\u010dico (260 mm)<\/strong> in omogo\u010da enostavno monta\u017eo ter popolno prileganje. Gre za kakovosten <strong data-start=\"690\" data-end=\"704\">OEM zaslon<\/strong>, ki zagotavlja popolno zdru\u017eljivost in zanesljivo delovanje.<\/p>\n<p data-start=\"769\" data-end=\"992\">\u2714\ufe0f 15,6&#8243; FHD (1920&#215;1080)<br data-start=\"793\" data-end=\"796\" \/>\u2714\ufe0f IPS \u2013 \u0161iroki koti gledanja in naravne barve<br data-start=\"842\" data-end=\"845\" \/>\u2714\ufe0f Mat \/ protiodsevna povr\u0161ina<br data-start=\"875\" data-end=\"878\" \/>\u2714\ufe0f eDP 30-pin konektor<br data-start=\"900\" data-end=\"903\" \/>\u2714\ufe0f Manj\u0161a PCB plo\u0161\u010dica (260 mm)<br data-start=\"934\" data-end=\"937\" \/>\u2714\ufe0f 100 % nov, neuporabljen, testiran pred po\u0161iljanjem<\/p>\n<p data-start=\"994\" data-end=\"1072\">Odli\u010den za zamenjavo po\u010dene, utripajo\u010de ali po\u0161kodovane slike na prenosniku.<\/p>\n","protected":false},"excerpt":{"rendered":"<p>15,6&#8243; FHD IPS <strong data-start=\"1141\" data-end=\"1155\">LCD zaslon<\/strong> N156HGA-EA3 REV.C3 \/ SD10W69527 \/ FRU 5D10W69517, mat, 30-pin eDP, manj\u0161a PCB (260 mm). Zdru\u017eljivo z <strong data-start=\"1257\" data-end=\"1284\">Lenovo IdeaPad 3 15ITL6<\/strong> in sorodnimi modeli.<\/p>\n","protected":false},"featured_media":8145,"template":"","meta":[],"product_brand":[],"product_cat":[50],"product_tag":[60],"class_list":{"0":"post-8372","1":"product","2":"type-product","3":"status-publish","4":"has-post-thumbnail","6":"product_cat-15-6","7":"product_tag-lenovo","9":"first","10":"instock","11":"taxable","12":"shipping-taxable","13":"purchasable","14":"product-type-simple"},"_links":{"self":[{"href":"https:\/\/pracek.si\/ekrani-za-prenosnike\/wp-json\/wp\/v2\/product\/8372","targetHints":{"allow":["GET"]}}],"collection":[{"href":"https:\/\/pracek.si\/ekrani-za-prenosnike\/wp-json\/wp\/v2\/product"}],"about":[{"href":"https:\/\/pracek.si\/ekrani-za-prenosnike\/wp-json\/wp\/v2\/types\/product"}],"wp:featuredmedia":[{"embeddable":true,"href":"https:\/\/pracek.si\/ekrani-za-prenosnike\/wp-json\/wp\/v2\/media\/8145"}],"wp:attachment":[{"href":"https:\/\/pracek.si\/ekrani-za-prenosnike\/wp-json\/wp\/v2\/media?parent=8372"}],"wp:term":[{"taxonomy":"product_brand","embeddable":true,"href":"https:\/\/pracek.si\/ekrani-za-prenosnike\/wp-json\/wp\/v2\/product_brand?post=8372"},{"taxonomy":"product_cat","embeddable":true,"href":"https:\/\/pracek.si\/ekrani-za-prenosnike\/wp-json\/wp\/v2\/product_cat?post=8372"},{"taxonomy":"product_tag","embeddable":true,"href":"https:\/\/pracek.si\/ekrani-za-prenosnike\/wp-json\/wp\/v2\/product_tag?post=8372"}],"curies":[{"name":"wp","href":"https:\/\/api.w.org\/{rel}","templated":true}]}}