{"id":8515,"date":"2026-02-18T15:21:38","date_gmt":"2026-02-18T15:21:38","guid":{"rendered":"https:\/\/pracek.si\/ekrani-za-prenosnike\/?post_type=product&#038;p=8515"},"modified":"2026-02-19T12:30:29","modified_gmt":"2026-02-19T12:30:29","slug":"novo-156-lm140lf5l-01-ips-lcd-zaslon-prenosnika-fhd-mat-30pin-brez-dotika","status":"publish","type":"product","link":"https:\/\/pracek.si\/ekrani-za-prenosnike\/product\/novo-156-lm140lf5l-01-ips-lcd-zaslon-prenosnika-fhd-mat-30pin-brez-dotika\/","title":{"rendered":"[Novo] 15,6&#8243; LM140LF5L 01 IPS LCD zaslon prenosnika FHD mat 30Pin brez dotika"},"content":{"rendered":"<p><strong>Dejanski model LCD ekrana:LQ140M1JW62 \u2013 popolnoma zdru\u017eljiv z LCD ekranom LM140LF5L 01<\/strong><\/p>\n<p>Nadgradite ali zamenjajte zaslon svojega prenosnika z novim <strong data-start=\"152\" data-end=\"191\">LM140LF5L 01 15,6&#8243; IPS LCD zaslonom<\/strong>. Z lo\u010dljivostjo Full HD (1920&#215;1080) in mat povr\u0161ino zagotavlja udobno gledanje brez ble\u0161\u010danja v kateremkoli okolju. 30-pinski konektor omogo\u010da enostavno zdru\u017eljivost z razli\u010dnimi prenosniki, medtem ko IPS panel nudi \u017eive barve in \u0161iroke kote gledanja. Idealen za popravilo zlomljenih, razpokanih ali temnih zaslonov \u2013 ta <strong data-start=\"513\" data-end=\"535\">zaslon brez dotika<\/strong> povrne jasnost in zmogljivost va\u0161ega prenosnika. <strong data-start=\"585\" data-end=\"601\">Stanje: Novo<\/strong>.<\/p>\n","protected":false},"excerpt":{"rendered":"<p>Nov 15,6&#8243; LM140LF5L 01 IPS LCD zaslon \u2013 FHD, mat, 30-pin, brez dotika. Popolna zamenjava prenosnika.<\/p>\n","protected":false},"featured_media":8519,"template":"","meta":[],"product_brand":[],"product_cat":[51],"product_tag":[],"class_list":{"0":"post-8515","1":"product","2":"type-product","3":"status-publish","4":"has-post-thumbnail","6":"product_cat-51","8":"first","9":"instock","10":"taxable","11":"shipping-taxable","12":"purchasable","13":"product-type-simple"},"_links":{"self":[{"href":"https:\/\/pracek.si\/ekrani-za-prenosnike\/wp-json\/wp\/v2\/product\/8515","targetHints":{"allow":["GET"]}}],"collection":[{"href":"https:\/\/pracek.si\/ekrani-za-prenosnike\/wp-json\/wp\/v2\/product"}],"about":[{"href":"https:\/\/pracek.si\/ekrani-za-prenosnike\/wp-json\/wp\/v2\/types\/product"}],"wp:featuredmedia":[{"embeddable":true,"href":"https:\/\/pracek.si\/ekrani-za-prenosnike\/wp-json\/wp\/v2\/media\/8519"}],"wp:attachment":[{"href":"https:\/\/pracek.si\/ekrani-za-prenosnike\/wp-json\/wp\/v2\/media?parent=8515"}],"wp:term":[{"taxonomy":"product_brand","embeddable":true,"href":"https:\/\/pracek.si\/ekrani-za-prenosnike\/wp-json\/wp\/v2\/product_brand?post=8515"},{"taxonomy":"product_cat","embeddable":true,"href":"https:\/\/pracek.si\/ekrani-za-prenosnike\/wp-json\/wp\/v2\/product_cat?post=8515"},{"taxonomy":"product_tag","embeddable":true,"href":"https:\/\/pracek.si\/ekrani-za-prenosnike\/wp-json\/wp\/v2\/product_tag?post=8515"}],"curies":[{"name":"wp","href":"https:\/\/api.w.org\/{rel}","templated":true}]}}