{"id":8529,"date":"2026-02-19T12:26:26","date_gmt":"2026-02-19T12:26:26","guid":{"rendered":"https:\/\/pracek.si\/ekrani-za-prenosnike\/?post_type=product&#038;p=8529"},"modified":"2026-02-19T12:26:26","modified_gmt":"2026-02-19T12:26:26","slug":"dell-14-fhd-ips-lcd-zaslon-0r6d86-mat-30-pin-nov-z-lepilnimi-trakovi","status":"publish","type":"product","link":"https:\/\/pracek.si\/ekrani-za-prenosnike\/product\/dell-14-fhd-ips-lcd-zaslon-0r6d86-mat-30-pin-nov-z-lepilnimi-trakovi\/","title":{"rendered":"Dell 14&#8243; FHD IPS LCD zaslon 0R6D86 Mat 30-pin Nov z lepilnimi trakovi"},"content":{"rendered":"<p><strong>Dejanski model LCD ekrana:LQ140M1JW62 \u2013 popolnoma zdru\u017eljiv z LCD ekranom Dell 0R6D86 \/ R6D86<\/strong><\/p>\n<p data-start=\"407\" data-end=\"792\">Zamenjajte po\u0161kodovan ali dotrajan zaslon svojega Dell prenosnika s tem visokokakovostnim 14-pal\u010dnim FHD (1920&#215;1080) IPS LCD zaslonom, model 0R6D86 \/ R6D86. Z mat povr\u0161ino zmanj\u0161uje odseve in omogo\u010da udobno gledanje. 30-pin vmesnik zagotavlja popolno zdru\u017eljivost z va\u0161im prenosnikom, prilo\u017eeni lepilni trakovi pa omogo\u010dajo hitro in varno namestitev.<\/p>\n<p data-start=\"794\" data-end=\"1046\">Ta nov zaslon nudi \u017eivahne barve, \u0161iroke kote gledanja in zanesljivo delovanje, kar ga naredi idealno re\u0161itev za vsakogar, ki \u017eeli brezskrbno zamenjati zaslon. Obnovite prvotno vizualno kakovost svojega prenosnika s tem premium zaslonom za zamenjavo.<\/p>\n","protected":false},"excerpt":{"rendered":"<p>Nadgradite svoj Dell prenosnik z novim 14&#8243; FHD IPS LCD zaslonom (0R6D86). Mat zaklju\u010dek, 30-pin konektor in prilo\u017eeni lepilni trakovi za enostavno namestitev. Idealna zamenjava za jasen in kakovosten zaslon.<\/p>\n","protected":false},"featured_media":8519,"template":"","meta":[],"product_brand":[],"product_cat":[51],"product_tag":[],"class_list":{"0":"post-8529","1":"product","2":"type-product","3":"status-publish","4":"has-post-thumbnail","6":"product_cat-51","8":"first","9":"instock","10":"taxable","11":"shipping-taxable","12":"purchasable","13":"product-type-simple"},"_links":{"self":[{"href":"https:\/\/pracek.si\/ekrani-za-prenosnike\/wp-json\/wp\/v2\/product\/8529","targetHints":{"allow":["GET"]}}],"collection":[{"href":"https:\/\/pracek.si\/ekrani-za-prenosnike\/wp-json\/wp\/v2\/product"}],"about":[{"href":"https:\/\/pracek.si\/ekrani-za-prenosnike\/wp-json\/wp\/v2\/types\/product"}],"wp:featuredmedia":[{"embeddable":true,"href":"https:\/\/pracek.si\/ekrani-za-prenosnike\/wp-json\/wp\/v2\/media\/8519"}],"wp:attachment":[{"href":"https:\/\/pracek.si\/ekrani-za-prenosnike\/wp-json\/wp\/v2\/media?parent=8529"}],"wp:term":[{"taxonomy":"product_brand","embeddable":true,"href":"https:\/\/pracek.si\/ekrani-za-prenosnike\/wp-json\/wp\/v2\/product_brand?post=8529"},{"taxonomy":"product_cat","embeddable":true,"href":"https:\/\/pracek.si\/ekrani-za-prenosnike\/wp-json\/wp\/v2\/product_cat?post=8529"},{"taxonomy":"product_tag","embeddable":true,"href":"https:\/\/pracek.si\/ekrani-za-prenosnike\/wp-json\/wp\/v2\/product_tag?post=8529"}],"curies":[{"name":"wp","href":"https:\/\/api.w.org\/{rel}","templated":true}]}}