{"id":8530,"date":"2026-02-19T12:35:59","date_gmt":"2026-02-19T12:35:59","guid":{"rendered":"https:\/\/pracek.si\/ekrani-za-prenosnike\/?post_type=product&#038;p=8530"},"modified":"2026-02-19T12:36:00","modified_gmt":"2026-02-19T12:36:00","slug":"dell-0wcdhx-14-fhd-ips-lcd-zaslon-prenosnika-mat-nov-s-samolepilnimi","status":"publish","type":"product","link":"https:\/\/pracek.si\/ekrani-za-prenosnike\/product\/dell-0wcdhx-14-fhd-ips-lcd-zaslon-prenosnika-mat-nov-s-samolepilnimi\/","title":{"rendered":"Dell 0WCDHX 14&#8243; FHD IPS LCD zaslon prenosnika mat nov s samolepilnimi"},"content":{"rendered":"<p><strong>Dejanski model LCD ekrana:LQ140M1JW62 \u2013 popolnoma zdru\u017eljiv z LCD ekranom Dell 0WCDHX \/ WCDHX<\/strong><\/p>\n<p data-start=\"467\" data-end=\"747\">Podarite svojemu Dell prenosniku sve\u017e in \u017eivahen zaslon z <strong data-start=\"558\" data-end=\"620\">novo 14-pal\u010dno FHD IPS LCD matrico (model: 0WCDHX \/ WCDHX)<\/strong>. Zaslon je zasnovan za ostre slike in pristne barve ter ima <strong data-start=\"681\" data-end=\"702\">matirano povr\u0161ino<\/strong>, ki zmanj\u0161uje ble\u0161\u010danje in utrujenost o\u010di.<\/p>\n<ul data-start=\"749\" data-end=\"1089\">\n<li data-start=\"749\" data-end=\"784\">\n<p data-start=\"751\" data-end=\"784\"><strong data-start=\"751\" data-end=\"772\">Velikost zaslona:<\/strong> 14 palcev<\/p>\n<\/li>\n<li data-start=\"785\" data-end=\"824\">\n<p data-start=\"787\" data-end=\"824\"><strong data-start=\"787\" data-end=\"802\">Lo\u010dljivost:<\/strong> Full HD (1920&#215;1080)<\/p>\n<\/li>\n<li data-start=\"825\" data-end=\"885\">\n<p data-start=\"827\" data-end=\"885\"><strong data-start=\"827\" data-end=\"842\">Tip panela:<\/strong> IPS \u2013 \u0161iroki vidni koti in \u017eivahne barve<\/p>\n<\/li>\n<li data-start=\"886\" data-end=\"913\">\n<p data-start=\"888\" data-end=\"913\"><strong data-start=\"888\" data-end=\"901\">Konektor:<\/strong> 30-pinski<\/p>\n<\/li>\n<li data-start=\"914\" data-end=\"953\">\n<p data-start=\"916\" data-end=\"953\"><strong data-start=\"916\" data-end=\"929\">Povr\u0161ina:<\/strong> Matirana (protiglare)<\/p>\n<\/li>\n<li data-start=\"954\" data-end=\"1026\">\n<p data-start=\"956\" data-end=\"1026\"><strong data-start=\"956\" data-end=\"971\">Namestitev:<\/strong> Vklju\u010deni samolepilni trakovi za enostavno zamenjavo<\/p>\n<\/li>\n<li data-start=\"1027\" data-end=\"1089\">\n<p data-start=\"1029\" data-end=\"1089\"><strong data-start=\"1029\" data-end=\"1040\">Stanje:<\/strong> Povsem nov, testiran in pripravljen za monta\u017eo<\/p>\n<\/li>\n<\/ul>\n<p data-start=\"1091\" data-end=\"1296\">Idealno za zamenjavo po\u0161kodovanih, razbitih ali nefunkcionalnih zaslonov \u2013 ta zaslon bo va\u0161 prenosnik spet naredil kot nov. Hitro name\u0161\u010danje z vklju\u010denimi lepilnimi trakovi omogo\u010da brezskrbno nadgradnjo.<\/p>\n","protected":false},"excerpt":{"rendered":"<p>Nadgradite svoj Dell prenosnik z novim 14&#8243; FHD IPS LCD zaslonom (0WCDHX). Matirana povr\u0161ina zmanj\u0161uje odseve, 30-pinski konektor omogo\u010da enostavno zdru\u017eljivost, vklju\u010dno so samolepilne trakove za hitro namestitev. Popolna zamenjava za jasen in \u017eivahen zaslon.<\/p>\n","protected":false},"featured_media":8519,"template":"","meta":[],"product_brand":[],"product_cat":[51],"product_tag":[],"class_list":{"0":"post-8530","1":"product","2":"type-product","3":"status-publish","4":"has-post-thumbnail","6":"product_cat-51","8":"first","9":"instock","10":"taxable","11":"shipping-taxable","12":"purchasable","13":"product-type-simple"},"_links":{"self":[{"href":"https:\/\/pracek.si\/ekrani-za-prenosnike\/wp-json\/wp\/v2\/product\/8530","targetHints":{"allow":["GET"]}}],"collection":[{"href":"https:\/\/pracek.si\/ekrani-za-prenosnike\/wp-json\/wp\/v2\/product"}],"about":[{"href":"https:\/\/pracek.si\/ekrani-za-prenosnike\/wp-json\/wp\/v2\/types\/product"}],"wp:featuredmedia":[{"embeddable":true,"href":"https:\/\/pracek.si\/ekrani-za-prenosnike\/wp-json\/wp\/v2\/media\/8519"}],"wp:attachment":[{"href":"https:\/\/pracek.si\/ekrani-za-prenosnike\/wp-json\/wp\/v2\/media?parent=8530"}],"wp:term":[{"taxonomy":"product_brand","embeddable":true,"href":"https:\/\/pracek.si\/ekrani-za-prenosnike\/wp-json\/wp\/v2\/product_brand?post=8530"},{"taxonomy":"product_cat","embeddable":true,"href":"https:\/\/pracek.si\/ekrani-za-prenosnike\/wp-json\/wp\/v2\/product_cat?post=8530"},{"taxonomy":"product_tag","embeddable":true,"href":"https:\/\/pracek.si\/ekrani-za-prenosnike\/wp-json\/wp\/v2\/product_tag?post=8530"}],"curies":[{"name":"wp","href":"https:\/\/api.w.org\/{rel}","templated":true}]}}