{"id":100090,"date":"2026-04-04T10:18:13","date_gmt":"2026-04-04T09:18:13","guid":{"rendered":"https:\/\/pracek.si\/racunalniskatrgovina\/izdelek\/racunalnik-hp-proone-440-g9-aio-i7-14700t-i7-ram-8-gb-ssd-disk\/"},"modified":"2026-04-04T10:18:19","modified_gmt":"2026-04-04T09:18:19","slug":"racunalnik-hp-proone-440-g9-aio-i7-14700t-i7-ram-8-gb-ssd-disk","status":"publish","type":"product","link":"https:\/\/pracek.si\/racunalniskatrgovina\/izdelek\/racunalnik-hp-proone-440-g9-aio-i7-14700t-i7-ram-8-gb-ssd-disk\/","title":{"rendered":"Ra\u010dunalnik HP ProOne 440 G9 AiO | i7-14700T \/ i7 \/ RAM 8 GB \/ SSD Disk"},"content":{"rendered":"<p>HP ProOne 440 G9 AiO je elegantna naprava, ki zdru\u017euje funkcionalnost in estetiko v enovitem ohi\u0161ju. Zasnovan je tako, da zagotavlja izjemno uporabni\u0161ko izku\u0161njo za zaposlene v pisarni ali doma\u010de uporabnike, ki i\u0161\u010dejo zanesljivo in u\u010dinkovito delovno postajo.<\/p>\n<p>&lt;H2&gt;Najve\u010dje prednosti&lt;\/H2&gt;<br \/>\n&lt;ul&gt;<br \/>\n  &lt;li&gt;23,8-pal\u010dni FHD IPS zaslon ponuja briljantno sliko za ve\u010dopravilnost in u\u017eivanje v vizualnih vsebinah&lt;\/li&gt;<br \/>\n  &lt;li&gt;&lt;b&gt;Visoko zmogljiv procesor&lt;\/b&gt; zagotavlja gladko delovanje pri najzahtevnej\u0161ih aplikacijah&lt;\/li&gt;<br \/>\n  &lt;li&gt;SSD disk s podporo za NVMe omogo\u010da bliskovite hitrosti prenosa podatkov, kar izbolj\u0161a produktivnost&lt;\/li&gt;<br \/>\n  &lt;li&gt;Pove\u017eite se s \u0161tevilnimi napravami prek vmesnikov USB-A in USB-C ter izhodov DisplayPort in HDMI&lt;\/li&gt;<br \/>\n&lt;\/ul&gt;<\/p>\n<p>&lt;H2&gt;Kdo kupuje ta izdelek&lt;\/H2&gt;<br \/>\nTa model je idealna izbira za profesionalce, \u0161tudente in vse, ki potrebujejo zanesljiv ra\u010dunalnik za vsakodnevno uporabo. Dovolj je zmogljiv za izvajanje ve\u010dopravilnosti, pisarni\u0161ke programske opreme in je primeren za vse, ki \u017eelijo prihraniti prostor na delovni povr\u0161ini zaradi kompaktnega vse-v-enem dizajna.<\/p>\n<p>&lt;H2&gt;Mo\u017enosti nadgradnje&lt;\/H2&gt;<br \/>\nHP ProOne 440 G9 omogo\u010da enostavno nadgradnjo diska in pomnilnika, kar zagotavlja dolgoro\u010dno uporabnost in fleksibilnost naprave. Prilagodite shranjevanje in hitrost delovanja nara\u0161\u010dajo\u010dim potrebam. &lt;b&gt;Pred izvedbo nadgradnje se vedno posvetujte s strokovnjakom.&lt;\/b&gt;<\/p>\n<p>&lt;H2&gt;Zakaj izbrati obnovljeno napravo&lt;\/H2&gt;<br \/>\nIzbira obnovljene naprave pomeni pridobiti &lt;b&gt;kakovostno re\u0161itev&lt;\/b&gt; po dostopni ceni. Na\u0161e strokovno obnovljene naprave so podvr\u017eene strogim standardom kakovosti za zagotavljanje odli\u010dnega delovanja. S tem pripomorete tudi k varovanju okolja z zmanj\u0161evanjem elektronskega odpadka in izkori\u0161\u010danjem virov na bolj odgovoren na\u010din.&lt;h2&gt;Odprta embala\u017ea&lt;\/h2&gt;&#13;<br \/>\n&lt;p&gt;Skoraj nobenih znakov obrabe. Tovarni\u0161ka kvaliteta. V ve\u010dini primerov gre za prese\u017eek proizvodnje in neprodane zaloge, pri katerih razlike v primerjavi z novimi napravami niso opazne.&lt;\/p&gt;&#13;<\/p>\n","protected":false},"excerpt":{"rendered":"<p>Intel\u00a0Core\u00a0i7-14700T (1,30\u00a0GHz), 60,45 cm (23,8&#8221;) FHD (1920&#215;1080) IPS LED, 8 GB DDR5-4800, SSD 512\u00a0GB M.2 PCIe NVMe, Intel UHD Graphics 770 (IGP), 1x DisplayPort, 1x HDMI, no ODD, 3x USB-A 3.2 Gen2 (10 Gbps), 1x USB-C 3.2 (10 Gbps), 2x USB-A 3.2 Gen1 (5 Gbps), Gb LAN, No WebCam, Free DOS<\/p>\n","protected":false},"featured_media":100092,"template":"","meta":[],"product_brand":[26],"product_cat":[1287,1286,1218,1961],"product_tag":[1811],"class_list":{"0":"post-100090","1":"product","2":"type-product","3":"status-publish","4":"has-post-thumbnail","6":"product_brand-hewlett-packard","7":"product_cat-hp-racunalniki","8":"product_cat-priljubljena-iskanja","9":"product_cat-racunalniki","10":"product_cat-racunalniki-za-poslovno-uporabo","11":"product_tag-pp","12":"pa_odgovorna-oseba-v-eu-hp-tehnicna-regulativna-ekipa","14":"first","15":"instock","16":"taxable","17":"shipping-taxable","18":"purchasable","19":"product-type-simple"},"_links":{"self":[{"href":"https:\/\/pracek.si\/racunalniskatrgovina\/wp-json\/wp\/v2\/product\/100090","targetHints":{"allow":["GET"]}}],"collection":[{"href":"https:\/\/pracek.si\/racunalniskatrgovina\/wp-json\/wp\/v2\/product"}],"about":[{"href":"https:\/\/pracek.si\/racunalniskatrgovina\/wp-json\/wp\/v2\/types\/product"}],"version-history":[{"count":1,"href":"https:\/\/pracek.si\/racunalniskatrgovina\/wp-json\/wp\/v2\/product\/100090\/revisions"}],"predecessor-version":[{"id":100091,"href":"https:\/\/pracek.si\/racunalniskatrgovina\/wp-json\/wp\/v2\/product\/100090\/revisions\/100091"}],"wp:featuredmedia":[{"embeddable":true,"href":"https:\/\/pracek.si\/racunalniskatrgovina\/wp-json\/wp\/v2\/media\/100092"}],"wp:attachment":[{"href":"https:\/\/pracek.si\/racunalniskatrgovina\/wp-json\/wp\/v2\/media?parent=100090"}],"wp:term":[{"taxonomy":"product_brand","embeddable":true,"href":"https:\/\/pracek.si\/racunalniskatrgovina\/wp-json\/wp\/v2\/product_brand?post=100090"},{"taxonomy":"product_cat","embeddable":true,"href":"https:\/\/pracek.si\/racunalniskatrgovina\/wp-json\/wp\/v2\/product_cat?post=100090"},{"taxonomy":"product_tag","embeddable":true,"href":"https:\/\/pracek.si\/racunalniskatrgovina\/wp-json\/wp\/v2\/product_tag?post=100090"}],"curies":[{"name":"wp","href":"https:\/\/api.w.org\/{rel}","templated":true}]}}